-- https://www.phpmyadmin.net/
--

START TRANSACTION;



--
-- Database: `pusatpan_smmid`
--

-- --------------------------------------------------------

--
-- Table structure for table `balance_logs`
--

CREATE TABLE `balance_logs` (
  `id` int(10) UNSIGNED NOT NULL,
  `user_id` int(10) UNSIGNED NOT NULL,
  `type` enum('credit','debit') NOT NULL COMMENT 'Tipe mutasi: credit (bertambah), debit (berkurang)',
  `category` enum('deposit','order_placement','order_refund','admin_adjustment','other') NOT NULL COMMENT 'Kategori transaksi penyebab mutasi',
  `amount` decimal(15,2) NOT NULL COMMENT 'Jumlah saldo yang dimutasikan',
  `balance_before` decimal(15,2) NOT NULL COMMENT 'Saldo sebelum mutasi',
  `balance_after` decimal(15,2) NOT NULL COMMENT 'Saldo setelah mutasi',
  `description` varchar(255) DEFAULT NULL COMMENT 'Deskripsi singkat transaksi',
  `reference_id` varchar(100) DEFAULT NULL COMMENT 'ID referensi (misal: ID Pesanan, ID Deposit)',
  `source` enum('web','api','cron','admin') NOT NULL DEFAULT 'web' COMMENT 'Sumber aksi yang menyebabkan mutasi',
  `created_at` timestamp NOT NULL DEFAULT current_timestamp()
) ENGINE=InnoDB DEFAULT CHARSET=utf8mb4 COLLATE=utf8mb4_unicode_ci COMMENT='Mencatat semua mutasi saldo pengguna';

--
-- Dumping data for table `balance_logs`
--

INSERT INTO `balance_logs` (`id`, `user_id`, `type`, `category`, `amount`, `balance_before`, `balance_after`, `description`, `reference_id`, `source`, `created_at`) VALUES
(1, 16, 'credit', 'admin_adjustment', 1900000.00, 100000.00, 2000000.00, 'Penyesuaian saldo oleh Admin (agumdarmawan).', '1', 'admin', '2025-05-19 13:37:31');

-- --------------------------------------------------------

--
-- Table structure for table `categories`
--

CREATE TABLE `categories` (
  `id` int(10) UNSIGNED NOT NULL,
  `name` varchar(100) NOT NULL,
  `icon_class` varchar(50) DEFAULT NULL,
  `status` enum('active','inactive') NOT NULL DEFAULT 'active',
  `created_at` timestamp NULL DEFAULT current_timestamp(),
  `updated_at` timestamp NULL DEFAULT current_timestamp() ON UPDATE current_timestamp()
) ENGINE=InnoDB DEFAULT CHARSET=utf8mb4 COLLATE=utf8mb4_unicode_ci;

--
-- Dumping data for table `categories`
--

INSERT INTO `categories` (`id`, `name`, `icon_class`, `status`, `created_at`, `updated_at`) VALUES
(1, 'Facebook Followers FanPage / Page', 'fab fa-facebook', 'active', '2025-04-22 06:28:15', '2025-04-22 06:28:15'),
(2, 'Facebook Followers Profile', 'fab fa-facebook', 'active', '2025-04-22 06:28:15', '2025-04-22 06:28:15'),
(3, 'Facebook Post Likes', 'fab fa-facebook', 'active', '2025-04-22 06:28:15', '2025-04-22 06:28:15'),
(4, 'Facebook Share', 'fab fa-facebook', 'active', '2025-04-22 06:28:15', '2025-04-22 06:28:15'),
(5, 'Facebook Video Views', 'fab fa-facebook', 'active', '2025-04-22 06:28:15', '2025-04-22 06:28:15'),
(6, 'Instagram Followers Indonesia', 'fab fa-instagram', 'active', '2025-04-22 06:28:15', '2025-04-22 06:28:15'),
(7, 'Instagram Followers No Refill', 'fab fa-instagram', 'active', '2025-04-22 06:28:15', '2025-04-22 06:28:15'),
(8, 'Instagram Followers Refill', 'fab fa-instagram', 'active', '2025-04-22 06:28:15', '2025-04-22 06:28:15'),
(9, 'Instagram Followers Refill Lifetime', 'fab fa-instagram', 'active', '2025-04-22 06:28:15', '2025-04-22 06:28:15'),
(10, 'Instagram Followers Refill ✨Rekomendasi✨', 'fab fa-instagram', 'active', '2025-04-22 06:28:15', '2025-04-22 06:28:15'),
(11, 'Instagram Likes', 'fab fa-instagram', 'active', '2025-04-22 06:28:15', '2025-04-22 06:28:15'),
(12, 'Instagram Likes Indonesia', 'fab fa-instagram', 'active', '2025-04-22 06:28:15', '2025-04-22 06:28:15'),
(13, 'Instagram Share', 'fab fa-instagram', 'active', '2025-04-22 06:28:15', '2025-04-22 06:28:15'),
(14, 'Instagram Views', 'fab fa-instagram', 'active', '2025-04-22 06:28:15', '2025-04-22 06:28:15'),
(15, 'Telegram Channel Member', 'fab fa-telegram-plane', 'active', '2025-04-22 06:28:15', '2025-04-22 06:28:15'),
(16, 'Telegram Reactions', 'fab fa-telegram-plane', 'active', '2025-04-22 06:28:15', '2025-04-22 06:28:15'),
(17, 'Telegram Views', 'fab fa-telegram-plane', 'active', '2025-04-22 06:28:15', '2025-04-22 06:28:15'),
(18, 'Tiktok Followers No Refill', 'fab fa-tiktok', 'active', '2025-04-22 06:28:15', '2025-04-22 06:28:15'),
(19, 'Tiktok Followers Refill', 'fab fa-tiktok', 'active', '2025-04-22 06:28:15', '2025-04-22 06:28:15'),
(20, 'Tiktok Indonesia (Followers,Likes,Share,Views)✨', 'fab fa-tiktok', 'active', '2025-04-22 06:28:15', '2025-04-22 06:28:15'),
(21, 'Tiktok Likes', 'fab fa-tiktok', 'active', '2025-04-22 06:28:15', '2025-04-22 06:28:15'),
(22, 'Tiktok Live Stream Server Aurora', 'fab fa-tiktok', 'active', '2025-04-22 06:28:15', '2025-04-22 06:28:15'),
(23, 'Tiktok Live Stream Server Orion', 'fab fa-tiktok', 'active', '2025-04-22 06:28:15', '2025-04-22 06:28:15'),
(24, 'Tiktok Live Stream Server Velocity', 'fab fa-tiktok', 'active', '2025-04-22 06:28:15', '2025-04-22 06:28:15'),
(25, 'Tiktok Save', 'fab fa-tiktok', 'active', '2025-04-22 06:28:15', '2025-04-22 06:28:15'),
(26, 'Tiktok Share', 'fab fa-tiktok', 'active', '2025-04-22 06:28:15', '2025-04-22 06:28:15'),
(27, 'Tiktok Views', 'fab fa-tiktok', 'active', '2025-04-22 06:28:15', '2025-04-22 06:28:15'),
(28, 'Youtube Subscribers', 'fab fa-youtube', 'active', '2025-04-22 06:28:15', '2025-04-22 06:28:15'),
(29, 'Youtube Views', 'fab fa-youtube', 'active', '2025-04-22 06:28:15', '2025-04-22 06:28:15'),
(30, '🛒 Shopee Followers Indonesia', 'fas fa-shopping-bag', 'active', '2025-04-22 06:28:15', '2025-04-22 06:28:15');

-- --------------------------------------------------------

--
-- Table structure for table `deposits`
--

CREATE TABLE `deposits` (
  `id` int(11) NOT NULL,
  `user_id` int(10) UNSIGNED NOT NULL,
  `deposit_method_id` int(11) NOT NULL,
  `deposit_id` varchar(100) NOT NULL COMMENT 'ID Deposit unik yang dibuat oleh sistem Anda',
  `paydisini_pay_id` varchar(50) DEFAULT NULL COMMENT 'ID Transaksi dari PayDisini',
  `paydisini_unique_code` varchar(50) DEFAULT NULL COMMENT 'Kode Unik dari PayDisini (jika berbeda)',
  `amount` decimal(15,2) NOT NULL COMMENT 'Jumlah yang diminta user',
  `bonus` decimal(15,2) NOT NULL DEFAULT 0.00 COMMENT 'Jumlah bonus yang didapat',
  `received_amount` decimal(15,2) NOT NULL COMMENT 'Jumlah saldo yang akan diterima user (amount + bonus) * rate',
  `status` enum('pending','processing','success','canceled','failed') NOT NULL DEFAULT 'pending' COMMENT 'Status deposit',
  `payment_details` text DEFAULT NULL COMMENT 'Detail pembayaran dari gateway (JSON)',
  `checkout_url` varchar(255) DEFAULT NULL COMMENT 'URL Checkout dari Payment Gateway',
  `payment_number` varchar(100) DEFAULT NULL COMMENT 'Nomor VA atau Kode Pembayaran Retail',
  `qr_code_url` varchar(255) DEFAULT NULL COMMENT 'URL Gambar QR Code',
  `note` text DEFAULT NULL COMMENT 'Catatan internal atau dari callback',
  `created_at` timestamp NOT NULL DEFAULT current_timestamp(),
  `updated_at` timestamp NOT NULL DEFAULT current_timestamp() ON UPDATE current_timestamp(),
  `expired_at` timestamp NULL DEFAULT NULL COMMENT 'Waktu kedaluwarsa pembayaran'
) ENGINE=InnoDB DEFAULT CHARSET=utf8mb4 COLLATE=utf8mb4_general_ci COMMENT='Mencatat transaksi deposit pengguna';

--
-- Dumping data for table `deposits`
--

INSERT INTO `deposits` (`id`, `user_id`, `deposit_method_id`, `deposit_id`, `paydisini_pay_id`, `paydisini_unique_code`, `amount`, `bonus`, `received_amount`, `status`, `payment_details`, `checkout_url`, `payment_number`, `qr_code_url`, `note`, `created_at`, `updated_at`, `expired_at`) VALUES
(1, 16, 9, 'INV1746625613132', '6163837', 'INV1746625613132', 100000.00, 0.00, 100000.00, 'pending', '{\"paydisini_pay_id\":6163837,\"unique_code\":\"INV1746625613132\",\"service_name\":\"Virtual Account Bank BCA\",\"amount_paydisini\":100000,\"fee\":4900,\"balance_received_paydisini\":95100,\"payment_number\":\"1551479600005692\",\"qr_code_url\":null,\"checkout_url\":\"https:\\/\\/payment.paydisini.co.id\\/v3\\/?info=PTBuSXlNVE16RWpOMUlqTjJRek54WWxUSkppT2lVR1p2TjJYbFZYY3A1V2Rpd2lJeVFqSTZJQ1pwSnll\",\"payment_guide\":[{\"title\":\"Cara Bayar via ATM\",\"content\":[\"Masukkan kartu ATM dan PIN kamu\",\"Pilih Menu Transaksi Lainnya\",\"Pilih Transfer\",\"Pilih Ke rekening BCA Virtual Account\",\"Masukkan Nomor Virtual Account, (contoh: 123456789012XXXX)\",\"Pilih Benar\",\"Pilih Ya\",\"Ambil struk pembayaran kamu\",\"Pembayaran selesai\"],\"last_update\":\"2023-11-11 09:26:11\"},{\"title\":\"Cara Bayar via Mobile Banking\",\"content\":[\"Login Mobile Banking\",\"Pilih m-Transfer\",\"Pilih BCA Virtual Account\",\"Masukkan Nomor Virtual Account, (contoh: 123456789012XXXX) sebagai No. Virtual Account\",\"Klik Kirim\",\"Informasi Virtual Account akan ditampilkan\",\"Klik OK\",\"Masukkan PIN Mobile Banking\",\"Struk pembayaran ditampilkan\",\"Pembayaran selesai\"],\"last_update\":\"2023-11-11 09:26:11\"},{\"title\":\"Cara Bayar via Internet Banking\",\"content\":[\"Login Internet Banking\",\"Pilih Transaksi Dana\",\"Pilih Transfer Ke BCA Virtual Account\",\"Masukkan Nomor Virtual Account, (contoh: 123456789012XXXX) sebagai No. Virtual Account\",\"Klik Lanjutkan\",\"Masukkan Respon KeyBCA Appli 1\",\"Klik Kirim\",\"Struk pembayaran ditampilkan\",\"Pembayaran selesai\"],\"last_update\":\"2023-11-11 09:27:28\"}]}', 'https://payment.paydisini.co.id/v3/?info=PTBuSXlNVE16RWpOMUlqTjJRek54WWxUSkppT2lVR1p2TjJYbFZYY3A1V2Rpd2lJeVFqSTZJQ1pwSnll', '1551479600005692', NULL, NULL, '2025-05-07 13:46:56', '2025-05-07 13:46:56', '2025-05-07 14:46:54'),
(2, 16, 9, 'INV1746632815864', '6166167', 'INV1746632815864', 100000.00, 0.00, 100000.00, 'pending', '{\"paydisini_pay_id\":6166167,\"unique_code\":\"INV1746632815864\",\"service_name\":\"Virtual Account Bank BCA\",\"amount_paydisini\":100000,\"fee\":4900,\"balance_received_paydisini\":95100,\"payment_number\":\"1551479600005700\",\"qr_code_url\":null,\"checkout_url\":\"https:\\/\\/payment.paydisini.co.id\\/v3\\/?info=PTBuSTBZRE8xRURPeU1qTjJRek54WWxUSkppT2lVR1p2TjJYbFZYY3A1V2Rpd2lJeVFqSTZJQ1pwSnll\",\"payment_guide\":[{\"title\":\"Cara Bayar via ATM\",\"content\":[\"Masukkan kartu ATM dan PIN kamu\",\"Pilih Menu Transaksi Lainnya\",\"Pilih Transfer\",\"Pilih Ke rekening BCA Virtual Account\",\"Masukkan Nomor Virtual Account, (contoh: 123456789012XXXX)\",\"Pilih Benar\",\"Pilih Ya\",\"Ambil struk pembayaran kamu\",\"Pembayaran selesai\"],\"last_update\":\"2023-11-11 09:26:11\"},{\"title\":\"Cara Bayar via Mobile Banking\",\"content\":[\"Login Mobile Banking\",\"Pilih m-Transfer\",\"Pilih BCA Virtual Account\",\"Masukkan Nomor Virtual Account, (contoh: 123456789012XXXX) sebagai No. Virtual Account\",\"Klik Kirim\",\"Informasi Virtual Account akan ditampilkan\",\"Klik OK\",\"Masukkan PIN Mobile Banking\",\"Struk pembayaran ditampilkan\",\"Pembayaran selesai\"],\"last_update\":\"2023-11-11 09:26:11\"},{\"title\":\"Cara Bayar via Internet Banking\",\"content\":[\"Login Internet Banking\",\"Pilih Transaksi Dana\",\"Pilih Transfer Ke BCA Virtual Account\",\"Masukkan Nomor Virtual Account, (contoh: 123456789012XXXX) sebagai No. Virtual Account\",\"Klik Lanjutkan\",\"Masukkan Respon KeyBCA Appli 1\",\"Klik Kirim\",\"Struk pembayaran ditampilkan\",\"Pembayaran selesai\"],\"last_update\":\"2023-11-11 09:27:28\"}]}', 'https://payment.paydisini.co.id/v3/?info=PTBuSTBZRE8xRURPeU1qTjJRek54WWxUSkppT2lVR1p2TjJYbFZYY3A1V2Rpd2lJeVFqSTZJQ1pwSnll', '1551479600005700', NULL, NULL, '2025-05-07 15:46:59', '2025-05-07 15:46:59', '2025-05-07 16:46:56'),
(3, 16, 18, 'INV1746647163740', '6168659', 'INV1746647163740', 100000.00, 0.00, 100000.00, 'pending', '{\"paydisini_pay_id\":6168659,\"unique_code\":\"INV1746647163740\",\"service_name\":\"QRIS Merchant PayDisini\",\"amount_paydisini\":100000,\"fee\":700,\"balance_received_paydisini\":99300,\"payment_number\":null,\"qr_code_url\":\"https:\\/\\/paydisini.co.id\\/payment\\/qrcode.php?unique_code=INV1746647163740&merchant=42\",\"checkout_url\":\"https:\\/\\/payment.paydisini.co.id\\/v3\\/?info=PTBuSXdRek56WVRNM1FqTjJRek54WWxUSkppT2lVR1p2TjJYbFZYY3A1V2Rpd2lJeVFqSTZJQ1pwSnll\",\"payment_guide\":[{\"title\":\"Langkah pembayaran dengan QRIS\",\"content\":[\"Buka aplikasi yang mendukung pembayaran dengan QRIS\",\"Pilih fitur QRIS \\/ Bayar\",\"Pindai kode QR yang diberikan oleh Merchant\",\"Pastikan tagihan yang ditagihkan sesuai\",\"Klik tombol Konfirmasi\",\"Masukkan PIN untuk menyelesaikan pembayaran\",\"Setelah pembayaran berhasil, kamu akan dialihkan ke Halaman Hasil Pembayaran\"],\"last_update\":\"2023-11-11 09:21:30\"}]}', 'https://payment.paydisini.co.id/v3/?info=PTBuSXdRek56WVRNM1FqTjJRek54WWxUSkppT2lVR1p2TjJYbFZYY3A1V2Rpd2lJeVFqSTZJQ1pwSnll', NULL, 'https://paydisini.co.id/payment/qrcode.php?unique_code=INV1746647163740&merchant=42', NULL, '2025-05-07 19:46:05', '2025-05-07 19:46:05', '2025-05-07 20:46:04'),
(4, 16, 9, 'INV1746784553942', '6195529', 'INV1746784553942', 10000.00, 0.00, 10000.00, 'pending', '{\"paydisini_pay_id\":6195529,\"unique_code\":\"INV1746784553942\",\"service_name\":\"Virtual Account Bank BCA\",\"amount_paydisini\":10000,\"fee\":4900,\"balance_received_paydisini\":5100,\"payment_number\":\"1551479600005800\",\"qr_code_url\":null,\"checkout_url\":\"https:\\/\\/payment.paydisini.co.id\\/v3\\/?info=PTBuSXlRVE96VVROMGd6TjJRek54WWxUSkppT2lVR1p2TjJYbFZYY3A1V2Rpd2lJeVFqSTZJQ1pwSnll\",\"payment_guide\":[{\"title\":\"Cara Bayar via ATM\",\"content\":[\"Masukkan kartu ATM dan PIN kamu\",\"Pilih Menu Transaksi Lainnya\",\"Pilih Transfer\",\"Pilih Ke rekening BCA Virtual Account\",\"Masukkan Nomor Virtual Account, (contoh: 123456789012XXXX)\",\"Pilih Benar\",\"Pilih Ya\",\"Ambil struk pembayaran kamu\",\"Pembayaran selesai\"],\"last_update\":\"2023-11-11 09:26:11\"},{\"title\":\"Cara Bayar via Mobile Banking\",\"content\":[\"Login Mobile Banking\",\"Pilih m-Transfer\",\"Pilih BCA Virtual Account\",\"Masukkan Nomor Virtual Account, (contoh: 123456789012XXXX) sebagai No. Virtual Account\",\"Klik Kirim\",\"Informasi Virtual Account akan ditampilkan\",\"Klik OK\",\"Masukkan PIN Mobile Banking\",\"Struk pembayaran ditampilkan\",\"Pembayaran selesai\"],\"last_update\":\"2023-11-11 09:26:11\"},{\"title\":\"Cara Bayar via Internet Banking\",\"content\":[\"Login Internet Banking\",\"Pilih Transaksi Dana\",\"Pilih Transfer Ke BCA Virtual Account\",\"Masukkan Nomor Virtual Account, (contoh: 123456789012XXXX) sebagai No. Virtual Account\",\"Klik Lanjutkan\",\"Masukkan Respon KeyBCA Appli 1\",\"Klik Kirim\",\"Struk pembayaran ditampilkan\",\"Pembayaran selesai\"],\"last_update\":\"2023-11-11 09:27:28\"}]}', 'https://payment.paydisini.co.id/v3/?info=PTBuSXlRVE96VVROMGd6TjJRek54WWxUSkppT2lVR1p2TjJYbFZYY3A1V2Rpd2lJeVFqSTZJQ1pwSnll', '1551479600005800', NULL, NULL, '2025-05-09 09:55:57', '2025-05-09 09:55:57', '2025-05-09 10:55:56'),
(5, 16, 9, 'INV1746786975623', '6196537', 'INV1746786975623', 100000.00, 0.00, 100000.00, 'success', '{\"paydisini_pay_id\":6196537,\"unique_code\":\"INV1746786975623\",\"service_name\":\"Virtual Account Bank BCA\",\"amount_paydisini\":100000,\"fee\":4900,\"balance_received_paydisini\":95100,\"payment_number\":\"1551479600005808\",\"qr_code_url\":null,\"checkout_url\":\"https:\\/\\/payment.paydisini.co.id\\/v3\\/?info=PTBuSXpJak4xY1RPMmd6TjJRek54WWxUSkppT2lVR1p2TjJYbFZYY3A1V2Rpd2lJeVFqSTZJQ1pwSnll\",\"payment_guide\":[{\"title\":\"Cara Bayar via ATM\",\"content\":[\"Masukkan kartu ATM dan PIN kamu\",\"Pilih Menu Transaksi Lainnya\",\"Pilih Transfer\",\"Pilih Ke rekening BCA Virtual Account\",\"Masukkan Nomor Virtual Account, (contoh: 123456789012XXXX)\",\"Pilih Benar\",\"Pilih Ya\",\"Ambil struk pembayaran kamu\",\"Pembayaran selesai\"],\"last_update\":\"2023-11-11 09:26:11\"},{\"title\":\"Cara Bayar via Mobile Banking\",\"content\":[\"Login Mobile Banking\",\"Pilih m-Transfer\",\"Pilih BCA Virtual Account\",\"Masukkan Nomor Virtual Account, (contoh: 123456789012XXXX) sebagai No. Virtual Account\",\"Klik Kirim\",\"Informasi Virtual Account akan ditampilkan\",\"Klik OK\",\"Masukkan PIN Mobile Banking\",\"Struk pembayaran ditampilkan\",\"Pembayaran selesai\"],\"last_update\":\"2023-11-11 09:26:11\"},{\"title\":\"Cara Bayar via Internet Banking\",\"content\":[\"Login Internet Banking\",\"Pilih Transaksi Dana\",\"Pilih Transfer Ke BCA Virtual Account\",\"Masukkan Nomor Virtual Account, (contoh: 123456789012XXXX) sebagai No. Virtual Account\",\"Klik Lanjutkan\",\"Masukkan Respon KeyBCA Appli 1\",\"Klik Kirim\",\"Struk pembayaran ditampilkan\",\"Pembayaran selesai\"],\"last_update\":\"2023-11-11 09:27:28\"}]}', 'https://payment.paydisini.co.id/v3/?info=PTBuSXpJak4xY1RPMmd6TjJRek54WWxUSkppT2lVR1p2TjJYbFZYY3A1V2Rpd2lJeVFqSTZJQ1pwSnll', '1551479600005808', NULL, NULL, '2025-05-09 10:36:19', '2025-05-09 20:25:13', '2025-05-09 11:36:17'),
(6, 16, 9, 'INV1748307395199', '6505226', 'INV1748307395199', 100000.00, 0.00, 100000.00, 'pending', '{\"paydisini_pay_id\":6505226,\"unique_code\":\"INV1748307395199\",\"service_name\":\"Virtual Account Bank BCA\",\"amount_paydisini\":100000,\"fee\":4900,\"balance_received_paydisini\":95100,\"payment_number\":\"1551479600006971\",\"qr_code_url\":null,\"checkout_url\":\"https:\\/\\/payment.paydisini.co.id\\/v3\\/?info=PTBuSTVrVE0xa3pNM0F6TTRRek54WWxUSkppT2lVR1p2TjJYbFZYY3A1V2Rpd2lJeVFqSTZJQ1pwSnll\",\"payment_guide\":[{\"title\":\"Cara Bayar via ATM\",\"content\":[\"Masukkan kartu ATM dan PIN kamu\",\"Pilih Menu Transaksi Lainnya\",\"Pilih Transfer\",\"Pilih Ke rekening BCA Virtual Account\",\"Masukkan Nomor Virtual Account, (contoh: 123456789012XXXX)\",\"Pilih Benar\",\"Pilih Ya\",\"Ambil struk pembayaran kamu\",\"Pembayaran selesai\"],\"last_update\":\"2023-11-11 09:26:11\"},{\"title\":\"Cara Bayar via Mobile Banking\",\"content\":[\"Login Mobile Banking\",\"Pilih m-Transfer\",\"Pilih BCA Virtual Account\",\"Masukkan Nomor Virtual Account, (contoh: 123456789012XXXX) sebagai No. Virtual Account\",\"Klik Kirim\",\"Informasi Virtual Account akan ditampilkan\",\"Klik OK\",\"Masukkan PIN Mobile Banking\",\"Struk pembayaran ditampilkan\",\"Pembayaran selesai\"],\"last_update\":\"2023-11-11 09:26:11\"},{\"title\":\"Cara Bayar via Internet Banking\",\"content\":[\"Login Internet Banking\",\"Pilih Transaksi Dana\",\"Pilih Transfer Ke BCA Virtual Account\",\"Masukkan Nomor Virtual Account, (contoh: 123456789012XXXX) sebagai No. Virtual Account\",\"Klik Lanjutkan\",\"Masukkan Respon KeyBCA Appli 1\",\"Klik Kirim\",\"Struk pembayaran ditampilkan\",\"Pembayaran selesai\"],\"last_update\":\"2023-11-11 09:27:28\"}]}', 'https://payment.paydisini.co.id/v3/?info=PTBuSTVrVE0xa3pNM0F6TTRRek54WWxUSkppT2lVR1p2TjJYbFZYY3A1V2Rpd2lJeVFqSTZJQ1pwSnll', '1551479600006971', NULL, NULL, '2025-05-27 00:56:37', '2025-05-27 00:56:37', '2025-05-27 01:56:35'),
(7, 26, 18, 'INV1752734920840', '7519177', 'INV1752734920840', 5000.00, 0.00, 5000.00, 'pending', '{\"paydisini_pay_id\":7519177,\"unique_code\":\"INV1752734920840\",\"service_name\":\"QRIS Merchant PayDisini\",\"amount_paydisini\":5000,\"fee\":35,\"balance_received_paydisini\":4965,\"payment_number\":null,\"qr_code_url\":\"https:\\/\\/paydisini.co.id\\/payment\\/qrcode.php?unique_code=INV1752734920840&merchant=42\",\"checkout_url\":\"https:\\/\\/payment.paydisini.co.id\\/v3\\/?info=PTBuSXdRRE93SVRPME16TnlVek54WWxUSkppT2lVR1p2TjJYbFZYY3A1V2Rpd2lJeVFqSTZJQ1pwSnll\",\"payment_guide\":[{\"title\":\"Langkah pembayaran dengan QRIS\",\"content\":[\"Buka aplikasi yang mendukung pembayaran dengan QRIS\",\"Pilih fitur QRIS \\/ Bayar\",\"Pindai kode QR yang diberikan oleh Merchant\",\"Pastikan tagihan yang ditagihkan sesuai\",\"Klik tombol Konfirmasi\",\"Masukkan PIN untuk menyelesaikan pembayaran\",\"Setelah pembayaran berhasil, kamu akan dialihkan ke Halaman Hasil Pembayaran\"],\"last_update\":\"2023-11-11 09:21:30\"}]}', 'https://payment.paydisini.co.id/v3/?info=PTBuSXdRRE93SVRPME16TnlVek54WWxUSkppT2lVR1p2TjJYbFZYY3A1V2Rpd2lJeVFqSTZJQ1pwSnll', NULL, 'https://paydisini.co.id/payment/qrcode.php?unique_code=INV1752734920840&merchant=42', NULL, '2025-07-17 06:48:40', '2025-07-17 06:48:40', '2025-07-17 07:48:40'),
(8, 28, 18, 'INV1753452048624', '7685129', 'INV1753452048624', 20000.00, 0.00, 20000.00, 'pending', '{\"paydisini_pay_id\":7685129,\"unique_code\":\"INV1753452048624\",\"service_name\":\"QRIS Merchant PayDisini\",\"amount_paydisini\":20000,\"fee\":140,\"balance_received_paydisini\":19860,\"payment_number\":null,\"qr_code_url\":\"https:\\/\\/paydisini.co.id\\/payment\\/qrcode.php?unique_code=INV1753452048624&merchant=42\",\"checkout_url\":\"https:\\/\\/payment.paydisini.co.id\\/v3\\/?info=PTBuSTBJak40UURNeVVETnpVek54WWxUSkppT2lVR1p2TjJYbFZYY3A1V2Rpd2lJeVFqSTZJQ1pwSnll\",\"payment_guide\":[{\"title\":\"Langkah pembayaran dengan QRIS\",\"content\":[\"Buka aplikasi yang mendukung pembayaran dengan QRIS\",\"Pilih fitur QRIS \\/ Bayar\",\"Pindai kode QR yang diberikan oleh Merchant\",\"Pastikan tagihan yang ditagihkan sesuai\",\"Klik tombol Konfirmasi\",\"Masukkan PIN untuk menyelesaikan pembayaran\",\"Setelah pembayaran berhasil, kamu akan dialihkan ke Halaman Hasil Pembayaran\"],\"last_update\":\"2023-11-11 09:21:30\"}]}', 'https://payment.paydisini.co.id/v3/?info=PTBuSTBJak40UURNeVVETnpVek54WWxUSkppT2lVR1p2TjJYbFZYY3A1V2Rpd2lJeVFqSTZJQ1pwSnll', NULL, 'https://paydisini.co.id/payment/qrcode.php?unique_code=INV1753452048624&merchant=42', NULL, '2025-07-25 14:00:50', '2025-07-25 14:00:50', '2025-07-25 15:00:48'),
(9, 31, 25, 'INV1754851944668', '8001624', 'INV1754851944668', 10000.00, 0.00, 10000.00, 'pending', '{\"paydisini_pay_id\":8001624,\"unique_code\":\"INV1754851944668\",\"service_name\":\"QRIS Merchant PayDisini by danamon\",\"amount_paydisini\":10000,\"fee\":90,\"balance_received_paydisini\":9910,\"payment_number\":null,\"qr_code_url\":\"https:\\/\\/paydisini.co.id\\/payment\\/qrcodepay.php?id=8001624\",\"checkout_url\":\"https:\\/\\/payment.paydisini.co.id\\/v3\\/?info=PTBuSTRZak4wUVRPeFVETzBVek54WWxUSkppT2lVR1p2TjJYbFZYY3A1V2Rpd2lJeVFqSTZJQ1pwSnll\",\"payment_guide\":[{\"title\":\"Langkah pembayaran dengan QRIS\",\"content\":[\"Buka aplikasi yang mendukung pembayaran dengan QRIS\",\"Pilih fitur QRIS \\/ Bayar\",\"Pindai kode QR yang diberikan oleh Merchant\",\"Pastikan tagihan yang ditagihkan sesuai\",\"Klik tombol Konfirmasi\",\"Masukkan PIN untuk menyelesaikan pembayaran\",\"Setelah pembayaran berhasil, kamu akan dialihkan ke Halaman Hasil Pembayaran\"],\"last_update\":\"2024-03-12 11:05:42\"}]}', 'https://payment.paydisini.co.id/v3/?info=PTBuSTRZak4wUVRPeFVETzBVek54WWxUSkppT2lVR1p2TjJYbFZYY3A1V2Rpd2lJeVFqSTZJQ1pwSnll', NULL, 'https://paydisini.co.id/payment/qrcodepay.php?id=8001624', NULL, '2025-08-10 18:52:24', '2025-08-10 18:52:24', '2025-08-10 19:52:24'),
(10, 33, 18, 'INV1755019364878', '8033459', 'INV1755019364878', 1600.00, 0.00, 1600.00, 'pending', '{\"paydisini_pay_id\":8033459,\"unique_code\":\"INV1755019364878\",\"service_name\":\"QRIS Merchant PayDisini\",\"amount_paydisini\":1600,\"fee\":12,\"balance_received_paydisini\":1588,\"payment_number\":null,\"qr_code_url\":\"https:\\/\\/paydisini.co.id\\/payment\\/qrcode.php?unique_code=INV1755019364878&merchant=42\",\"checkout_url\":\"https:\\/\\/payment.paydisini.co.id\\/v3\\/?info=PTBuSTRjRE8wWXpNNUVETTFVek54WWxUSkppT2lVR1p2TjJYbFZYY3A1V2Rpd2lJeVFqSTZJQ1pwSnll\",\"payment_guide\":[{\"title\":\"Langkah pembayaran dengan QRIS\",\"content\":[\"Buka aplikasi yang mendukung pembayaran dengan QRIS\",\"Pilih fitur QRIS \\/ Bayar\",\"Pindai kode QR yang diberikan oleh Merchant\",\"Pastikan tagihan yang ditagihkan sesuai\",\"Klik tombol Konfirmasi\",\"Masukkan PIN untuk menyelesaikan pembayaran\",\"Setelah pembayaran berhasil, kamu akan dialihkan ke Halaman Hasil Pembayaran\"],\"last_update\":\"2023-11-11 09:21:30\"}]}', 'https://payment.paydisini.co.id/v3/?info=PTBuSTRjRE8wWXpNNUVETTFVek54WWxUSkppT2lVR1p2TjJYbFZYY3A1V2Rpd2lJeVFqSTZJQ1pwSnll', NULL, 'https://paydisini.co.id/payment/qrcode.php?unique_code=INV1755019364878&merchant=42', NULL, '2025-08-12 17:22:44', '2025-08-12 17:22:44', '2025-08-12 18:22:43');

-- --------------------------------------------------------

--
-- Table structure for table `deposit_methods`
--

CREATE TABLE `deposit_methods` (
  `id` int(11) NOT NULL,
  `name` varchar(100) NOT NULL COMMENT 'Nama Metode (e.g., BCA, GoPay)',
  `code` varchar(50) DEFAULT NULL COMMENT 'Kode unik metode (untuk API/integrasi)',
  `type` enum('virtual_account','e_wallet','bank_transfer','retail_outlet','pulsa') NOT NULL COMMENT 'Tipe Pembayaran',
  `logo_url` varchar(255) DEFAULT NULL COMMENT 'URL Logo Metode',
  `min_deposit` decimal(15,2) NOT NULL DEFAULT 10000.00,
  `max_deposit` decimal(15,2) DEFAULT NULL,
  `bonus_percentage` decimal(5,2) NOT NULL DEFAULT 0.00 COMMENT 'Persentase bonus (e.g., 15.00)',
  `fee_amount` decimal(15,2) NOT NULL DEFAULT 0.00 COMMENT 'Biaya tetap dalam Rupiah',
  `fee_percentage` decimal(5,2) NOT NULL DEFAULT 0.00 COMMENT 'Biaya dalam persentase',
  `rate` decimal(10,5) NOT NULL DEFAULT 1.00000 COMMENT 'Rate konversi (misal untuk pulsa)',
  `instructions` text DEFAULT NULL COMMENT 'Instruksi pembayaran',
  `is_auto_check` tinyint(1) NOT NULL DEFAULT 1 COMMENT '1=Dicek Otomatis, 0=Manual',
  `status` enum('active','inactive') NOT NULL DEFAULT 'active',
  `created_at` timestamp NOT NULL DEFAULT current_timestamp(),
  `updated_at` timestamp NOT NULL DEFAULT current_timestamp() ON UPDATE current_timestamp()
) ENGINE=InnoDB DEFAULT CHARSET=utf8mb4 COLLATE=utf8mb4_general_ci COMMENT='Menyimpan metode deposit yang tersedia';

--
-- Dumping data for table `deposit_methods`
--

INSERT INTO `deposit_methods` (`id`, `name`, `code`, `type`, `logo_url`, `min_deposit`, `max_deposit`, `bonus_percentage`, `fee_amount`, `fee_percentage`, `rate`, `instructions`, `is_auto_check`, `status`, `created_at`, `updated_at`) VALUES
(1, 'BCA', 'BCAVA', 'virtual_account', 'https://example.com/logo/bca.png', 10000.00, NULL, 15.00, 0.00, 0.00, 1.00000, NULL, 1, 'inactive', '2025-04-23 03:10:06', '2025-04-23 03:33:19'),
(2, 'BRI', 'BRIVA', 'virtual_account', 'https://example.com/logo/bri.png', 10000.00, NULL, 15.00, 0.00, 0.00, 1.00000, NULL, 1, 'inactive', '2025-04-23 03:10:06', '2025-04-23 03:33:19'),
(3, 'BNI', 'BNIVA', 'virtual_account', 'https://example.com/logo/bni.png', 10000.00, NULL, 15.00, 0.00, 0.00, 1.00000, NULL, 1, 'inactive', '2025-04-23 03:10:06', '2025-04-23 03:33:19'),
(4, 'Mandiri', 'MANDIRIVA', 'virtual_account', 'https://example.com/logo/mandiri.png', 10000.00, NULL, 5.00, 0.00, 0.00, 1.00000, NULL, 1, 'inactive', '2025-04-23 03:10:06', '2025-04-23 03:33:19'),
(5, 'GoPay', 'GOPAYQRIS', 'e_wallet', 'https://example.com/logo/gopay.png', 10000.00, NULL, 10.00, 0.00, 0.00, 1.00000, NULL, 1, 'inactive', '2025-04-23 03:10:06', '2025-04-23 03:33:19'),
(6, 'OVO', 'OVOQRIS', 'e_wallet', 'https://example.com/logo/ovo.png', 10000.00, NULL, 10.00, 0.00, 0.00, 1.00000, NULL, 1, 'inactive', '2025-04-23 03:10:06', '2025-04-23 03:33:19'),
(7, 'Dana', 'DANAQRIS', 'e_wallet', 'https://example.com/logo/dana.png', 10000.00, NULL, 10.00, 0.00, 0.00, 1.00000, NULL, 1, 'inactive', '2025-04-23 03:10:06', '2025-04-23 03:33:19'),
(8, 'Transfer Pulsa Tsel', 'PULSA_TSL', 'pulsa', 'https://example.com/logo/telkomsel.png', 10000.00, NULL, 0.00, 0.00, 0.00, 1.00000, NULL, 0, 'inactive', '2025-04-23 03:10:06', '2025-04-23 03:33:19'),
(9, 'Virtual Account Bank BCA', '1', 'virtual_account', 'https://paydisini.co.id/payment/images/bca.png', 10000.00, 10000000.00, 0.00, 4900.00, 0.00, 1.00000, NULL, 1, 'active', '2025-04-23 03:33:19', '2025-04-23 03:33:19'),
(10, 'Virtual Account Bank BRI', '2', 'virtual_account', 'https://paydisini.co.id/payment/images/briva.png', 10000.00, 50000000.00, 0.00, 2500.00, 0.00, 1.00000, NULL, 1, 'active', '2025-04-23 03:33:19', '2025-04-23 03:33:19'),
(11, 'Virtual Account Bank CIMB', '3', 'virtual_account', 'https://paydisini.co.id/payment/images/cimbniaga.png', 10000.00, 50000000.00, 0.00, 2500.00, 0.00, 1.00000, NULL, 1, 'active', '2025-04-23 03:33:19', '2025-04-23 03:33:19'),
(12, 'Virtual Account Bank BNI', '4', 'virtual_account', 'https://paydisini.co.id/payment/images/bni.png', 10000.00, 50000000.00, 0.00, 4000.00, 0.00, 1.00000, NULL, 1, 'active', '2025-04-23 03:33:19', '2025-04-23 03:33:19'),
(13, 'Virtual Account Bank MANDIRI', '5', 'virtual_account', 'https://paydisini.co.id/payment/images/mandiri.svg', 10000.00, 50000000.00, 0.00, 2500.00, 0.00, 1.00000, NULL, 1, 'active', '2025-04-23 03:33:19', '2025-04-23 03:33:19'),
(14, 'Virtual Account Bank Permata', '7', 'virtual_account', 'https://paydisini.co.id/payment/images/permata.svg', 10000.00, 50000000.00, 0.00, 2500.00, 0.00, 1.00000, NULL, 1, 'active', '2025-04-23 03:33:19', '2025-04-23 03:33:19'),
(15, 'Virtual Account BANK DANAMON', '8', 'virtual_account', 'https://paydisini.co.id/payment/images/danamon.png', 10000.00, 50000000.00, 0.00, 2500.00, 0.00, 1.00000, NULL, 1, 'active', '2025-04-23 03:33:19', '2025-04-23 03:33:19'),
(16, 'Virtual Account BANK BSI', '9', 'virtual_account', 'https://paydisini.co.id/payment/images/bsi.svg', 10000.00, 50000000.00, 0.00, 3500.00, 0.00, 1.00000, NULL, 1, 'active', '2025-04-23 03:33:19', '2025-04-23 03:33:19'),
(17, 'Virtual Account BANK BNC (Neo Commerce)', '10', 'virtual_account', 'https://paydisini.co.id/payment/images/neo.png', 10000.00, 50000000.00, 0.00, 3500.00, 0.00, 1.00000, NULL, 1, 'active', '2025-04-23 03:33:19', '2025-04-23 03:33:19'),
(18, 'QRIS Merchant PayDisini', '11', 'e_wallet', 'https://paydisini.co.id/payment/images/qris.png', 100.00, 10000000.00, 0.00, 0.00, 0.70, 1.00000, NULL, 1, 'active', '2025-04-23 03:33:19', '2025-04-23 03:33:19'),
(19, 'OVO', '12', 'bank_transfer', 'https://paydisini.co.id/payment/images/ovo.svg', 1000.00, 2000000.00, 0.00, 0.00, 3.00, 1.00000, NULL, 1, 'active', '2025-04-23 03:33:19', '2025-04-23 03:33:19'),
(20, 'DANA', '13', 'e_wallet', 'https://paydisini.co.id/payment/images/dana.svg', 1000.00, 2000000.00, 0.00, 0.00, 3.00, 1.00000, NULL, 1, 'active', '2025-04-23 03:33:19', '2025-04-23 03:33:19'),
(21, 'LINKAJA', '14', 'e_wallet', 'https://paydisini.co.id/payment/images/linkaja.png', 1000.00, 2000000.00, 0.00, 0.00, 3.00, 1.00000, NULL, 1, 'active', '2025-04-23 03:33:19', '2025-04-23 03:33:19'),
(22, 'QRIS Custom', '17', 'e_wallet', 'https://paydisini.co.id/payment/images/qris.png', 100.00, 10000000.00, 0.00, 0.00, 0.70, 1.00000, NULL, 1, 'active', '2025-04-23 03:33:19', '2025-04-23 03:33:19'),
(23, 'ALFAMART', '18', 'retail_outlet', 'https://paydisini.co.id/payment/images/alfamart.png', 10000.00, 5000000.00, 0.00, 2500.00, 0.00, 1.00000, NULL, 1, 'active', '2025-04-23 03:33:19', '2025-04-23 03:33:19'),
(24, 'INDOMARET', '19', 'retail_outlet', 'https://paydisini.co.id/payment/images/indomaret.png', 10000.00, 5000000.00, 0.00, 2500.00, 0.00, 1.00000, NULL, 1, 'active', '2025-04-23 03:33:19', '2025-04-23 03:33:19'),
(25, 'QRIS Merchant PayDisini by danamon', '20', 'e_wallet', 'https://paydisini.co.id/payment/images/qris.png', 1000.00, 10000000.00, 0.00, 0.00, 0.90, 1.00000, NULL, 1, 'active', '2025-04-23 03:33:19', '2025-04-23 03:33:19'),
(26, 'Virtual Account Bank OCBC', '21', 'virtual_account', 'https://paydisini.co.id/payment/images/ocbc.png', 10000.00, 50000000.00, 0.00, 1500.00, 0.00, 1.00000, NULL, 1, 'active', '2025-04-23 03:33:19', '2025-04-23 03:33:19'),
(27, 'Virtual Account Bank Muamalat', '22', 'virtual_account', 'https://paydisini.co.id/payment/images/muamalat.png', 10000.00, 50000000.00, 0.00, 3500.00, 0.00, 1.00000, NULL, 1, 'active', '2025-04-23 03:33:19', '2025-04-23 03:33:19');

-- --------------------------------------------------------

--
-- Table structure for table `informations`
--

CREATE TABLE `informations` (
  `id` int(11) NOT NULL,
  `title` varchar(255) NOT NULL,
  `content` text NOT NULL,
  `image_filename` varchar(255) DEFAULT NULL,
  `status` enum('active','inactive') NOT NULL DEFAULT 'active',
  `created_at` timestamp NOT NULL DEFAULT current_timestamp(),
  `updated_at` timestamp NOT NULL DEFAULT current_timestamp() ON UPDATE current_timestamp()
) ENGINE=InnoDB DEFAULT CHARSET=utf8mb4 COLLATE=utf8mb4_general_ci;

--
-- Dumping data for table `informations`
--

INSERT INTO `informations` (`id`, `title`, `content`, `image_filename`, `status`, `created_at`, `updated_at`) VALUES
(2, 'Order Informations', 'Rekomendasi Tiktok Proses Paling Cepat Instan!⚡\r\n209 - TikTok Followers | 🌍 Zenith Server | 👥 HQ Real People | ♾️ Lifetime Refill ♻️ | ⏱ Instant Start | 💎 Priority Express Service 💨\r\n444 - ♾️ TikTok Followers | Server EternityBoost | Max 1M | 100% Real Engagement ✅ | Cancel Enabled ❌ | Refill 365 Days ♻️ | Instant Start 🚀 | Speed: 5K/Hour 💨 | Trusted Long-Term Growth 📈\r\n443 - TikTok Followers | Server ThunderRush ⚡ | Limit 1JT 📈 | Refill Garansi 90 Hari ♻️ | 100% Real Account 👥 | Cancel Aktif ❎ | Super Fast 🚀 | Complete <3 Mins 🕒\r\n442 - ♻️ TikTok Followers | Server BoostFlow | Max 1M | Real & Active Users 👥 | Cancel Enabled ❌ | Refill 30 Days ♻️ | Instant Start 🚀 | Speed: 5K/Hour 💨 | High Speed Verified Finish ✅\r\n441 - ♻️ TikTok Followers | Server BoostFlow | Max 1M | Real & Active Users 👥 | Cancel Enabled ❌ | Refill 30 Days ♻️ | Instant Start 🚀 | Speed: 5K/Hour 💨 | High Speed Verified Finish ✅\r\n\r\nRekomendasi Instagram Followers Murah Dengan Proses Instan!⚡(No Refill)\r\n195 - 📸 Instagram Followers | InstaWave Engine 💫 | 10K Real Mix 🔄 | Cancel Enable ⚡ | No Refill ⚠️ | Review Flag Disabled ❌\r\n193 - 📸 Instagram Followers | MixBoost Server 🚀 | Real Mixed Profiles 👥 | Cancel Enable ⚡ | No Refill ⚠️ | Review Flag Disabled ❌\r\n196 - 📸 Instagram Followers | FusionCore Server 🔥 | 300K Real Mixed 👥 | Cancel Enable ⚡ | No Refill ⚠️ | Review Flag Disabled ❌\r\n197 - 🇮🇳 Instagram Followers India | BharatReach Server 🇮🇳 | Authentic Indian Users 👥 | Cancel Enable ⚡ | No Refill ⚠️ | Ultra Fast 🚀\r\n\r\nRekomendasi Instagram Followers Murah Dengan Proses Instan!⚡(Refill / Garansi)\r\n228 - 🔥 Instagram Followers | 📦 ClassicBoost Server | 👤 Real Old Accounts | ⚡ Cancel Enabled | ♻️ Refill 7 Hari | ⚡ Instant Delivery | 🌟 Flag-Safe Guaranteed\r\n229 - 🔥 Instagram Followers | 🚀 HyperFlow Server | 👤 Established Profiles | ⚡ Cancel Enabled | ♻️Refill 30 Hari | ⚡ Instant Start | 🌟 Fully Flag-Compatible\r\n96 - 📸 Instagram Followers | Server InstaSaver 💸 | Max 1M | Real Accounts ✅ | Lifetime Refill ♻️ | Speed: 50K/Day ⚡ | Cheapest Rate 🚀\r\n95 - 📸 Instagram Followers | Server LegacyGram 🔥 | Max 1M | Aged Accounts with Posts 🗂️ | Cancel Enabled ❌ | Refill Lifetime ♻️ | Speed: 80K/Day ⚡ | 🌍 All Flag Types Supported ⭐\r\n\r\nPembaruan terakhir: Kemarin - 22:07', '0b9ff5d7c9272c5fb7198a32da2c0005.png', 'active', '2025-05-03 10:02:44', '2025-05-03 10:04:15'),
(3, 'Information Services', 'Rekomendasi Tiktok Proses Paling Cepat Instan!⚡\r\n209 - TikTok Followers | 🌍 Zenith Server | 👥 HQ Real People | ♾️ Lifetime Refill ♻️ | ⏱ Instant Start | 💎 Priority Express Service 💨\r\n444 - ♾️ TikTok Followers | Server EternityBoost | Max 1M | 100% Real Engagement ✅ | Cancel Enabled ❌ | Refill 365 Days ♻️ | Instant Start 🚀 | Speed: 5K/Hour 💨 | Trusted Long-Term Growth 📈\r\n443 - TikTok Followers | Server ThunderRush ⚡ | Limit 1JT 📈 | Refill Garansi 90 Hari ♻️ | 100% Real Account 👥 | Cancel Aktif ❎ | Super Fast 🚀 | Complete <3 Mins 🕒\r\n442 - ♻️ TikTok Followers | Server BoostFlow | Max 1M | Real & Active Users 👥 | Cancel Enabled ❌ | Refill 30 Days ♻️ | Instant Start 🚀 | Speed: 5K/Hour 💨 | High Speed Verified Finish ✅\r\n441 - ♻️ TikTok Followers | Server BoostFlow | Max 1M | Real & Active Users 👥 | Cancel Enabled ❌ | Refill 30 Days ♻️ | Instant Start 🚀 | Speed: 5K/Hour 💨 | High Speed Verified Finish ✅\r\n\r\nRekomendasi Instagram Followers Murah Dengan Proses Instan!⚡(No Refill)\r\n195 - 📸 Instagram Followers | InstaWave Engine 💫 | 10K Real Mix 🔄 | Cancel Enable ⚡ | No Refill ⚠️ | Review Flag Disabled ❌\r\n193 - 📸 Instagram Followers | MixBoost Server 🚀 | Real Mixed Profiles 👥 | Cancel Enable ⚡ | No Refill ⚠️ | Review Flag Disabled ❌\r\n196 - 📸 Instagram Followers | FusionCore Server 🔥 | 300K Real Mixed 👥 | Cancel Enable ⚡ | No Refill ⚠️ | Review Flag Disabled ❌\r\n197 - 🇮🇳 Instagram Followers India | BharatReach Server 🇮🇳 | Authentic Indian Users 👥 | Cancel Enable ⚡ | No Refill ⚠️ | Ultra Fast 🚀\r\n\r\nRekomendasi Instagram Followers Murah Dengan Proses Instan!⚡(Refill / Garansi)\r\n228 - 🔥 Instagram Followers | 📦 ClassicBoost Server | 👤 Real Old Accounts | ⚡ Cancel Enabled | ♻️ Refill 7 Hari | ⚡ Instant Delivery | 🌟 Flag-Safe Guaranteed\r\n229 - 🔥 Instagram Followers | 🚀 HyperFlow Server | 👤 Established Profiles | ⚡ Cancel Enabled | ♻️Refill 30 Hari | ⚡ Instant Start | 🌟 Fully Flag-Compatible\r\n96 - 📸 Instagram Followers | Server InstaSaver 💸 | Max 1M | Real Accounts ✅ | Lifetime Refill ♻️ | Speed: 50K/Day ⚡ | Cheapest Rate 🚀\r\n95 - 📸 Instagram Followers | Server LegacyGram 🔥 | Max 1M | Aged Accounts with Posts 🗂️ | Cancel Enabled ❌ | Refill Lifetime ♻️ | Speed: 80K/Day ⚡ | 🌍 All Flag Types Supported ⭐\r\n\r\nPembaruan terakhir: Kemarin - 22:07', '29793f3f9113d1a081df16d16a4ea420.png', 'active', '2025-05-03 10:04:56', '2025-05-03 10:04:56');

-- --------------------------------------------------------

--
-- Table structure for table `login_logs`
--

CREATE TABLE `login_logs` (
  `id` int(10) UNSIGNED NOT NULL,
  `user_id` int(10) UNSIGNED DEFAULT NULL COMMENT 'ID Pengguna jika login berhasil atau percobaan pada akun yang ada',
  `username_attempt` varchar(100) DEFAULT NULL COMMENT 'Username yang digunakan saat mencoba login',
  `ip_address` varchar(45) DEFAULT NULL,
  `user_agent` text DEFAULT NULL COMMENT 'Informasi browser dan OS pengguna',
  `device_type` varchar(50) DEFAULT NULL COMMENT 'Tipe perangkat (Desktop, Mobile, Tablet)',
  `browser_name` varchar(100) DEFAULT NULL,
  `platform_name` varchar(100) DEFAULT NULL,
  `location_info` varchar(255) DEFAULT NULL COMMENT 'Informasi lokasi (misal: Kota, Negara - jika bisa didapatkan)',
  `status` enum('success','failed_password','failed_username','admin_impersonate_start','admin_impersonate_end') NOT NULL COMMENT 'Status upaya login',
  `login_at` timestamp NOT NULL DEFAULT current_timestamp()
) ENGINE=InnoDB DEFAULT CHARSET=utf8mb4 COLLATE=utf8mb4_unicode_ci COMMENT='Mencatat semua aktivitas login pengguna dan admin';

--
-- Dumping data for table `login_logs`
--

INSERT INTO `login_logs` (`id`, `user_id`, `username_attempt`, `ip_address`, `user_agent`, `device_type`, `browser_name`, `platform_name`, `location_info`, `status`, `login_at`) VALUES
(1, 1, 'agumdarmawan', '::1', 'Mozilla/5.0 (Windows NT 10.0; Win64; x64) AppleWebKit/537.36 (KHTML, like Gecko) Chrome/136.0.0.0 Safari/537.36', 'Desktop', 'Google Chrome', 'Windows 10', NULL, 'success', '2025-05-19 14:30:11'),
(2, 16, 'delimaputri', '::1', 'Mozilla/5.0 (Windows NT 10.0; Win64; x64) AppleWebKit/537.36 (KHTML, like Gecko) Chrome/136.0.0.0 Safari/537.36', 'Desktop', 'Google Chrome', 'Windows 10', NULL, 'success', '2025-05-19 14:36:57'),
(3, 1, 'agumdarmawan', '::1', 'Mozilla/5.0 (Windows NT 10.0; Win64; x64) AppleWebKit/537.36 (KHTML, like Gecko) Chrome/136.0.0.0 Safari/537.36', 'Desktop', 'Google Chrome', 'Windows 10', NULL, 'success', '2025-05-19 14:37:06'),
(4, 1, 'agumdarmawan', '182.0.103.49', 'Mozilla/5.0 (Windows NT 10.0; Win64; x64) AppleWebKit/537.36 (KHTML, like Gecko) Chrome/136.0.0.0 Safari/537.36', 'Desktop', 'Google Chrome', 'Windows 10', NULL, 'success', '2025-05-24 16:49:23'),
(5, NULL, 'agumdarmawan', '182.0.103.49', 'Mozilla/5.0 (Windows NT 10.0; Win64; x64) AppleWebKit/537.36 (KHTML, like Gecko) Chrome/136.0.0.0 Safari/537.36', 'Desktop', 'Google Chrome', 'Windows 10', NULL, '', '2025-05-24 16:49:35'),
(6, NULL, 'agumdarmawan2', '182.0.103.49', 'Mozilla/5.0 (Windows NT 10.0; Win64; x64) AppleWebKit/537.36 (KHTML, like Gecko) Chrome/136.0.0.0 Safari/537.36', 'Desktop', 'Google Chrome', 'Windows 10', NULL, '', '2025-05-24 16:53:10'),
(7, 1, 'agumdarmawan', '182.0.103.49', 'Mozilla/5.0 (Windows NT 10.0; Win64; x64) AppleWebKit/537.36 (KHTML, like Gecko) Chrome/136.0.0.0 Safari/537.36', 'Desktop', 'Google Chrome', 'Windows 10', NULL, 'success', '2025-05-24 16:53:15'),
(8, NULL, 'agumdarmawan22', '182.0.103.49', 'Mozilla/5.0 (Windows NT 10.0; Win64; x64) AppleWebKit/537.36 (KHTML, like Gecko) Chrome/136.0.0.0 Safari/537.36', 'Desktop', 'Google Chrome', 'Windows 10', NULL, '', '2025-05-24 16:53:55'),
(9, 1, 'agumdarmawan12@gmail.com', '182.0.103.49', 'Mozilla/5.0 (Windows NT 10.0; Win64; x64) AppleWebKit/537.36 (KHTML, like Gecko) Chrome/136.0.0.0 Safari/537.36', 'Desktop', 'Google Chrome', 'Windows 10', NULL, 'success', '2025-05-24 16:56:44'),
(10, NULL, 'agumdarmawan2', '182.0.103.49', 'Mozilla/5.0 (Windows NT 10.0; Win64; x64) AppleWebKit/537.36 (KHTML, like Gecko) Chrome/136.0.0.0 Safari/537.36', 'Desktop', 'Google Chrome', 'Windows 10', NULL, '', '2025-05-24 16:58:11'),
(11, 1, 'agumdarmawan', '182.0.103.49', 'Mozilla/5.0 (Windows NT 10.0; Win64; x64) AppleWebKit/537.36 (KHTML, like Gecko) Chrome/136.0.0.0 Safari/537.36', 'Desktop', 'Google Chrome', 'Windows 10', NULL, 'success', '2025-05-24 16:58:19'),
(12, 1, 'agumdarmawan', '182.0.103.49', 'Mozilla/5.0 (Windows NT 10.0; Win64; x64) AppleWebKit/537.36 (KHTML, like Gecko) Chrome/136.0.0.0 Safari/537.36', 'Desktop', 'Google Chrome', 'Windows 10', NULL, 'success', '2025-05-24 17:01:47'),
(13, NULL, 'delimaputri', '182.0.103.49', 'Mozilla/5.0 (Windows NT 10.0; Win64; x64) AppleWebKit/537.36 (KHTML, like Gecko) Chrome/136.0.0.0 Safari/537.36', 'Desktop', 'Google Chrome', 'Windows 10', NULL, '', '2025-05-24 17:06:28'),
(14, 16, 'delimaputri', '182.0.103.49', 'Mozilla/5.0 (Windows NT 10.0; Win64; x64) AppleWebKit/537.36 (KHTML, like Gecko) Chrome/136.0.0.0 Safari/537.36', 'Desktop', 'Google Chrome', 'Windows 10', NULL, 'success', '2025-05-24 17:06:33'),
(15, 16, 'delimaputri', '182.0.103.49', 'Mozilla/5.0 (Windows NT 10.0; Win64; x64) AppleWebKit/537.36 (KHTML, like Gecko) Chrome/136.0.0.0 Safari/537.36', 'Desktop', 'Google Chrome', 'Windows 10', NULL, 'success', '2025-05-24 17:09:38'),
(16, 16, 'delimaputri', '182.0.103.49', 'Mozilla/5.0 (Windows NT 10.0; Win64; x64) AppleWebKit/537.36 (KHTML, like Gecko) Chrome/136.0.0.0 Safari/537.36', 'Desktop', 'Google Chrome', 'Windows 10', NULL, 'success', '2025-05-24 17:14:22'),
(17, 16, 'delimaputri', '182.0.103.49', 'Mozilla/5.0 (Windows NT 10.0; Win64; x64) AppleWebKit/537.36 (KHTML, like Gecko) Chrome/136.0.0.0 Safari/537.36', 'Desktop', 'Google Chrome', 'Windows 10', NULL, 'success', '2025-05-24 17:19:25'),
(18, 16, 'delimaputri', '182.0.103.49', 'Mozilla/5.0 (Windows NT 10.0; Win64; x64) AppleWebKit/537.36 (KHTML, like Gecko) Chrome/136.0.0.0 Safari/537.36', 'Desktop', 'Google Chrome', 'Windows 10', NULL, 'success', '2025-05-24 17:27:27'),
(19, 1, 'agumdarmawan', '182.0.103.49', 'Mozilla/5.0 (Windows NT 10.0; Win64; x64) AppleWebKit/537.36 (KHTML, like Gecko) Chrome/136.0.0.0 Safari/537.36', 'Desktop', 'Google Chrome', 'Windows 10', NULL, 'success', '2025-05-24 17:30:08'),
(20, 16, 'delimaputri', '182.0.103.49', 'Mozilla/5.0 (Windows NT 10.0; Win64; x64) AppleWebKit/537.36 (KHTML, like Gecko) Chrome/136.0.0.0 Safari/537.36', 'Desktop', 'Google Chrome', 'Windows 10', NULL, 'success', '2025-05-24 18:01:30'),
(21, 1, 'agumdarmawan', '182.0.103.49', 'Mozilla/5.0 (Windows NT 10.0; Win64; x64) AppleWebKit/537.36 (KHTML, like Gecko) Chrome/136.0.0.0 Safari/537.36', 'Desktop', 'Google Chrome', 'Windows 10', NULL, 'success', '2025-05-24 18:02:20'),
(22, 16, 'delimaputri', '182.0.103.49', 'Mozilla/5.0 (Windows NT 10.0; Win64; x64) AppleWebKit/537.36 (KHTML, like Gecko) Chrome/136.0.0.0 Safari/537.36', 'Desktop', 'Google Chrome', 'Windows 10', NULL, 'success', '2025-05-24 18:03:05'),
(23, 1, 'agumdarmawan', '182.0.103.49', 'Mozilla/5.0 (Windows NT 10.0; Win64; x64) AppleWebKit/537.36 (KHTML, like Gecko) Chrome/136.0.0.0 Safari/537.36', 'Desktop', 'Google Chrome', 'Windows 10', NULL, 'success', '2025-05-24 18:05:50'),
(24, NULL, 'ncepmahmud6@gmail.com', '36.81.228.113', 'Mozilla/5.0 (Windows NT 10.0; Win64; x64) AppleWebKit/537.36 (KHTML, like Gecko) Chrome/136.0.0.0 Safari/537.36', 'Desktop', 'Google Chrome', 'Windows 10', NULL, '', '2025-05-25 01:48:24'),
(25, NULL, 'mahmudin', '36.81.228.113', 'Mozilla/5.0 (Windows NT 10.0; Win64; x64) AppleWebKit/537.36 (KHTML, like Gecko) Chrome/136.0.0.0 Safari/537.36', 'Desktop', 'Google Chrome', 'Windows 10', NULL, '', '2025-05-25 01:48:33'),
(26, NULL, 'mahmudin', '36.81.228.113', 'Mozilla/5.0 (Windows NT 10.0; Win64; x64) AppleWebKit/537.36 (KHTML, like Gecko) Chrome/136.0.0.0 Safari/537.36', 'Desktop', 'Google Chrome', 'Windows 10', NULL, '', '2025-05-25 01:48:34'),
(27, 17, 'paykita.site@gmail.com', '114.122.36.90', 'Mozilla/5.0 (Linux; Android 10; K) AppleWebKit/537.36 (KHTML, like Gecko) Chrome/136.0.0.0 Mobile Safari/537.36', 'Desktop', 'Google Chrome', 'Linux', NULL, 'success', '2025-05-25 03:39:13'),
(28, NULL, 'jeremyytimothy', '103.171.163.179', 'Mozilla/5.0 (Windows NT 10.0; Win64; x64) AppleWebKit/537.36 (KHTML, like Gecko) Chrome/136.0.0.0 Safari/537.36', 'Desktop', 'Google Chrome', 'Windows 10', NULL, '', '2025-05-25 10:41:56'),
(29, NULL, 'agumdarmawan12@gmail.com', '182.0.103.49', 'Mozilla/5.0 (Windows NT 10.0; Win64; x64) AppleWebKit/537.36 (KHTML, like Gecko) Chrome/137.0.0.0 Safari/537.36', 'Desktop', 'Google Chrome', 'Windows 10', NULL, '', '2025-05-25 11:41:23'),
(30, NULL, 'delfinputraadam@gmail.com', '140.213.190.87', 'Mozilla/5.0 (Windows NT 10.0; Win64; x64) AppleWebKit/537.36 (KHTML, like Gecko) Chrome/136.0.0.0 Safari/537.36 Edg/136.0.0.0', 'Desktop', 'Google Chrome', 'Windows 10', NULL, '', '2025-05-26 11:29:27'),
(31, NULL, 'delfinputraadam@gmail.com', '140.213.190.87', 'Mozilla/5.0 (Windows NT 10.0; Win64; x64) AppleWebKit/537.36 (KHTML, like Gecko) Chrome/136.0.0.0 Safari/537.36 Edg/136.0.0.0', 'Desktop', 'Google Chrome', 'Windows 10', NULL, '', '2025-05-26 11:29:30'),
(32, NULL, 'delfinputraadam@gmail.com', '140.213.190.87', 'Mozilla/5.0 (Windows NT 10.0; Win64; x64) AppleWebKit/537.36 (KHTML, like Gecko) Chrome/136.0.0.0 Safari/537.36 Edg/136.0.0.0', 'Desktop', 'Google Chrome', 'Windows 10', NULL, '', '2025-05-26 11:29:34'),
(33, NULL, 'delfinputraadam@gmail.com', '140.213.190.87', 'Mozilla/5.0 (Windows NT 10.0; Win64; x64) AppleWebKit/537.36 (KHTML, like Gecko) Chrome/136.0.0.0 Safari/537.36 Edg/136.0.0.0', 'Desktop', 'Google Chrome', 'Windows 10', NULL, '', '2025-05-26 13:43:54'),
(34, NULL, 'delfinputraadam@gmail.com', '140.213.190.87', 'Mozilla/5.0 (Windows NT 10.0; Win64; x64) AppleWebKit/537.36 (KHTML, like Gecko) Chrome/136.0.0.0 Safari/537.36 Edg/136.0.0.0', 'Desktop', 'Google Chrome', 'Windows 10', NULL, '', '2025-05-26 13:43:56'),
(35, NULL, 'delfinputraadam@gmail.com', '140.213.190.87', 'Mozilla/5.0 (Windows NT 10.0; Win64; x64) AppleWebKit/537.36 (KHTML, like Gecko) Chrome/136.0.0.0 Safari/537.36 Edg/136.0.0.0', 'Desktop', 'Google Chrome', 'Windows 10', NULL, '', '2025-05-26 13:43:57'),
(36, NULL, 'delfinputraadam@gmail.com', '140.213.190.87', 'Mozilla/5.0 (Windows NT 10.0; Win64; x64) AppleWebKit/537.36 (KHTML, like Gecko) Chrome/136.0.0.0 Safari/537.36 Edg/136.0.0.0', 'Desktop', 'Google Chrome', 'Windows 10', NULL, '', '2025-05-26 13:43:59'),
(37, NULL, 'agumdarmawan2', '182.0.226.115', 'Mozilla/5.0 (Windows NT 10.0; Win64; x64) AppleWebKit/537.36 (KHTML, like Gecko) Chrome/136.0.0.0 Safari/537.36', 'Desktop', 'Google Chrome', 'Windows 10', NULL, '', '2025-05-27 00:37:06'),
(38, NULL, 'agumdarmawan2', '182.0.226.115', 'Mozilla/5.0 (Windows NT 10.0; Win64; x64) AppleWebKit/537.36 (KHTML, like Gecko) Chrome/136.0.0.0 Safari/537.36', 'Desktop', 'Google Chrome', 'Windows 10', '182.0.226.115', '', '2025-05-27 00:41:50'),
(39, NULL, 'agumdarmawan2', '182.0.226.115', 'Mozilla/5.0 (Windows NT 10.0; Win64; x64) AppleWebKit/537.36 (KHTML, like Gecko) Chrome/136.0.0.0 Safari/537.36', 'Desktop', 'Google Chrome', 'Windows 10', '182.0.226.115', 'failed_username', '2025-05-27 00:46:19'),
(40, 1, 'agumdarmawan', '182.0.226.115', 'Mozilla/5.0 (Windows NT 10.0; Win64; x64) AppleWebKit/537.36 (KHTML, like Gecko) Chrome/136.0.0.0 Safari/537.36', 'Desktop', 'Google Chrome', 'Windows 10', '182.0.226.115', 'failed_password', '2025-05-27 00:46:30'),
(41, NULL, 'agumdarmawan2', '182.0.226.115', 'Mozilla/5.0 (Windows NT 10.0; Win64; x64) AppleWebKit/537.36 (KHTML, like Gecko) Chrome/136.0.0.0 Safari/537.36', 'Desktop', 'Google Chrome', 'Windows 10', '182.0.226.115', 'failed_username', '2025-05-27 00:46:38'),
(42, 1, 'agumdarmawan', '182.0.226.115', 'Mozilla/5.0 (Windows NT 10.0; Win64; x64) AppleWebKit/537.36 (KHTML, like Gecko) Chrome/136.0.0.0 Safari/537.36', 'Desktop', 'Google Chrome', 'Windows 10', '182.0.226.115', 'failed_password', '2025-05-27 00:46:52'),
(43, 1, 'agumdarmawan', '182.0.226.115', 'Mozilla/5.0 (Windows NT 10.0; Win64; x64) AppleWebKit/537.36 (KHTML, like Gecko) Chrome/136.0.0.0 Safari/537.36', 'Desktop', 'Google Chrome', 'Windows 10', '182.0.226.115', 'success', '2025-05-27 00:47:48'),
(44, 1, 'agumdarmawan', '182.0.226.115', 'Mozilla/5.0 (Windows NT 10.0; Win64; x64) AppleWebKit/537.36 (KHTML, like Gecko) Chrome/136.0.0.0 Safari/537.36', 'Desktop', 'Google Chrome', 'Windows 10', NULL, 'admin_impersonate_end', '2025-05-27 00:56:15'),
(45, NULL, 'edipriyana472@gmail.com', '182.2.38.137', 'Mozilla/5.0 (Linux; U; Android 11; in-id; CPH1937 Build/RKQ1.200903.002) AppleWebKit/537.36 (KHTML, like Gecko) Chrome/91.0.4472.88 Mobile Safari/537.36 HeyTapBrowser/45.12.4.1', 'Desktop', 'Google Chrome', 'Linux', '182.2.38.137', 'failed_username', '2025-05-27 11:49:32'),
(46, NULL, 'edipriyana472@gmail.com', '182.2.38.137', 'Mozilla/5.0 (Linux; U; Android 11; in-id; CPH1937 Build/RKQ1.200903.002) AppleWebKit/537.36 (KHTML, like Gecko) Chrome/91.0.4472.88 Mobile Safari/537.36 HeyTapBrowser/45.12.4.1', 'Desktop', 'Google Chrome', 'Linux', '182.2.38.137', 'failed_username', '2025-05-27 11:49:36'),
(47, NULL, 'edipriyana472@gmail.com', '182.2.38.137', 'Mozilla/5.0 (Linux; U; Android 11; in-id; CPH1937 Build/RKQ1.200903.002) AppleWebKit/537.36 (KHTML, like Gecko) Chrome/91.0.4472.88 Mobile Safari/537.36 HeyTapBrowser/45.12.4.1', 'Desktop', 'Google Chrome', 'Linux', '182.2.38.137', 'failed_username', '2025-05-27 11:50:02'),
(48, NULL, 'edipriyana472@gmail.com', '182.2.38.137', 'Mozilla/5.0 (Linux; U; Android 11; in-id; CPH1937 Build/RKQ1.200903.002) AppleWebKit/537.36 (KHTML, like Gecko) Chrome/91.0.4472.88 Mobile Safari/537.36 HeyTapBrowser/45.12.4.1', 'Desktop', 'Google Chrome', 'Linux', '182.2.38.137', 'failed_username', '2025-05-27 11:50:57'),
(49, 16, 'delimaputri', '182.0.250.12', 'Mozilla/5.0 (Windows NT 10.0; Win64; x64) AppleWebKit/537.36 (KHTML, like Gecko) Chrome/136.0.0.0 Safari/537.36', 'Desktop', 'Google Chrome', 'Windows 10', '182.0.250.12', 'success', '2025-05-29 03:41:54'),
(50, 17, 'paykita.site@gmail.com', '114.122.36.208', 'Mozilla/5.0 (Linux; Android 10; K) AppleWebKit/537.36 (KHTML, like Gecko) Chrome/136.0.0.0 Mobile Safari/537.36', 'Desktop', 'Google Chrome', 'Linux', '114.122.36.208', 'success', '2025-05-29 12:21:48'),
(51, NULL, 'admin@mail.com', '103.171.163.179', 'Mozilla/5.0 (Windows NT 10.0; Win64; x64) AppleWebKit/537.36 (KHTML, like Gecko) Chrome/137.0.0.0 Safari/537.36', 'Desktop', 'Google Chrome', 'Windows 10', '103.171.163.179', 'failed_username', '2025-05-31 04:03:13'),
(52, NULL, 'edipriyana472@gmail.com', '182.2.44.179', 'Mozilla/5.0 (Linux; U; Android 11; in-id; CPH1937 Build/RKQ1.200903.002) AppleWebKit/537.36 (KHTML, like Gecko) Chrome/91.0.4472.88 Mobile Safari/537.36 HeyTapBrowser/45.12.4.1', 'Desktop', 'Google Chrome', 'Linux', '182.2.44.179', 'failed_username', '2025-06-01 12:29:24'),
(53, 18, 'kencanacahaya4@gmail.com', '182.2.44.179', 'Mozilla/5.0 (Linux; U; Android 11; in-id; CPH1937 Build/RKQ1.200903.002) AppleWebKit/537.36 (KHTML, like Gecko) Chrome/91.0.4472.88 Mobile Safari/537.36 HeyTapBrowser/45.12.4.1', 'Desktop', 'Google Chrome', 'Linux', '182.2.44.179', 'success', '2025-06-01 12:32:38'),
(54, NULL, 'delfinputraadam@gmail.com', '140.213.190.87', 'Mozilla/5.0 (Windows NT 10.0; Win64; x64) AppleWebKit/537.36 (KHTML, like Gecko) Chrome/136.0.0.0 Safari/537.36 Edg/136.0.0.0', 'Desktop', 'Google Chrome', 'Windows 10', '140.213.190.87', 'failed_username', '2025-06-03 14:33:03'),
(55, NULL, 'licaabwl@gmail.com', '104.28.156.163', 'Mozilla/5.0 (Linux; Android 10; K) AppleWebKit/537.36 (KHTML, like Gecko) Chrome/136.0.0.0 Mobile Safari/537.36', 'Desktop', 'Google Chrome', 'Linux', '104.28.156.163', 'failed_username', '2025-06-04 15:19:52'),
(56, NULL, 'licaabwl@gmail.com', '104.28.156.163', 'Mozilla/5.0 (Linux; Android 10; K) AppleWebKit/537.36 (KHTML, like Gecko) Chrome/136.0.0.0 Mobile Safari/537.36', 'Desktop', 'Google Chrome', 'Linux', '104.28.156.163', 'failed_username', '2025-06-04 15:19:57'),
(57, NULL, 'lalica', '104.28.156.163', 'Mozilla/5.0 (Linux; Android 10; K) AppleWebKit/537.36 (KHTML, like Gecko) Chrome/136.0.0.0 Mobile Safari/537.36', 'Desktop', 'Google Chrome', 'Linux', '104.28.156.163', 'failed_username', '2025-06-04 15:23:58'),
(58, NULL, 'lalica', '104.28.156.163', 'Mozilla/5.0 (Linux; Android 10; K) AppleWebKit/537.36 (KHTML, like Gecko) Chrome/136.0.0.0 Mobile Safari/537.36', 'Desktop', 'Google Chrome', 'Linux', '104.28.156.163', 'failed_username', '2025-06-04 15:24:05'),
(59, NULL, 'lalica', '104.28.156.163', 'Mozilla/5.0 (Linux; Android 10; K) AppleWebKit/537.36 (KHTML, like Gecko) Chrome/136.0.0.0 Mobile Safari/537.36', 'Desktop', 'Google Chrome', 'Linux', '104.28.156.163', 'failed_username', '2025-06-04 15:24:19'),
(60, NULL, 'lalica', '104.28.156.163', 'Mozilla/5.0 (Linux; Android 10; K) AppleWebKit/537.36 (KHTML, like Gecko) Chrome/136.0.0.0 Mobile Safari/537.36', 'Desktop', 'Google Chrome', 'Linux', '104.28.156.163', 'failed_username', '2025-06-04 15:24:20'),
(61, NULL, 'cacalica', '104.28.156.163', 'Mozilla/5.0 (Linux; Android 10; K) AppleWebKit/537.36 (KHTML, like Gecko) Chrome/136.0.0.0 Mobile Safari/537.36', 'Desktop', 'Google Chrome', 'Linux', '104.28.156.163', 'failed_username', '2025-06-04 15:24:36'),
(62, 19, 'syalisya', '104.28.156.163', 'Mozilla/5.0 (Linux; Android 10; K) AppleWebKit/537.36 (KHTML, like Gecko) Chrome/136.0.0.0 Mobile Safari/537.36', 'Desktop', 'Google Chrome', 'Linux', '104.28.156.163', 'success', '2025-06-04 15:25:28'),
(63, NULL, 'amel200904@gmail.com', '103.176.95.53', 'Mozilla/5.0 (Linux; Android 10; K) AppleWebKit/537.36 (KHTML, like Gecko) SamsungBrowser/28.0 Chrome/130.0.0.0 Mobile Safari/537.36', 'Desktop', 'Google Chrome', 'Linux', '103.176.95.53', 'failed_username', '2025-06-13 11:32:30'),
(64, NULL, 'amel200904@gmail.com', '103.176.95.53', 'Mozilla/5.0 (Linux; Android 10; K) AppleWebKit/537.36 (KHTML, like Gecko) SamsungBrowser/28.0 Chrome/130.0.0.0 Mobile Safari/537.36', 'Desktop', 'Google Chrome', 'Linux', '103.176.95.53', 'failed_username', '2025-06-13 11:32:32'),
(65, NULL, 'demel', '103.176.95.53', 'Mozilla/5.0 (Linux; Android 10; K) AppleWebKit/537.36 (KHTML, like Gecko) SamsungBrowser/28.0 Chrome/130.0.0.0 Mobile Safari/537.36', 'Desktop', 'Google Chrome', 'Linux', '103.176.95.53', 'failed_username', '2025-06-13 11:32:39'),
(66, NULL, 'Demel', '103.176.95.53', 'Mozilla/5.0 (Linux; Android 10; K) AppleWebKit/537.36 (KHTML, like Gecko) SamsungBrowser/28.0 Chrome/130.0.0.0 Mobile Safari/537.36', 'Desktop', 'Google Chrome', 'Linux', '103.176.95.53', 'failed_username', '2025-06-13 11:32:49'),
(67, NULL, 'amel200904@gmail.com', '103.176.95.53', 'Mozilla/5.0 (Linux; Android 10; K) AppleWebKit/537.36 (KHTML, like Gecko) SamsungBrowser/28.0 Chrome/130.0.0.0 Mobile Safari/537.36', 'Desktop', 'Google Chrome', 'Linux', '103.176.95.53', 'failed_username', '2025-06-13 11:32:53'),
(68, NULL, 'amel200904@gmail.com', '103.176.95.53', 'Mozilla/5.0 (Linux; Android 10; K) AppleWebKit/537.36 (KHTML, like Gecko) SamsungBrowser/28.0 Chrome/130.0.0.0 Mobile Safari/537.36', 'Desktop', 'Google Chrome', 'Linux', '103.176.95.53', 'failed_username', '2025-06-13 11:32:54'),
(69, 20, 'pangestu', '103.133.25.101', 'Mozilla/5.0 (Linux; Android 15; Infinix X6853 Build/AP3A.240905.015.A2; wv) AppleWebKit/537.36 (KHTML, like Gecko) Version/4.0 Chrome/137.0.7151.80 Mobile Safari/537.36 Instagram 384.0.0.46.83 Android (35/15; 480dpi; 1080x2436; INFINIX/Infinix; Infinix X6853; Infinix-X6853; mt6789; id_ID; 746325133; IABMV/1)', 'Desktop', 'Google Chrome', 'Linux', '103.133.25.101', 'success', '2025-06-15 16:48:08'),
(70, NULL, 'nafacraft12@gmail.com', '114.9.27.222', 'Mozilla/5.0 (X11; Linux x86_64) AppleWebKit/537.36 (KHTML, like Gecko) Chrome/130.0.0.0 Safari/537.36', 'Desktop', 'Google Chrome', 'Linux', '114.9.27.222', 'failed_username', '2025-06-15 18:54:34'),
(71, NULL, 'nafaweddingplanner@gmail.com', '114.9.27.222', 'Mozilla/5.0 (X11; Linux x86_64) AppleWebKit/537.36 (KHTML, like Gecko) Chrome/130.0.0.0 Safari/537.36', 'Desktop', 'Google Chrome', 'Linux', '114.9.27.222', 'failed_username', '2025-06-15 18:54:44'),
(72, 21, 'Kevin07', '182.2.132.72', 'Mozilla/5.0 (Linux; Android 10; K) AppleWebKit/537.36 (KHTML, like Gecko) Chrome/136.0.0.0 Mobile Safari/537.36', 'Desktop', 'Google Chrome', 'Linux', '182.2.132.72', 'success', '2025-06-22 09:50:03'),
(73, 21, 'Kevin07', '182.2.132.72', 'Mozilla/5.0 (Linux; Android 10; K) AppleWebKit/537.36 (KHTML, like Gecko) Chrome/136.0.0.0 Mobile Safari/537.36', 'Desktop', 'Google Chrome', 'Linux', '182.2.132.72', 'success', '2025-06-22 11:12:37'),
(74, 21, 'Kevin07', '182.2.132.72', 'Mozilla/5.0 (Linux; Android 10; K) AppleWebKit/537.36 (KHTML, like Gecko) Chrome/136.0.0.0 Mobile Safari/537.36', 'Desktop', 'Google Chrome', 'Linux', '182.2.132.72', 'success', '2025-06-22 12:25:49'),
(75, 21, 'Kevin07', '182.2.132.72', 'Mozilla/5.0 (Linux; Android 10; K) AppleWebKit/537.36 (KHTML, like Gecko) Chrome/136.0.0.0 Mobile Safari/537.36', 'Desktop', 'Google Chrome', 'Linux', '182.2.132.72', 'success', '2025-06-22 15:52:05'),
(76, NULL, 'fikrymuslim1@gmail.com', '114.10.78.73', 'Mozilla/5.0 (Linux; Android 10; K) AppleWebKit/537.36 (KHTML, like Gecko) Chrome/135.0.0.0 Mobile Safari/537.36', 'Desktop', 'Google Chrome', 'Linux', '114.10.78.73', 'failed_username', '2025-06-23 11:47:25'),
(77, NULL, 'fikrymuslim1@gmail.com', '114.10.78.73', 'Mozilla/5.0 (Linux; Android 10; K) AppleWebKit/537.36 (KHTML, like Gecko) Chrome/135.0.0.0 Mobile Safari/537.36', 'Desktop', 'Google Chrome', 'Linux', '114.10.78.73', 'failed_username', '2025-06-23 11:47:29'),
(78, NULL, 'fikrymuslim1@gmail.com', '114.10.78.73', 'Mozilla/5.0 (Linux; Android 10; K) AppleWebKit/537.36 (KHTML, like Gecko) Chrome/135.0.0.0 Mobile Safari/537.36', 'Desktop', 'Google Chrome', 'Linux', '114.10.78.73', 'failed_username', '2025-06-23 11:47:37'),
(79, NULL, 'fikrymuslim1@gmail.com', '114.10.78.73', 'Mozilla/5.0 (Linux; Android 10; K) AppleWebKit/537.36 (KHTML, like Gecko) Chrome/135.0.0.0 Mobile Safari/537.36', 'Desktop', 'Google Chrome', 'Linux', '114.10.78.73', 'failed_username', '2025-06-23 11:47:46'),
(80, NULL, 'fikry06', '114.10.78.73', 'Mozilla/5.0 (Linux; Android 10; K) AppleWebKit/537.36 (KHTML, like Gecko) Chrome/135.0.0.0 Mobile Safari/537.36', 'Desktop', 'Google Chrome', 'Linux', '114.10.78.73', 'failed_username', '2025-06-23 11:47:55'),
(81, 21, 'Kevin07', '182.2.165.233', 'Mozilla/5.0 (Linux; Android 10; K) AppleWebKit/537.36 (KHTML, like Gecko) Chrome/136.0.0.0 Mobile Safari/537.36', 'Desktop', 'Google Chrome', 'Linux', '182.2.165.233', 'success', '2025-06-24 07:45:34'),
(82, NULL, 'mustiah100877@gmail.com', '125.164.0.203', 'Mozilla/5.0 (Linux; U; Android 13; in-id; CPH2159 Build/TP1A.220905.001) AppleWebKit/537.36 (KHTML, like Gecko) Chrome/125.0.6422.72 Mobile Safari/537.36 HeyTapBrowser/45.12.6.1', 'Desktop', 'Google Chrome', 'Linux', '125.164.0.203', 'failed_username', '2025-06-24 10:58:43'),
(83, NULL, 'mustiah100877@gmail.com', '125.164.0.203', 'Mozilla/5.0 (Linux; U; Android 13; in-id; CPH2159 Build/TP1A.220905.001) AppleWebKit/537.36 (KHTML, like Gecko) Chrome/125.0.6422.72 Mobile Safari/537.36 HeyTapBrowser/45.12.6.1', 'Desktop', 'Google Chrome', 'Linux', '125.164.0.203', 'failed_username', '2025-06-24 10:58:56'),
(84, NULL, 'fikrymuslim1@gmail.com', '114.10.76.60', 'Mozilla/5.0 (Linux; Android 10; K) AppleWebKit/537.36 (KHTML, like Gecko) Chrome/135.0.0.0 Mobile Safari/537.36', 'Desktop', 'Google Chrome', 'Linux', '114.10.76.60', 'failed_username', '2025-06-27 04:09:11'),
(85, 22, 'fikrymuslim1@gmail.com', '114.10.76.60', 'Mozilla/5.0 (Linux; Android 10; K) AppleWebKit/537.36 (KHTML, like Gecko) Chrome/135.0.0.0 Mobile Safari/537.36', 'Desktop', 'Google Chrome', 'Linux', '114.10.76.60', 'success', '2025-06-27 04:09:45'),
(86, 22, 'fikrymuslim1@gmail.com', '114.10.76.44', 'Mozilla/5.0 (Linux; Android 10; K) AppleWebKit/537.36 (KHTML, like Gecko) Chrome/135.0.0.0 Mobile Safari/537.36', 'Desktop', 'Google Chrome', 'Linux', '114.10.76.44', 'success', '2025-06-27 13:17:43'),
(87, 22, 'fikrymuslim1@gmail.com', '114.10.78.35', 'Mozilla/5.0 (Linux; Android 10; K) AppleWebKit/537.36 (KHTML, like Gecko) Chrome/135.0.0.0 Mobile Safari/537.36', 'Desktop', 'Google Chrome', 'Linux', '114.10.78.35', 'success', '2025-06-27 15:59:19'),
(88, 22, 'fikrymuslim1@gmail.com', '114.10.79.13', 'Mozilla/5.0 (Linux; Android 10; K) AppleWebKit/537.36 (KHTML, like Gecko) Chrome/135.0.0.0 Mobile Safari/537.36', 'Desktop', 'Google Chrome', 'Linux', '114.10.79.13', 'success', '2025-06-28 10:44:27'),
(89, 22, 'fikrymuslim1@gmail.com', '114.10.76.104', 'Mozilla/5.0 (Linux; Android 10; K) AppleWebKit/537.36 (KHTML, like Gecko) Chrome/135.0.0.0 Mobile Safari/537.36', 'Desktop', 'Google Chrome', 'Linux', '114.10.76.104', 'success', '2025-06-30 03:58:21'),
(90, 23, 'violita123', '103.247.23.53', 'Mozilla/5.0 (Linux; Android 10; K) AppleWebKit/537.36 (KHTML, like Gecko) Chrome/137.0.0.0 Mobile Safari/537.36', 'Desktop', 'Google Chrome', 'Linux', '103.247.23.53', 'success', '2025-06-30 12:40:56'),
(91, 22, 'fikrymuslim1@gmail.com', '114.10.77.22', 'Mozilla/5.0 (Linux; Android 10; K) AppleWebKit/537.36 (KHTML, like Gecko) Chrome/135.0.0.0 Mobile Safari/537.36', 'Desktop', 'Google Chrome', 'Linux', '114.10.77.22', 'success', '2025-07-03 11:11:32'),
(92, 24, 'akbrgndr', '182.1.82.160', 'Mozilla/5.0 (Linux; Android 10; K) AppleWebKit/537.36 (KHTML, like Gecko) Chrome/137.0.0.0 Mobile Safari/537.36', 'Desktop', 'Google Chrome', 'Linux', '182.1.82.160', 'success', '2025-07-04 05:21:14'),
(93, NULL, 'surajo@gmail.com', '114.10.16.129', 'Mozilla/5.0 (Linux; Android 10; K) AppleWebKit/537.36 (KHTML, like Gecko) Chrome/137.0.0.0 Mobile Safari/537.36', 'Desktop', 'Google Chrome', 'Linux', '114.10.16.129', 'failed_username', '2025-07-06 13:10:38'),
(94, NULL, 'surajo@gmail.com', '114.10.16.129', 'Mozilla/5.0 (Linux; Android 10; K) AppleWebKit/537.36 (KHTML, like Gecko) Chrome/137.0.0.0 Mobile Safari/537.36', 'Desktop', 'Google Chrome', 'Linux', '114.10.16.129', 'failed_username', '2025-07-06 13:10:44'),
(95, NULL, 'surajo@gmail.com', '114.10.16.129', 'Mozilla/5.0 (Linux; Android 10; K) AppleWebKit/537.36 (KHTML, like Gecko) Chrome/137.0.0.0 Mobile Safari/537.36', 'Desktop', 'Google Chrome', 'Linux', '114.10.16.129', 'failed_username', '2025-07-06 13:10:46'),
(96, NULL, 'surajo@gmail.com', '114.10.16.129', 'Mozilla/5.0 (Linux; Android 10; K) AppleWebKit/537.36 (KHTML, like Gecko) Chrome/137.0.0.0 Mobile Safari/537.36', 'Desktop', 'Google Chrome', 'Linux', '114.10.16.129', 'failed_username', '2025-07-06 13:10:47'),
(97, NULL, 'surajo@gmail.com', '114.10.16.129', 'Mozilla/5.0 (Linux; Android 10; K) AppleWebKit/537.36 (KHTML, like Gecko) Chrome/137.0.0.0 Mobile Safari/537.36', 'Desktop', 'Google Chrome', 'Linux', '114.10.16.129', 'failed_username', '2025-07-06 13:10:51'),
(98, NULL, 'andi@gmail.com', '114.10.16.129', 'Mozilla/5.0 (Linux; Android 10; K) AppleWebKit/537.36 (KHTML, like Gecko) Chrome/137.0.0.0 Mobile Safari/537.36', 'Desktop', 'Google Chrome', 'Linux', '114.10.16.129', 'failed_username', '2025-07-06 13:11:00'),
(99, NULL, 'andi@gmail.com', '114.10.16.129', 'Mozilla/5.0 (Linux; Android 10; K) AppleWebKit/537.36 (KHTML, like Gecko) Chrome/137.0.0.0 Mobile Safari/537.36', 'Desktop', 'Google Chrome', 'Linux', '114.10.16.129', 'failed_username', '2025-07-06 13:11:03'),
(100, NULL, 'andi@gmail.com', '114.10.16.129', 'Mozilla/5.0 (Linux; Android 10; K) AppleWebKit/537.36 (KHTML, like Gecko) Chrome/137.0.0.0 Mobile Safari/537.36', 'Desktop', 'Google Chrome', 'Linux', '114.10.16.129', 'failed_username', '2025-07-06 13:11:03'),
(101, NULL, 'andi@gmail.com', '114.10.16.129', 'Mozilla/5.0 (Linux; Android 10; K) AppleWebKit/537.36 (KHTML, like Gecko) Chrome/137.0.0.0 Mobile Safari/537.36', 'Desktop', 'Google Chrome', 'Linux', '114.10.16.129', 'failed_username', '2025-07-06 13:11:04'),
(102, 25, 'stella', '114.10.20.87', 'Mozilla/5.0 (Linux; U; Android 11; in-id; RMX2195 Build/RKQ1.201217.002) AppleWebKit/537.36 (KHTML, like Gecko) Chrome/125.0.6422.72 Mobile Safari/537.36 HeyTapBrowser/45.12.6.1', 'Desktop', 'Google Chrome', 'Linux', '114.10.20.87', 'success', '2025-07-09 07:36:29'),
(103, 22, 'fikrymuslim1@gmail.com', '114.10.76.86', 'Mozilla/5.0 (Linux; Android 10; K) AppleWebKit/537.36 (KHTML, like Gecko) Chrome/135.0.0.0 Mobile Safari/537.36', 'Desktop', 'Google Chrome', 'Linux', '114.10.76.86', 'success', '2025-07-12 15:16:42'),
(104, 26, 'naila', '114.10.77.67', 'Mozilla/5.0 (Linux; Android 10; K) AppleWebKit/537.36 (KHTML, like Gecko) Chrome/136.0.0.0 Mobile Safari/537.36', 'Desktop', 'Google Chrome', 'Linux', '114.10.77.67', 'success', '2025-07-17 06:45:40'),
(105, 26, 'naila', '114.10.79.77', 'Mozilla/5.0 (X11; Linux x86_64) AppleWebKit/537.36 (KHTML, like Gecko) Chrome/136.0.0.0 Safari/537.36', 'Desktop', 'Google Chrome', 'Linux', '114.10.79.77', 'success', '2025-07-17 09:37:51'),
(106, 27, 'lexnnstore', '160.25.58.19', 'Mozilla/5.0 (Linux; Android 10; K) AppleWebKit/537.36 (KHTML, like Gecko) Chrome/138.0.0.0 Mobile Safari/537.36', 'Desktop', 'Google Chrome', 'Linux', '160.25.58.19', 'success', '2025-07-18 15:02:34'),
(107, NULL, 'admin@mail.com', '180.252.213.229', 'Mozilla/5.0 (Windows NT 10.0; Win64; x64) AppleWebKit/537.36 (KHTML, like Gecko) Chrome/138.0.0.0 Safari/537.36', 'Desktop', 'Google Chrome', 'Windows 10', '180.252.213.229', 'failed_username', '2025-07-23 02:11:18'),
(108, 25, 'stella', '114.10.121.212', 'Mozilla/5.0 (Linux; U; Android 11; in-id; RMX2195 Build/RKQ1.201217.002) AppleWebKit/537.36 (KHTML, like Gecko) Chrome/125.0.6422.72 Mobile Safari/537.36 HeyTapBrowser/45.12.6.1', 'Desktop', 'Google Chrome', 'Linux', '114.10.121.212', 'success', '2025-07-24 08:49:39'),
(109, 21, 'Kevin07', '182.2.166.139', 'Mozilla/5.0 (Linux; Android 10; K) AppleWebKit/537.36 (KHTML, like Gecko) Chrome/138.0.0.0 Mobile Safari/537.36', 'Desktop', 'Google Chrome', 'Linux', '182.2.166.139', 'success', '2025-07-25 01:42:44'),
(110, 28, 'miseryy2022@gmail.com', '125.163.202.91', 'Mozilla/5.0 (Linux; Android 10; K) AppleWebKit/537.36 (KHTML, like Gecko) Chrome/138.0.0.0 Mobile Safari/537.36', 'Desktop', 'Google Chrome', 'Linux', '125.163.202.91', 'success', '2025-07-25 06:44:59'),
(111, 28, 'miseryy2022@gmail.com', '36.79.116.132', 'Mozilla/5.0 (Linux; Android 10; K) AppleWebKit/537.36 (KHTML, like Gecko) Chrome/138.0.0.0 Mobile Safari/537.36', 'Desktop', 'Google Chrome', 'Linux', '36.79.116.132', 'success', '2025-07-25 13:40:33'),
(112, 28, 'miseryy2022@gmail.com', '103.102.12.85', 'Mozilla/5.0 (Linux; Android 10; K) AppleWebKit/537.36 (KHTML, like Gecko) Chrome/138.0.0.0 Mobile Safari/537.36', 'Desktop', 'Google Chrome', 'Linux', '103.102.12.85', 'success', '2025-07-26 04:38:30'),
(113, 28, 'miseryy2022@gmail.com', '125.163.202.91', 'Mozilla/5.0 (Linux; Android 10; K) AppleWebKit/537.36 (KHTML, like Gecko) Chrome/138.0.0.0 Mobile Safari/537.36', 'Desktop', 'Google Chrome', 'Linux', '125.163.202.91', 'success', '2025-07-27 03:56:31'),
(114, 28, 'miseryy2022@gmail.com', '125.164.1.11', 'Mozilla/5.0 (Linux; Android 10; K) AppleWebKit/537.36 (KHTML, like Gecko) Chrome/138.0.0.0 Mobile Safari/537.36', 'Desktop', 'Google Chrome', 'Linux', '125.164.1.11', 'success', '2025-07-28 13:33:10'),
(115, 28, 'miseryy2022@gmail.com', '103.102.12.85', 'Mozilla/5.0 (Linux; Android 10; K) AppleWebKit/537.36 (KHTML, like Gecko) Chrome/138.0.0.0 Mobile Safari/537.36', 'Desktop', 'Google Chrome', 'Linux', '103.102.12.85', 'success', '2025-07-29 03:51:35'),
(116, 21, 'Kevin07', '182.3.53.75', 'Mozilla/5.0 (Linux; Android 10; K) AppleWebKit/537.36 (KHTML, like Gecko) Chrome/138.0.0.0 Mobile Safari/537.36', 'Desktop', 'Google Chrome', 'Linux', '182.3.53.75', 'success', '2025-07-29 17:55:38'),
(117, 22, 'fikrymuslim1@gmail.com', '114.10.78.84', 'Mozilla/5.0 (Linux; Android 10; K) AppleWebKit/537.36 (KHTML, like Gecko) Chrome/135.0.0.0 Mobile Safari/537.36', 'Desktop', 'Google Chrome', 'Linux', '114.10.78.84', 'success', '2025-07-30 16:48:15'),
(118, 29, 'cuankqy', '104.28.118.64', 'Mozilla/5.0 (Macintosh; Intel Mac OS X 10_15_7) AppleWebKit/605.1.15 (KHTML, like Gecko) Version/18.5 Safari/605.1.15', 'Desktop', 'Apple Safari', 'Mac OS', '104.28.118.64', 'success', '2025-07-31 09:54:48'),
(119, 28, 'miseryy2022@gmail.com', '103.102.12.85', 'Mozilla/5.0 (Linux; Android 10; K) AppleWebKit/537.36 (KHTML, like Gecko) Chrome/138.0.0.0 Mobile Safari/537.36', 'Desktop', 'Google Chrome', 'Linux', '103.102.12.85', 'success', '2025-08-02 02:25:30'),
(120, 30, 'Permana29', '202.10.61.28', 'Mozilla/5.0 (X11; Linux x86_64) AppleWebKit/537.36 (KHTML, like Gecko) Chrome/138.0.0.0 Safari/537.36', 'Desktop', 'Google Chrome', 'Linux', '202.10.61.28', 'success', '2025-08-04 07:19:20'),
(121, 31, 'akmalmyd', '182.3.6.44', 'Mozilla/5.0 (Linux; Android 10; K) AppleWebKit/537.36 (KHTML, like Gecko) Chrome/139.0.0.0 Mobile Safari/537.36', 'Desktop', 'Google Chrome', 'Linux', '182.3.6.44', 'success', '2025-08-10 18:45:29'),
(122, 31, 'akmalmyd', '182.3.6.44', 'Mozilla/5.0 (Linux; Android 10; K) AppleWebKit/537.36 (KHTML, like Gecko) Chrome/139.0.0.0 Mobile Safari/537.36', 'Desktop', 'Google Chrome', 'Linux', '182.3.6.44', 'success', '2025-08-10 19:14:18'),
(123, 32, 'AmandaPelaihari06', '140.213.131.235', 'Mozilla/5.0 (Linux; Android 10; K) AppleWebKit/537.36 (KHTML, like Gecko) Chrome/138.0.0.0 Mobile Safari/537.36', 'Desktop', 'Google Chrome', 'Linux', '140.213.131.235', 'success', '2025-08-11 06:02:16'),
(124, NULL, 'dipanyaerik', '140.213.64.132', 'Mozilla/5.0 (Linux; U; Android 12; in-id; CPH2483 Build/SP1A.210812.016) AppleWebKit/537.36 (KHTML, like Gecko) Chrome/91.0.4472.88 Mobile Safari/537.36 HeyTapBrowser/45.8.4.9', 'Desktop', 'Google Chrome', 'Linux', '140.213.64.132', 'failed_username', '2025-08-12 12:52:19'),
(125, NULL, 'adiep store', '140.213.64.132', 'Mozilla/5.0 (Linux; U; Android 12; in-id; CPH2483 Build/SP1A.210812.016) AppleWebKit/537.36 (KHTML, like Gecko) Chrome/91.0.4472.88 Mobile Safari/537.36 HeyTapBrowser/45.8.4.9', 'Desktop', 'Google Chrome', 'Linux', '140.213.64.132', 'failed_username', '2025-08-12 12:52:41'),
(126, NULL, 'adiepstore', '140.213.64.132', 'Mozilla/5.0 (Linux; U; Android 12; in-id; CPH2483 Build/SP1A.210812.016) AppleWebKit/537.36 (KHTML, like Gecko) Chrome/91.0.4472.88 Mobile Safari/537.36 HeyTapBrowser/45.8.4.9', 'Desktop', 'Google Chrome', 'Linux', '140.213.64.132', 'failed_username', '2025-08-12 12:52:57'),
(127, NULL, 'dipanyaerik', '140.213.64.132', 'Mozilla/5.0 (Linux; U; Android 12; in-id; CPH2483 Build/SP1A.210812.016) AppleWebKit/537.36 (KHTML, like Gecko) Chrome/91.0.4472.88 Mobile Safari/537.36 HeyTapBrowser/45.8.4.9', 'Desktop', 'Google Chrome', 'Linux', '140.213.64.132', 'failed_username', '2025-08-12 12:53:29'),
(128, NULL, 'dipanyaerik', '140.213.64.132', 'Mozilla/5.0 (Linux; U; Android 12; in-id; CPH2483 Build/SP1A.210812.016) AppleWebKit/537.36 (KHTML, like Gecko) Chrome/91.0.4472.88 Mobile Safari/537.36 HeyTapBrowser/45.8.4.9', 'Desktop', 'Google Chrome', 'Linux', '140.213.64.132', 'failed_username', '2025-08-12 12:53:36'),
(129, NULL, 'Adiepstore', '140.213.64.132', 'Mozilla/5.0 (Linux; U; Android 12; in-id; CPH2483 Build/SP1A.210812.016) AppleWebKit/537.36 (KHTML, like Gecko) Chrome/91.0.4472.88 Mobile Safari/537.36 HeyTapBrowser/45.8.4.9', 'Desktop', 'Google Chrome', 'Linux', '140.213.64.132', 'failed_username', '2025-08-12 12:53:51'),
(130, 33, 'bknsiapa', '182.3.101.109', 'Mozilla/5.0 (Linux; Android 10; K) AppleWebKit/537.36 (KHTML, like Gecko) Chrome/138.0.0.0 Mobile Safari/537.36', 'Desktop', 'Google Chrome', 'Linux', '182.3.101.109', 'success', '2025-08-12 16:46:21'),
(131, 33, 'bknsiapa', '182.3.101.109', 'Mozilla/5.0 (Linux; Android 10; K) AppleWebKit/537.36 (KHTML, like Gecko) Chrome/138.0.0.0 Mobile Safari/537.36', 'Desktop', 'Google Chrome', 'Linux', '182.3.101.109', 'success', '2025-08-12 17:18:17'),
(132, 33, 'bknsiapa', '114.10.100.14', 'Mozilla/5.0 (Linux; Android 10; K) AppleWebKit/537.36 (KHTML, like Gecko) Chrome/138.0.0.0 Mobile Safari/537.36', 'Desktop', 'Google Chrome', 'Linux', '114.10.100.14', 'success', '2025-08-13 00:22:49'),
(133, 33, 'bknsiapa', '114.10.100.14', 'Mozilla/5.0 (Linux; Android 10; K) AppleWebKit/537.36 (KHTML, like Gecko) Chrome/138.0.0.0 Mobile Safari/537.36', 'Desktop', 'Google Chrome', 'Linux', '114.10.100.14', 'success', '2025-08-13 01:42:40'),
(134, 33, 'bknsiapa', '182.1.230.47', 'Mozilla/5.0 (Linux; Android 10; K) AppleWebKit/537.36 (KHTML, like Gecko) Chrome/138.0.0.0 Mobile Safari/537.36', 'Desktop', 'Google Chrome', 'Linux', '182.1.230.47', 'success', '2025-08-13 02:08:47'),
(135, 33, 'bknsiapa', '182.1.230.47', 'Mozilla/5.0 (Linux; Android 10; K) AppleWebKit/537.36 (KHTML, like Gecko) Chrome/138.0.0.0 Mobile Safari/537.36', 'Desktop', 'Google Chrome', 'Linux', '182.1.230.47', 'success', '2025-08-13 06:17:07'),
(136, 33, 'bknsiapa', '140.213.112.63', 'Mozilla/5.0 (Linux; Android 10; K) AppleWebKit/537.36 (KHTML, like Gecko) Chrome/138.0.0.0 Mobile Safari/537.36', 'Desktop', 'Google Chrome', 'Linux', '140.213.112.63', 'success', '2025-08-16 12:22:26');

-- --------------------------------------------------------

--
-- Table structure for table `orders`
--

CREATE TABLE `orders` (
  `id` int(10) UNSIGNED NOT NULL,
  `user_id` int(10) UNSIGNED NOT NULL,
  `service_id` int(10) UNSIGNED NOT NULL,
  `target` varchar(500) NOT NULL,
  `quantity` int(10) UNSIGNED NOT NULL,
  `price` decimal(15,2) NOT NULL,
  `start_count` int(10) UNSIGNED DEFAULT NULL,
  `remains` int(10) UNSIGNED DEFAULT NULL,
  `status` enum('pending','processing','in progress','success','error','partial','canceled') NOT NULL DEFAULT 'pending',
  `api_order_id` varchar(100) DEFAULT NULL,
  `api_response` text DEFAULT NULL,
  `custom_comments` text DEFAULT NULL COMMENT 'Komentar kustom jika layanan memerlukan',
  `custom_link` varchar(2048) DEFAULT NULL COMMENT 'Link kustom jika layanan memerlukan',
  `order_source` enum('web','api') NOT NULL DEFAULT 'web' COMMENT 'Asal pesanan dibuat (web/API)',
  `ip_address` varchar(45) DEFAULT NULL COMMENT 'Alamat IP pemesan',
  `created_at` timestamp NULL DEFAULT current_timestamp(),
  `updated_at` timestamp NULL DEFAULT current_timestamp() ON UPDATE current_timestamp()
) ENGINE=InnoDB DEFAULT CHARSET=utf8mb4 COLLATE=utf8mb4_unicode_ci;

--
-- Dumping data for table `orders`
--

INSERT INTO `orders` (`id`, `user_id`, `service_id`, `target`, `quantity`, `price`, `start_count`, `remains`, `status`, `api_order_id`, `api_response`, `custom_comments`, `custom_link`, `order_source`, `ip_address`, `created_at`, `updated_at`) VALUES
(1, 1, 11, 'tes', 10, 2.00, 0, 10, 'error', '444975', '{\"response\":true,\"data\":{\"id\":444975,\"price\":0,\"status\":\"Error\",\"start_count\":0,\"remains\":10}}', NULL, NULL, 'web', NULL, '2025-04-22 07:36:32', '2025-04-22 12:50:05'),
(2, 1, 11, 'agum', 10, 2.00, 0, 10, 'error', '444978', '{\"response\":true,\"data\":{\"id\":444978,\"price\":0,\"status\":\"Error\",\"start_count\":0,\"remains\":10}}', NULL, NULL, 'web', NULL, '2025-04-22 07:38:39', '2025-04-22 12:50:07'),
(4, 1, 14, 'tess', 10, 2.20, 0, 10, 'error', '444980', '{\"response\":true,\"data\":{\"id\":444980,\"price\":0,\"status\":\"Error\",\"start_count\":0,\"remains\":10}}', NULL, NULL, 'web', NULL, '2025-04-22 07:45:51', '2025-04-22 12:50:14'),
(5, 1, 11, 'tessss', 10, 2.00, 0, 10, 'error', '444982', '{\"response\":true,\"data\":{\"id\":444982,\"price\":0,\"status\":\"Error\",\"start_count\":0,\"remains\":10}}', NULL, NULL, 'web', NULL, '2025-04-22 07:47:43', '2025-04-22 12:50:16'),
(7, 1, 11, 'tessssss123', 10, 2.00, 0, 10, 'error', '445014', '{\"response\":true,\"data\":{\"id\":445014,\"price\":0,\"status\":\"Error\",\"start_count\":0,\"remains\":10}}', NULL, NULL, 'web', NULL, '2025-04-22 07:59:01', '2025-04-22 12:50:19'),
(8, 1, 11, 'aaaaaa23', 10, 2.00, 0, 10, 'error', '445098', '{\"response\":true,\"data\":{\"id\":445098,\"price\":0,\"status\":\"Error\",\"start_count\":0,\"remains\":10}}', NULL, NULL, 'web', NULL, '2025-04-22 11:17:09', '2025-04-22 12:50:22'),
(9, 1, 11, 'aaaa344', 10, 2.00, 0, 10, 'error', '445099', '{\"response\":true,\"data\":{\"id\":445099,\"price\":0,\"status\":\"Error\",\"start_count\":0,\"remains\":10}}', NULL, NULL, 'web', NULL, '2025-04-22 11:17:32', '2025-04-22 12:50:25'),
(10, 1, 13, 'aaaaaa434323', 10, 2.15, 0, 10, 'error', '445100', '{\"response\":true,\"data\":{\"id\":445100,\"price\":0,\"status\":\"Error\",\"start_count\":0,\"remains\":10}}', NULL, NULL, 'web', NULL, '2025-04-22 11:18:07', '2025-04-22 12:50:33'),
(11, 1, 11, '123421312', 10, 2.00, 0, 10, 'error', '445101', '{\"response\":true,\"data\":{\"id\":445101,\"price\":0,\"status\":\"Error\",\"start_count\":0,\"remains\":10}}', NULL, NULL, 'web', NULL, '2025-04-22 11:18:23', '2025-04-22 12:50:35'),
(12, 1, 16, '3413213', 10, 2.32, 0, 10, 'error', '445104', '{\"response\":true,\"data\":{\"id\":445104,\"price\":0,\"status\":\"Error\",\"start_count\":0,\"remains\":10}}', NULL, NULL, 'web', NULL, '2025-04-22 11:20:12', '2025-04-22 12:50:38'),
(13, 1, 11, 'tes423432', 10, 2.00, 0, 10, 'error', '445106', '{\"response\":true,\"data\":{\"id\":445106,\"price\":0,\"status\":\"Error\",\"start_count\":0,\"remains\":10}}', NULL, NULL, 'web', NULL, '2025-04-22 11:20:27', '2025-04-22 12:50:40'),
(21, 1, 11, 'resss', 10, 2.00, 0, 10, 'error', '446054', '{\"response\":true,\"data\":{\"id\":446054,\"price\":0,\"status\":\"Error\",\"start_count\":0,\"remains\":10}}', NULL, NULL, 'web', NULL, '2025-04-24 08:03:59', '2025-04-24 08:23:22'),
(22, 1, 14, 'retete', 1000, 220.00, 0, 1000, 'error', '446055', '{\"response\":true,\"data\":{\"id\":446055,\"price\":0,\"status\":\"Error\",\"start_count\":0,\"remains\":1000}}', NULL, NULL, 'web', NULL, '2025-04-24 08:06:32', '2025-05-03 06:30:13'),
(23, 16, 11, 'tess100', 10, 2.00, NULL, NULL, 'processing', '451455', '{\"response\":true,\"data\":{\"id\":451455,\"price\":2}}', NULL, NULL, 'web', NULL, '2025-05-05 05:09:31', '2025-05-05 05:09:33');

-- --------------------------------------------------------

--
-- Table structure for table `services`
--

CREATE TABLE `services` (
  `id` int(10) UNSIGNED NOT NULL,
  `category_id` int(10) UNSIGNED NOT NULL,
  `provider_id` int(10) UNSIGNED DEFAULT NULL,
  `provider_service_id` varchar(100) NOT NULL,
  `name` varchar(255) NOT NULL,
  `note` text DEFAULT NULL,
  `price_per_1000` decimal(15,2) NOT NULL DEFAULT 0.00,
  `min_order` int(10) UNSIGNED NOT NULL DEFAULT 100,
  `max_order` int(10) UNSIGNED NOT NULL DEFAULT 10000,
  `status` enum('active','inactive') NOT NULL DEFAULT 'active',
  `created_at` timestamp NULL DEFAULT current_timestamp(),
  `updated_at` timestamp NULL DEFAULT current_timestamp() ON UPDATE current_timestamp()
) ENGINE=InnoDB DEFAULT CHARSET=utf8mb4 COLLATE=utf8mb4_unicode_ci;

--
-- Dumping data for table `services`
--

INSERT INTO `services` (`id`, `category_id`, `provider_id`, `provider_service_id`, `name`, `note`, `price_per_1000`, `min_order`, `max_order`, `status`, `created_at`, `updated_at`) VALUES
(1, 10, 1, '1', 'Instagram Followers [Max 10M] | Server Alpha | 🔹 100% Real Old Accounts +15 Posts | 🚫 No Refill | 🔁 Cancel Anytime | ⚡ Est. Delivery: ±240K/Day [✅ Supports All Flags]', '📎 Link: Instagram Username\r\n\r\n💎 Kualitas: 100% Real Old Accounts dengan lebih dari 15 postingan &amp;ndash; 🏆 Kualitas Terbaik di Kelasnya!\r\n\r\n⚡ Kecepatan: Estimasi hingga &amp;plusmn;240K followers per hari\r\n\r\n📉 Drop Rate: Rendah, hanya 0&amp;ndash;5%\r\n\r\n🔄 Refill: ❌ Tidak tersedia (No Refill)\r\n\r\nℹ️ Catatan Penting:\r\n\r\nSaat trafik pesanan tinggi, pengiriman bisa mengalami sedikit penyesuaian waktu.\r\n\r\nHindari double order pada link yang sama sebelum pesanan pertama selesai untuk hasil maksimal.', 22523.00, 10, 10000000, 'active', '2025-04-22 06:28:27', '2025-04-22 06:28:27'),
(2, 10, 1, '2', 'Instagram Followers [Max 10M] | Server Beta | 🔹 Authentic Old Accounts +15 Posts | ♻️ 30 Days Guarantee | 🔁 Cancel Anytime | ⚡ Est. Speed: Up to 260K/Day [✅ Flag Friendly]', '📎 Link: Instagram Username\r\n\r\n💎 Kualitas: Akun lama otentik +15 postingan &amp;ndash; Engagement realistis &amp;amp; aman\r\n\r\n⚡ Kecepatan: Hingga 260K followers per hari\r\n\r\n📉 Drop Rate: Sangat rendah, sekitar 0&amp;ndash;5%\r\n\r\n🔁 Refill: ✅ Garansi Refill 30 Hari jika ada penurunan signifikan\r\n\r\nℹ️ Catatan Penting:\r\n\r\nWaktu mulai bisa bergeser saat sistem sedang memproses banyak permintaan.\r\n\r\nPastikan tidak mengirim order kedua di link yang sama sebelum order pertama selesai.', 23888.00, 10, 10000000, 'active', '2025-04-22 06:28:27', '2025-04-22 06:28:27'),
(3, 10, 1, '3', 'Instagram Followers [Max 10M] | Server Gamma | 🔹 Real Old Accounts +15 Posts | ♻️ 60 Days Guarantee | 🔁 Cancel Anytime | ⚡ Avg. 200K–270K/Day [✅ Global Flags Supported]', '📎 Link: Instagram Username\r\n\r\n💎 Kualitas: Akun lama asli dengan minimal 15 postingan &amp;ndash; Tingkat keaslian tinggi\r\n\r\n⚡ Kecepatan: Rata-rata 200K&amp;ndash;270K followers/hari\r\n\r\n📉 Drop Rate: 0&amp;ndash;5% (natural &amp;amp; terukur)\r\n\r\n🔁 Refill: ✅ Garansi Refill 60 Hari\r\n\r\nℹ️ Catatan Penting:\r\n\r\nAda kemungkinan keterlambatan minor saat volume pesanan meningkat.\r\n\r\nSistem akan menolak order kedua pada link yang masih aktif.', 24343.00, 10, 10000000, 'active', '2025-04-22 06:28:27', '2025-04-22 06:28:27'),
(4, 10, 1, '4', 'Instagram Followers [Max 10M] | Server Delta | 🔹 Trusted Old Accounts +15 Posts | ♻️ 90 Days Protection | 🔁 Cancel Anytime | ⚡ Max Rate: 250K/Day [✅ All Regions OK]', '📎 Link: Instagram Username\r\n\r\n💎 Kualitas: Akun terpercaya berumur lama dengan konten +15 post &amp;ndash; Stabil &amp;amp; aman untuk jangka panjang\r\n\r\n⚡ Kecepatan: Maksimum 250K followers/hari\r\n\r\n📉 Drop Rate: 0&amp;ndash;5%\r\n\r\n🔁 Refill: ✅ Proteksi hingga 90 Hari\r\n\r\nℹ️ Catatan Penting:\r\n\r\nPerubahan kecepatan bisa terjadi tergantung antrian sistem.\r\n\r\nHarap tidak membuat pesanan ganda di satu link sebelum order aktif selesai.', 25988.00, 10, 10000000, 'active', '2025-04-22 06:28:27', '2025-04-22 06:28:27'),
(5, 10, 1, '5', 'Instagram Followers [Max 10M] | Server Omega | 🔹 Premium Old Accounts +15 Posts | ♻️ 365 Days Warranty | 🔁 Cancel Anytime | ⚡ Speeds Vary: 230K–260K/Day [✅ Full Flag Access]', '📎 Link: Instagram Username\r\n\r\n💎 Kualitas: Akun premium berusia lama + konten 15+ post &amp;ndash; 🏅 Cocok untuk akun elite &amp;amp; eksklusif\r\n\r\n⚡ Kecepatan: Antara 230K&amp;ndash;260K followers/hari\r\n\r\n📉 Drop Rate: 0&amp;ndash;5%\r\n\r\n🔁 Refill: ✅ Garansi Panjang Hingga 365 Hari\r\n\r\nℹ️ Catatan Penting:\r\n\r\nKecepatan bisa bervariasi selama high-demand period.\r\n\r\nHindari order berulang dalam 1 link saat masih proses.', 27050.00, 10, 10000000, 'active', '2025-04-22 06:28:27', '2025-04-22 06:28:27'),
(6, 10, 1, '6', 'Instagram Followers [Max 10M] | Server Infinity | 🔹 Ultra Old Accounts +15 Posts | ♻️ Lifetime Support | 🔁 Cancel Anytime | ⚡ Fast Delivery: Up to 255K/Day [✅ Flag-Safe Guaranteed]', '📎 Link: Instagram Username\r\n\r\n💎 Kualitas: Ultra old accounts + lebih dari 15 postingan &amp;ndash; 🏆 Ultimate Class Quality\r\n\r\n⚡ Kecepatan: Hingga 255K followers/hari (pengiriman super cepat)\r\n\r\n📉 Drop Rate: 0&amp;ndash;5%\r\n\r\n🔁 Refill: ✅ Lifetime Support (dukungan refill seumur hidup)\r\n\r\nℹ️ Catatan Penting:\r\n\r\nVolume pesanan tinggi bisa berdampak pada estimasi waktu awal.\r\n\r\nSistem tidak menerima double order selama pesanan masih aktif.', 28420.00, 10, 10000000, 'active', '2025-04-22 06:28:27', '2025-04-22 06:28:27'),
(7, 6, 1, '7', 'Instagram Followers Indonesia | Server Alpha | ♻️ Refill 15 Hari | ⚡ Proses Cepat | ⭐ High Quality', '📎 Link: Instagram Username\r\n\r\n💎 Kualitas: 100% Akun Real Indonesia &amp;ndash; Followers aktif dan terlibat secara alami\r\n\r\n⚡ Kecepatan: Proses cepat, pengiriman dalam waktu singkat\r\n\r\n📉 Drop Rate: 0-5% (Kehilangan followers minimal)\r\n\r\n🔁 Refill: Garansi Refill 15 Hari untuk memastikan kualitas tetap terjaga\r\n\r\nℹ️ Catatan Penting:\r\n\r\nKami menjamin followers yang stabil dengan kehilangan followers yang sangat rendah.\r\n\r\nRefill otomatis jika terdapat kehilangan followers dalam jangka waktu yang dijamin', 35700.00, 100, 10000, 'active', '2025-04-22 06:28:27', '2025-04-22 06:28:27'),
(8, 6, 1, '8', 'Instagram Followers Indonesia | Server Beta | ♻️ Refill 30 Hari | ⚡ Instant Delivery | ⭐ High Quality', '📎 Link: Instagram Username\r\n\r\n💎 Kualitas: 100% Real Akun Indonesia &amp;ndash; Followers yang nyata dan berkualitas tinggi\r\n\r\n⚡ Kecepatan: Pengiriman instan untuk hasil cepat\r\n\r\n📉 Drop Rate: 0-5% (Kehilangan followers minimal)\r\n\r\n🔁 Refill: Garansi Refill 30 Hari untuk memastikan followers tetap stabil\r\n\r\nℹ️ Catatan Penting:\r\n\r\nPengiriman segera tanpa menunggu.\r\n\r\nRefill dijamin dalam 30 hari jika ada penurunan followers.', 36040.00, 100, 200000, 'active', '2025-04-22 06:28:27', '2025-04-22 06:28:27'),
(9, 6, 1, '9', 'Instagram Followers Indonesia | Server Delta | ♻️ Refill 60 Hari | ⚡ Cepat & Efisien | ⭐ High Quality', '📎 Link: Instagram Username\r\n\r\n💎 Kualitas: Akun asli Indonesia dengan followers aktif yang terlibat\r\n\r\n⚡ Kecepatan: Proses sangat cepat dengan hasil langsung terlihat\r\n\r\n📉 Drop Rate: 0-5% (Minimal kehilangan followers)\r\n\r\n🔁 Refill: Garansi Refill 60 Hari untuk menjaga kualitas dan stabilitas followers\r\n\r\nℹ️ Catatan Penting:\r\n\r\nLayanan cepat dan aman untuk meningkatkan kredibilitas akun Anda.\r\n\r\nRefill otomatis untuk memastikan kualitas tetap terjaga.', 38080.00, 100, 200000, 'active', '2025-04-22 06:28:27', '2025-04-22 06:28:27'),
(10, 6, 1, '10', 'Instagram Followers Indonesia | Server Infinity | ♻️ Lifetime Refill | ⚡ Proses Cepat | ⭐ High Quality', '📎 Link: Instagram Username\r\n\r\n💎 Kualitas: Akun lama 100% &amp;ndash; Followers yang sudah teruji dan stabil\r\n\r\n⚡ Kecepatan: Super cepat &amp;ndash; pengiriman langsung dengan hasil cepat\r\n\r\n📉 Drop Rate: 0-5% (Followers tetap stabil)\r\n\r\n🔁 Refill: Garansi Refill Seumur Hidup untuk dukungan jangka panjang\r\n\r\nℹ️ Catatan Penting:\r\n\r\nPengiriman sangat cepat dengan dukungan refill seumur hidup.\r\n\r\nProteksi jangka panjang untuk memastikan followers Anda tetap stabil.', 74800.00, 100, 200000, 'active', '2025-04-22 06:28:27', '2025-04-22 06:28:27'),
(11, 11, 1, '11', 'Instagram Likes [Max 1M] | Server Alpha 🚀 | ⚡ Instant Boost | 🔄 Flexible Cancel | 🛡️ High-Quality Engagement | 📈 Rapid Results | 🎯 Proven Trust (No Refill)', '📎 Link: Instagram Post\r\n\r\n⚡ Kecepatan: Boost instan untuk hasil langsung\r\n\r\n💎 Kualitas: Engagement berkualitas tinggi, likes asli dari akun aktif\r\n\r\n🔄 Pembatalan: Fleksibel, dapat dibatalkan kapan saja\r\n\r\n📈 Hasil: Hasil cepat dan terjamin, dapat dilihat segera', 200.00, 10, 1000000, 'active', '2025-04-22 06:28:27', '2025-04-22 06:28:27'),
(12, 11, 1, '12', 'Instagram Likes [Max 5M] | Server Beta 🔥 | 100% Old Accounts | 🔄 Cancel Anytime | ♻️ 365 Days Refill | ⚡ Lightning-Fast Delivery | 🌟 Reliable & Secure', '📎 Link: Instagram Post\r\n\r\n⚡ Kecepatan: Pengiriman sangat cepat dan efisien\r\n\r\n💎 Kualitas: 100% Akun Lama yang terpercaya dan aktif\r\n\r\n🔄 Pembatalan: Dapat dibatalkan kapan saja\r\n\r\n♻️ Refill: Garansi Refill 365 Hari untuk memastikan kualitas tetap terjaga', 332.00, 10, 5000000, 'active', '2025-04-22 06:28:27', '2025-04-22 06:28:27'),
(13, 11, 1, '13', 'Instagram Likes [Max 1M] | Server Gamma 💡 | 💥 Budget-Friendly | 🔄 Cancel Anytime | ♻️ 30 Days Refill | ⚡ Instant Delivery | 📊 Consistent Growth', '📎 Link: Instagram Post\r\n\r\n⚡ Kecepatan: Pengiriman instan dengan hasil yang cepat\r\n\r\n💎 Kualitas: Layanan berkualitas dengan harga terjangkau\r\n\r\n🔄 Pembatalan: Fleksibel, dapat dibatalkan kapan saja\r\n\r\n♻️ Refill: Garansi Refill 30 Hari untuk mempertahankan kualitas', 215.00, 10, 1000000, 'active', '2025-04-22 06:28:27', '2025-04-22 06:28:27'),
(14, 11, 1, '14', 'Instagram Likes [Max 1M] | Server Delta 🌟 | 🚀 High-Speed Engagement | 🔄 Cancel Anytime | ♻️ 60 Days Refill | ⚡ Ultra-Rapid Start | 💯 Premium Quality', '📎 Link: Instagram Post\r\n\r\n⚡ Kecepatan: Pengiriman super cepat untuk engagement yang langsung terasa\r\n\r\n💎 Kualitas: Likes premium dengan kualitas tinggi\r\n\r\n🔄 Pembatalan: Dapat dibatalkan kapan saja\r\n\r\n♻️ Refill: Garansi Refill 60 Hari untuk memastikan kualitas terjaga', 220.00, 10, 1000000, 'active', '2025-04-22 06:28:27', '2025-04-22 06:28:27'),
(15, 11, 1, '15', 'Instagram Likes [Max 1M] | Server Omega 💨 | ⚡ Instant Impact | 🔄 Cancel Anytime | ♻️ 90 Days Refill | 🛠️ Reliable Performance |', '📎 Link: Instagram Post\r\n\r\n⚡ Kecepatan: Impact instan untuk efek langsung pada postingan Anda\r\n\r\n💎 Kualitas: Kualitas dapat diandalkan dengan likes dari akun yang aktif\r\n\r\n🔄 Pembatalan: Fleksibel, dapat dibatalkan kapan saja\r\n\r\n♻️ Refill: Garansi Refill 90 Hari untuk menjaga kualitas', 226.00, 10, 1000000, 'active', '2025-04-22 06:28:27', '2025-04-22 06:28:27'),
(16, 11, 1, '16', 'Instagram Likes [Max 1M] | Server Infinity 🌍 | 💯 Top-Tier Service | 🔄 Cancel Anytime | ♻️ 365 Days Refill |', '📎 Link: Instagram Post\r\n\r\n⚡ Kecepatan: Pengiriman super cepat dengan hasil langsung terlihat\r\n\r\n💎 Kualitas: Layanan kelas atas dengan kualitas yang tiada tanding\r\n\r\n🔄 Pembatalan: Dapat dibatalkan kapan saja\r\n\r\n♻️ Refill: Garansi Refill 365 Hari untuk perlindungan jangka panjang', 232.00, 10, 1000000, 'active', '2025-04-22 06:28:27', '2025-04-22 06:28:27'),
(17, 11, 1, '17', 'Instagram Likes [Max 1M] | Server Zeta 🌠 | 🌟 Elite Quality Engagement | 🔄 Cancel Anytime | ♻️ Lifetime Refill | ⚡ Instant Start | 🚀 Superior Results', '📎 Link: Instagram Post\r\n\r\n⚡ Kecepatan: Pengiriman instan yang langsung terlihat\r\n\r\n💎 Kualitas: Engagement berkualitas elit, followers aktif yang terlibat\r\n\r\n🔄 Pembatalan: Fleksibel, dapat dibatalkan kapan saja\r\n\r\n♻️ Refill: Garansi Refill Seumur Hidup untuk perlindungan tanpa batas', 244.00, 10, 1000000, 'active', '2025-04-22 06:28:27', '2025-04-22 06:28:27'),
(18, 12, 1, '18', 'Instagram Likes Indonesia | Server Aurora | ⚡ Refill 5 Hari', 'Isi data link postingan\r\nrefill 5 hari', 6490.00, 100, 30000, 'active', '2025-04-22 06:28:27', '2025-04-22 06:28:27'),
(19, 12, 1, '19', '🇮🇩 Instagram Likes Indonesia | Server Nebula | 🎯 Real Engagement | 📊 Impression, Reach, & Profile Visit | ⚡ Pengiriman Instan | ♻️ Refill 7 Hari | ⭐ Kualitas Terpercaya', '📎 Link: Instagram Post\r\n\r\n⚡ Kecepatan: Pengiriman instan untuk hasil yang langsung terlihat\r\n\r\n🎯 Engagement: Engagement nyata dengan dampak pada impression, reach, dan profile visit\r\n\r\n♻️ Refill: Garansi Refill 7 Hari untuk mempertahankan kualitas\r\n\r\n⭐ Kualitas: Terpercaya dan terjamin dengan layanan terbaik\r\n\r\n📊 Hasil: Meningkatkan performa akun melalui engagement yang kuat', 6120.00, 100, 50000, 'active', '2025-04-22 06:28:27', '2025-04-22 06:28:27'),
(20, 12, 1, '22', 'Instagram Likes Indonesia | Server Nova| 💥 Refill Lifetime | 🔥 Engagement Nyata & Pengiriman Cepat | 📊 Meningkatkan Impressions Tanpa Batas', '📎 Link: Instagram Post\r\n\r\n⚡ Kecepatan: Pengiriman cepat yang memberikan dampak instan pada postingan Anda\r\n\r\n💥 Refill Lifetime: Refill seumur hidup untuk menjaga kualitas likes Anda tanpa batasan waktu\r\n\r\n🎯 Engagement Nyata: Likes dari akun nyata yang memberikan engagement yang autentik\r\n\r\n📊 Meningkatkan Impressions: Layanan yang meningkatkan impressions secara signifikan dan berkelanjutan tanpa batas\r\n\r\n⭐ Kualitas: Layanan dengan kualitas terbaik dan kepercayaan penuh dari pengguna', 41250.00, 100, 50000, 'active', '2025-04-22 06:28:27', '2025-04-22 06:28:27'),
(21, 12, 1, '23', '🇮🇩 Instagram Likes Indonesia | Server Celestial | 💥 Real Engagement | 📊 Impression, Reach & Profile Visit | ⚡ Pengiriman Cepat | ♻️ Refill 60 Hari | ⭐ Kualitas Unggul', '📎 Link: Instagram Post\r\n\r\n⚡ Kecepatan: Pengiriman super cepat dengan hasil yang langsung terasa\r\n\r\n🎯 Engagement: Engagement nyata yang meningkatkan reach, impressions, dan profil\r\n\r\n♻️ Refill: Garansi Refill 60 Hari untuk kualitas terbaik\r\n\r\n⭐ Kualitas: Kualitas unggul dengan engagement yang stabil dan terpercaya', 9000.00, 100, 50000, 'active', '2025-04-22 06:28:27', '2025-04-22 06:28:27'),
(22, 12, 1, '24', '🇮🇩 Instagram Likes Indonesia | Server Titan | 🎯 Real Engagement | 📈 Meningkatkan Impressions & Reach | ⚡ Instant Delivery | ♻️ Refill 30 Hari | ⭐ Kualitas Terbaik', '📎 Link: Instagram Post\r\n\r\n⚡ Kecepatan: Pengiriman instan untuk efek langsung\r\n\r\n🎯 Engagement: Engagement nyata dengan dampak besar pada impressions dan reach\r\n\r\n♻️ Refill: Garansi Refill 30 Hari untuk memastikan kualitas tetap stabil\r\n\r\n⭐ Kualitas: Layanan terbaik dengan kualitas yang terjamin', 7200.00, 100, 50000, 'active', '2025-04-22 06:28:27', '2025-04-22 06:28:27'),
(23, 12, 1, '25', 'Instagram Likes Indonesia | Server Apollo | ⚡ Refill 3 Hari | 🔥 Layanan Murah & Efektif | 💥 Kualitas Terbaik', 'Isi data link post\r\nrefill 3 Hari', 3335.00, 100, 50000, 'active', '2025-04-22 06:28:27', '2025-04-22 06:28:27'),
(24, 12, 1, '27', 'Instagram Likes Indonesia | Server Atlas | 🎉 BONUS++ | 🚫 Tanpa Refill |', 'Isi data link postingan\r\nRefill : No Refill\r\nFast Proses', 3335.00, 100, 3000, 'active', '2025-04-22 06:28:27', '2025-04-22 06:28:27'),
(25, 18, 1, '28', 'TikTok Followers Server SolarX | [Up to 1M] ✨ | Real TikTok Users 💯 | Auto Start 🔄 | No Refill ⚠️', 'Link: Username TikTok\r\n\r\nKualitas: Akun asli TikTok 💯 &amp;ndash; aman digunakan, bukan bot\r\n\r\nKecepatan: Proses cepat dengan sistem Auto Start 🔄\r\n\r\nRefill: Tidak tersedia ⚠️\r\n\r\nKeamanan: Layanan 100% aman dan terpercaya 🛡️', 20782.00, 10, 1000000, 'active', '2025-04-22 06:28:27', '2025-04-22 06:28:27'),
(26, 18, 1, '29', 'TikTok Followers Server Velocity | [MAX 1JT] 🚀 | Real Human Engagement ✅ | Langsung Mulai ⏱️ | Tanpa Garansi Refill ❌', 'Link: Username TikTok\r\n\r\nKualitas: 100% pengikut manusia nyata ✅ &amp;ndash; aman &amp;amp; terpercaya\r\n\r\nKecepatan: Langsung diproses ⏱️ &amp;ndash; tanpa perlu menunggu\r\n\r\nRefill: Tidak ada ❌', 21875.00, 10, 1000000, 'active', '2025-04-22 06:28:27', '2025-04-22 06:28:27'),
(27, 19, 1, '30', 'TikTok Followers | Server GalaxyX 🌌 | Max 1M 🚀 | 100% Real Users 👤 | Refill 7 Hari♻️ | Cancel Anytime ❎ | Instant Start ⚡', 'Link: Username TikTok\r\n\r\nKualitas: Followers 100% nyata &amp;amp; aktif 👤 &amp;ndash; meningkatkan kredibilitas profil\r\n\r\nKecepatan: Selesai hanya dalam 3 menit ⏱️ &amp;ndash; proses instan dan cepat\r\n\r\nRefill: 7 Hari', 22444.00, 10, 1000000, 'active', '2025-04-22 06:28:27', '2025-04-22 06:28:27'),
(28, 19, 1, '31', 'TikTok Followers | Server Aurora 💫 | Real Aktif 💯 | Refill 30 Hari ♻️ | Cancel Enabled 🔓 |', 'Link: Username TikTok\r\n\r\nKualitas: Akun real dan aktif 💯 &amp;ndash; bantu tingkatkan interaksi dan impresi\r\n\r\nRefill: Garansi isi ulang 30 hari ♻️', 21385.00, 10, 1000000, 'active', '2025-04-22 06:28:27', '2025-04-22 06:28:27'),
(29, 19, 1, '32', 'TikTok Followers | Server ThunderRush ⚡ | Limit 1JT 📈 | Refill Garansi 90 Hari ♻️ | 100% Real Account 👥 | Cancel Aktif ❎ | Super Fast 🚀 | Complete <3 Mins 🕒', 'Link: Username TikTok\r\n\r\nKualitas: 100% akun nyata 👥 &amp;ndash; bantu meningkatkan daya tarik akun\r\n\r\nKecepatan: Super cepat, selesai kurang dari 3 menit 🕒\r\n\r\nRefill: Garansi isi ulang hingga 90 hari ♻️\r\n\r\nCancel: Bisa dibatalkan selama dalam proses ❎\r\n\r\nStart Time: Mulai otomatis segera setelah pemesanan', 35000.00, 10, 1000000, 'active', '2025-04-22 06:28:27', '2025-04-22 06:28:27'),
(30, 27, 1, '34', 'TikTok Video Views | Server HyperTok 🚀 | Max Unlimited 🎥 | Instant Start ⚡ | 10M per Day 🔥 | 𝐔𝐋𝐓𝐑𝐀 𝐅𝐀𝐒𝐓 Guaranteed', 'Tautan: Video TikTok\r\n\r\nMaksimal: Tanpa batas (Unlimited)\r\n\r\nKecepatan: Hingga 10 juta views per hari, start instan ⚡\r\n\r\nKelebihan: Kecepatan luar biasa &amp;ndash; cocok untuk konten viral', 8.00, 100, 2147483647, 'active', '2025-04-22 06:28:27', '2025-04-22 06:28:27'),
(31, 27, 1, '35', 'TikTok Views Max Unlimited 🎯 | Lifetime Guarantee ♻️ | Server ViewStorm 💨 | 5M Daily Boost ⚡ | Super Fast & Steady 🚀', 'Tautan: Video TikTok\r\n\r\nMaksimal: Unlimited\r\n\r\nKecepatan: Hingga 5 juta views per hari\r\n\r\nGaransi: Lifetime refill ♻️\r\n\r\nKelebihan: Stabil dan cepat', 9.00, 100, 100000000, 'active', '2025-04-22 06:28:27', '2025-04-22 06:28:27'),
(32, 27, 1, '36', 'TikTok Video Views | Max 500M 🔥 | Server PowerPlay 🎬 | 30 Days Refill ♻️ | Button Enabled ⛔ | Guaranteed Reach 📈', 'Max: 500M 🔥 | 30 Days Refill ♻️ | Button Enabled ⛔ | Guaranteed Reach 📈\r\n\r\nTautan: Video TikTok\r\n\r\nMaksimal: 500 juta views\r\n\r\nRefill: Garansi 30 hari\r\n\r\nCancel: Tersedia tombol cancel ⛔\r\n\r\nKeunggulan: Jangkauan dijamin, cocok untuk target growth', 12.00, 100, 2147483647, 'active', '2025-04-22 06:28:27', '2025-04-22 06:28:27'),
(33, 27, 1, '37', 'TikTok Views Max 500M 📊 | Server SkyRocket 🚀 | 365 Days Refill ♻️ | Button Active ⛔ | Performance Focused 💯', 'Tautan: Video TikTok\r\n\r\nMaksimal: 500 juta\r\n\r\nRefill: Garansi panjang hingga 365 hari ♻️\r\n\r\nCancel: Bisa dibatalkan jika perlu ⛔\r\n\r\nKelebihan: Fokus pada performa dan peningkatan organik', 18.00, 100, 2147483647, 'active', '2025-04-22 06:28:27', '2025-04-22 06:28:27'),
(34, 27, 1, '38', 'TikTok Video Views | Max 500M 📹 | Lifetime Warranty ♻️ | Server TitanView ⚡ | Refill Button Enabled ⛔ | Reliable Delivery 🔥', 'Tautan: Video TikTok\r\n\r\nMaksimal: Hingga 500 juta\r\n\r\nGaransi: Lifetime refill ♻️\r\n\r\nCancel: Tersedia tombol ⛔\r\n\r\nKeunggulan: Proses aman, pengiriman terpercaya', 45.00, 50, 2147483647, 'active', '2025-04-22 06:28:27', '2025-04-22 06:28:27'),
(35, 27, 1, '39', 'TikTok Views Max 500M 📊 | Server PocketView 💎 | Budget-Friendly 💰 | Lifetime Guarantee ♻️ | Refill Enabled ⛔', 'Tautan: Video TikTok\r\n\r\nMaksimal: 500 juta views\r\n\r\nGaransi: Lifetime refill ♻️\r\n\r\nCancel: Tersedia tombol cancel ⛔', 12.00, 100, 2147483647, 'active', '2025-04-22 06:28:27', '2025-04-22 06:28:27'),
(36, 27, 1, '40', 'TikTok Video Views | Server ViewMaster 💥 | Max Unlimited 🎬 | Super Affordable 💸 | Instant Start ⚡ | Fast Delivery 🔥', 'Tautan: Video TikTok\r\n\r\nMaksimal: Unlimited Views\r\n\r\nKecepatan: Instan start, pengiriman super cepat\r\n\r\nHarga: Sangat terjangkau untuk semua budget 💸', 7.00, 100, 2147483647, 'active', '2025-04-22 06:28:27', '2025-04-22 06:28:27'),
(37, 14, 1, '41', 'Instagram Video Views | Server InstaRush ⚡ | Max Unlimited 🔁 | Instant Update 🚨 | All Link OK ✅ | Super Speed Ready 🏁', 'Tautan: Semua link video Instagram ✅\r\n\r\nMaksimal: Unlimited 🔁 &amp;ndash; cocok untuk semua skala kebutuhan\r\n\r\nUpdate: Tayang secara instan &amp;amp; real-time 🚨\r\n\r\nKecepatan: Mode Super Speed aktif 🏁\r\n\r\nRefill/Cancel: Tidak tersedia', 105.00, 500, 2147483647, 'active', '2025-04-22 06:28:27', '2025-04-22 06:28:27'),
(38, 14, 1, '42', 'Instagram Video Views | Server TurboGram 💨 | Max Unlimited 📈 | All Content Link 🔗 | 🚨 Emergency Speed | 𝗙𝗮𝘀𝘁 𝗔𝗰𝘁𝗶𝗼𝗻 ⚡', 'Tautan: Semua jenis konten video 🔗\r\n\r\nMaksimal: Tanpa batas 📈\r\n\r\nKecepatan: Mode darurat, sangat cepat 🚨\r\n\r\nAksi: Langsung proses tanpa antrian ⚡\r\n\r\nRefill/Cancel: Tidak tersedia\r\n\r\n📌 Catatan:\r\nDirekomendasikan untuk keperluan mendadak seperti trending konten, konten promosi, atau kejar deadline.', 109.00, 100, 2147483647, 'active', '2025-04-22 06:28:27', '2025-04-22 06:28:27'),
(39, 14, 1, '43', 'Instagram Video Views | Server MaxStream 📺 | Max 100M 📊 | Cancel Enabled ❎ | Super Fast Delivery ⚡ | Recommended by [𝗣𝗥𝗢𝗩𝗜𝗗𝗘𝗥] 🏆', 'Tautan: Link Video Instagram\r\n\r\nMaksimal: Hingga 100.000.000 views 📊\r\n\r\nCancel: Bisa dibatalkan selama belum selesai ❎\r\n\r\nKecepatan: Pengiriman super cepat ⚡\r\n\r\nRekomendasi: Direkomendasikan oleh provider terbaik 🏆\r\n\r\n📌 Catatan:\r\nPilihan ideal untuk pengguna profesional yang butuh jumlah besar, fleksibilitas, dan kecepatan.', 115.00, 75, 2147483647, 'active', '2025-04-22 06:28:27', '2025-04-22 06:28:27'),
(40, 14, 1, '44', 'Instagram Video Views | Server FlashBoost ⚡ | Max 500K 🎥 | All Link Support 🔗 | 𝗖𝗼𝗺𝗽𝗹𝗲𝘁𝗲𝗱 𝗶𝗻 𝟯𝟬 𝗦𝗲𝗰𝗼𝗻𝗱𝘀 ⏱️ | Powered by [all-uneed.com] 🚀', 'Tautan: Semua video Instagram 🎥\r\n\r\nMaksimal: 500.000 views\r\n\r\nKecepatan: Selesai dalam 30 detik ⏱️ &amp;ndash; sangat cepat dan efisien\r\n\r\nSupport: Semua link dan konten didukung 🔗\r\n\r\nRefill/Cancel: Tidak tersedia\r\n\r\n📌 Catatan:\r\nSolusi cepat dan instan untuk kamu yang ingin boost views secara kilat dan tanpa ribet.', 123.00, 50, 2147483647, 'active', '2025-04-22 06:28:27', '2025-04-22 06:28:27'),
(41, 14, 1, '45', 'Instagram Video Views | Server HyperView 🚀 | Max Unlimited 🎯 | All Link Supported 🔗 | Super Fast Speed ⚡ | Non-Stop Delivery 🔥', 'Tautan: Link Video Instagram (Post/TV/Reel)\r\n\r\nMaksimal: Tanpa batas (Unlimited) 🎯\r\n\r\nKecepatan: Sangat cepat, berjalan non-stop tanpa delay ⚡🔥\r\n\r\nSupport: Mendukung semua jenis konten video 🔗\r\n\r\nRefill/Cancel: Tanpa refill, tanpa cancel', 85.00, 100, 2147483647, 'active', '2025-04-22 06:28:27', '2025-04-22 06:28:27'),
(42, 29, 1, '46', 'YouTube Views Server Blaze | [MAX 1M] 🌟 | No Refill ⚠️ | SuperInstant 🚀', 'Max Views: 1,000,000\r\n\r\nRefill: No refill\r\n\r\nSpeed: Instant delivery\r\n\r\nDelivery: Super-fast, instant start\r\n\r\nFeatures: No refill, ideal for a quick boost in views', 10719.00, 100, 10000000, 'active', '2025-04-22 06:28:27', '2025-04-22 06:28:27'),
(43, 29, 1, '47', 'YouTube Views Server Titan | [MAX 10M] 🌟 | No Refill ⚠️ | SuperInstant 🚀', 'Max Views: 10,000,000\r\n\r\nRefill: No refill\r\n\r\nSpeed: Instant delivery\r\n\r\nDelivery: Super-fast and instant start\r\n\r\nFeatures: High-volume, no refill, and rapid delivery', 14700.00, 100, 2147483647, 'active', '2025-04-22 06:28:27', '2025-04-22 06:28:27'),
(44, 29, 1, '48', 'YouTube Views Server Nova 🌟 | [MAX 1M] 🌟 | Refill: 365 Days ♻️ | Speed: 50K/Day ⚡ | Start Time: 0-5 Min ⏱️ | Refill Button Enabled 🔄 - Non Drop', 'Max Views: 1,000,000\r\n\r\nRefill: Lifetime refill, valid for 365 days\r\n\r\nSpeed: 50,000 views per day\r\n\r\nDelivery: Starts within 0-5 minutes\r\n\r\nFeatures: Non-drop, steady refill', 23188.00, 10, 50000000, 'active', '2025-04-22 06:28:27', '2025-04-22 06:28:27'),
(45, 29, 1, '49', 'YouTube Views Server Inferno 🌋 | [MAX 5M] 🔥 | Refill: 365 Days ♻️ | Speed: 50K/Day ⚡ | Start Time: 0-5 Min ⏱️ | Refill Button Enabled 🔄 - Non Drop', 'Max Views: 5,000,000\r\n\r\nRefill: Lifetime refill, valid for 365 days\r\n\r\nSpeed: 50,000 views per day\r\n\r\nDelivery: Starts within 0-5 minutes\r\n\r\nFeatures: Non-drop, guaranteed refill', 24719.00, 100, 100000000, 'active', '2025-04-22 06:28:27', '2025-04-22 06:28:27'),
(46, 29, 1, '50', 'YouTube Views Server Meteor 🌠 | [MAX 10M] 🌟 | Refill: Lifetime ♻️ | Speed: 70K/Day ⚡ | Start Time: 0-1 Hour ⏳ | Refill Button Enabled 🔄 - Non Drop', 'Max Views: 10,000,000\r\n\r\nRefill: Lifetime refill\r\n\r\nSpeed: 70,000 views per day\r\n\r\nDelivery: Starts within 0-1 hour\r\n\r\nFeatures: Non-drop, super-fast delivery, and lifetime refill', 19688.00, 100, 100000, 'active', '2025-04-22 06:28:27', '2025-04-22 06:28:27'),
(47, 29, 1, '51', 'YouTube Views Server Galaxy 🌌 | [MAX 5M] 🌟 | Refill: 240 Days ♻️ | Speed: 50K/Day ⚡ | Start Time: 0-5 Min ⏱️ | Refill Button Enabled 🔄 - Non Drop', 'Max Views: 5,000,000\r\n\r\nRefill: Refill option for 240 days\r\n\r\nSpeed: 50,000 views per day\r\n\r\nDelivery: Starts within 0-5 minutes\r\n\r\nFeatures: Non-drop, reliable views, and long-term refill', 21525.00, 100, 5000000, 'active', '2025-04-22 06:28:27', '2025-04-22 06:28:27'),
(48, 29, 1, '52', 'YouTube Views Server Lumina 🌟 | [MAX 1M] 🌟 | Real Engagement ✅ | Refill: Lifetime ♻️ | Speed: 10K/Day ⚡ | Start Time: 1 Hour ⏳', 'Max Views: 1,000,000\r\n\r\nRefill: Lifetime refill\r\n\r\nSpeed: 10,000 views per day\r\n\r\nDelivery: Starts within 1 hour\r\n\r\nFeatures: Real engagement, steady growth, and lifetime refill', 21525.00, 100, 1000000000, 'active', '2025-04-22 06:28:27', '2025-04-22 06:28:27'),
(49, 29, 1, '53', 'YouTube Views Server Horizon 🌅 | [MAX 1M] 🌟 | Refill: 120 Days ♻️ | Speed: 50K/Day ⚡ | Start Time: 0-5 Min ⏱️ | Refill Button Enabled 🔄 - Non Drop', 'Max Views: 1,000,000\r\n\r\nRefill: Refill option for 120 days\r\n\r\nSpeed: 50,000 views per day\r\n\r\nDelivery: Starts within 0-5 minutes\r\n\r\nFeatures: Non-drop, reliable refill', 23363.00, 100, 1000000, 'active', '2025-04-22 06:28:27', '2025-04-22 06:28:27'),
(50, 29, 1, '54', 'YouTube Views Server Eclipse 🌒 | [MAX 1M] 🌟 | Refill: 120 Days ♻️ | Speed: 15K/Day ⚡ | Start Time: 0-5 Min ⏱️ | Refill Button Enabled 🔄 - Non Drop', 'Max Views: 1,000,000\r\n\r\nRefill: Refill option for 120 days\r\n\r\nSpeed: 15,000 views per day\r\n\r\nDelivery: Starts within 0-5 minutes\r\n\r\nFeatures: Non-drop, consistent delivery', 23363.00, 1000, 100000000, 'active', '2025-04-22 06:28:27', '2025-04-22 06:28:27'),
(51, 29, 1, '55', 'YouTube Views Server NovaX 🌠 | [MAX 1M] 🌟 | Refill: 365 Days ♻️ | Speed: 50K/Day ⚡ | Start Time: 0-5 Min ⏱️ | Refill Button Enabled 🔄 - Non Drop', 'Max Views: 1,000,000\r\n\r\nRefill: Refill option for 365 days\r\n\r\nSpeed: 50,000 views per day\r\n\r\nDelivery: Starts within 0-5 minutes\r\n\r\nFeatures: Non-drop and reliable refill', 23363.00, 100, 10000000, 'active', '2025-04-22 06:28:27', '2025-04-22 06:28:27'),
(52, 26, 1, '56', 'TikTok Shares Server Blaze 🔥 | [MAX Unlimited] 🌟 | HQ ✅ | Non Drop 🚫 | Lifetime ♻️ | Instant Start 🚀 | Day 500K 💥', 'Max Shares: Tak terbatas\r\n\r\nKualitas: High Quality (HQ)\r\n\r\nRefill: Refill seumur hidup\r\n\r\nKecepatan: 500.000 share per hari\r\n\r\nPengiriman: Mulai instan\r\n\r\nFitur: Non-drop, pengiriman instan, dan performa konsisten', 1313.00, 10, 2147483647, 'active', '2025-04-22 06:28:27', '2025-04-22 06:28:27'),
(53, 20, 1, '57', '🚀 TikTok Likes Indonesia 🇮🇩 | Server Aurora | Refill 30 Hari ♻️ | Instant Start ⚡ | Non-Drop 🔥', 'Isi data link post\r\nrefil 30 hari', 36600.00, 50, 5000, 'active', '2025-04-22 06:28:27', '2025-04-22 06:28:27'),
(54, 20, 1, '58', 'TikTok Likes Indonesia 🇮🇩 | Server Luna | Wanita 👩 | Max 1K 💖 | Refill 30 Hari ♻️ | Instant Start ⚡', 'Isi data target link postingan\r\nrefill 30 hari\r\nrata rata likes wanita', 36600.00, 100, 1000, 'active', '2025-04-22 06:28:27', '2025-04-22 06:28:27'),
(55, 20, 1, '59', '🚀 TikTok Komentar Indonesia 🇮🇩 | Server Meteor | Refill 30 Hari ♻️ | Instant Start ⚡ | Non-Drop 🔥', 'Isi data target link post\r\nrefill 30 hari\r\npisahkan dengan enter untuk setiap komentar', 427000.00, 10, 5000, 'active', '2025-04-22 06:28:27', '2025-04-22 06:28:27'),
(56, 20, 1, '60', 'TikTok Komentar Indonesia 🇮🇩 | Server Nova | Wanita 👩 | Max 1K 💬 | Refill 30 Hari ♻️ | Instant Start ⚡', 'isi data target dengan link post\r\nkomentar wanita\r\nrefill 30 hari', 427000.00, 10, 1000, 'active', '2025-04-22 06:28:27', '2025-04-22 06:28:27'),
(57, 20, 1, '61', 'TikTok Followers Indonesia | Server Garuda | Max 2K 👥 | Refill 30 Hari ♻️ | Instant Start 🚀 | Real & Active ✅', 'Isi data link profile atau username\r\nrefill 30 hari\r\nkecepatan proses 25-100 Followers / hari', 60000.00, 50, 2000, 'active', '2025-04-22 06:28:27', '2025-04-22 06:28:27'),
(58, 24, 1, '62', 'Tiktok Live Stream Views [15 Minutes] 𝗨𝗟𝗧𝗥𝗔 𝗙𝗔𝗦𝗧 𝗖𝗢𝗠𝗣𝗟𝗘𝗧𝗘𝗗', 'Tiktok Live Stream Views [15 Minutes] 𝗨𝗟𝗧𝗥𝗔 𝗙𝗔𝗦𝗧 𝗖𝗢𝗠𝗣𝗟𝗘𝗧𝗘𝗗', 7718.00, 10, 50000, 'active', '2025-04-22 06:28:27', '2025-04-22 06:28:27'),
(59, 24, 1, '63', 'Tiktok Live Stream Views [30 Minutes] 𝗨𝗟𝗧𝗥𝗔 𝗙𝗔𝗦𝗧 𝗖𝗢𝗠𝗣𝗟𝗘𝗧𝗘𝗗', 'Tiktok Live Stream Views [30 Minutes] 𝗨𝗟𝗧𝗥𝗔 𝗙𝗔𝗦𝗧 𝗖𝗢𝗠𝗣𝗟𝗘𝗧𝗘𝗗', 15435.00, 10, 50000, 'active', '2025-04-22 06:28:27', '2025-04-22 06:28:27'),
(60, 24, 1, '64', 'Tiktok Live Stream Views [60 Minutes] 𝗨𝗟𝗧𝗥𝗔 𝗙𝗔𝗦𝗧 𝗖𝗢𝗠𝗣𝗟𝗘𝗧𝗘𝗗', 'Tiktok Live Stream Views [60 Minutes] 𝗨𝗟𝗧𝗥𝗔 𝗙𝗔𝗦𝗧 𝗖𝗢𝗠𝗣𝗟𝗘𝗧𝗘𝗗', 30870.00, 10, 50000, 'active', '2025-04-22 06:28:27', '2025-04-22 06:28:27'),
(61, 24, 1, '65', 'Tiktok Live Stream Views [90 Minutes] 𝗨𝗟𝗧𝗥𝗔 𝗙𝗔𝗦𝗧 𝗖𝗢𝗠𝗣𝗟𝗘𝗧𝗘𝗗', 'Tiktok Live Stream Views [90 Minutes] 𝗨𝗟𝗧𝗥𝗔 𝗙𝗔𝗦𝗧 𝗖𝗢𝗠𝗣𝗟𝗘𝗧𝗘𝗗', 46305.00, 10, 50000, 'active', '2025-04-22 06:28:27', '2025-04-22 06:28:27'),
(62, 24, 1, '66', 'Tiktok Live Stream Views [120 Minutes] 𝗨𝗟𝗧𝗥𝗔 𝗙𝗔𝗦𝗧 𝗖𝗢𝗠𝗣𝗟𝗘𝗧𝗘𝗗', 'Tiktok Live Stream Views [120 Minutes] 𝗨𝗟𝗧𝗥𝗔 𝗙𝗔𝗦𝗧 𝗖𝗢𝗠𝗣𝗟𝗘𝗧𝗘𝗗', 61740.00, 10, 50000, 'active', '2025-04-22 06:28:27', '2025-04-22 06:28:27'),
(63, 24, 1, '67', 'Tiktok Live Stream Views [180 Minutes] 𝗨𝗟𝗧𝗥𝗔 𝗙𝗔𝗦𝗧 𝗖𝗢𝗠𝗣𝗟𝗘𝗧𝗘𝗗', 'Tiktok Live Stream Views [180 Minutes] 𝗨𝗟𝗧𝗥𝗔 𝗙𝗔𝗦𝗧 𝗖𝗢𝗠𝗣𝗟𝗘𝗧𝗘𝗗', 92610.00, 10, 50000, 'active', '2025-04-22 06:28:27', '2025-04-22 06:28:27'),
(64, 24, 1, '68', 'Tiktok Live Stream Views [240 Minutes] 𝗨𝗟𝗧𝗥𝗔 𝗙𝗔𝗦𝗧 𝗖𝗢𝗠𝗣𝗟𝗘𝗧𝗘𝗗', 'Tiktok Live Stream Views [240 Minutes] 𝗨𝗟𝗧𝗥𝗔 𝗙𝗔𝗦𝗧 𝗖𝗢𝗠𝗣𝗟𝗘𝗧𝗘𝗗', 123480.00, 10, 50000, 'active', '2025-04-22 06:28:27', '2025-04-22 06:28:27'),
(65, 23, 1, '69', 'TikTok Live Stream Views [ Max 50K ] | 15 Minutes', 'TikTok Live Stream Views [ Max 50K ] | 15 Minutes', 14333.00, 100, 50000, 'active', '2025-04-22 06:28:27', '2025-04-22 06:28:27'),
(66, 23, 1, '70', 'TikTok Live Stream Views [ Max 50K ] | 30 Minutes', 'TikTok Live Stream Views [ Max 50K ] | 30 Minutes', 28665.00, 100, 50000, 'active', '2025-04-22 06:28:27', '2025-04-22 06:28:27'),
(67, 23, 1, '71', 'TikTok Live Stream Views [ Max 50K ] | 60 Minutes', 'TikTok Live Stream Views [ Max 50K ] | 60 Minutes', 57330.00, 100, 50000, 'active', '2025-04-22 06:28:27', '2025-04-22 06:28:27'),
(68, 23, 1, '72', 'TikTok Live Stream Views [ Max 50K ] | 90 Minutes', 'TikTok Live Stream Views [ Max 50K ] | 90 Minutes', 85995.00, 100, 50000, 'active', '2025-04-22 06:28:27', '2025-04-22 06:28:27'),
(69, 23, 1, '73', 'TikTok Live Stream Views [ Max 50K ] | 120 Minutes', 'TikTok Live Stream Views [ Max 50K ] | 120 Minutes', 114660.00, 100, 50000, 'active', '2025-04-22 06:28:27', '2025-04-22 06:28:27'),
(70, 23, 1, '74', 'TikTok Live Stream Views [ Max 50K ] | 180 Minutes', 'TikTok Live Stream Views [ Max 50K ] | 180 Minutes', 171990.00, 100, 50000, 'active', '2025-04-22 06:28:27', '2025-04-22 06:28:27'),
(71, 23, 1, '75', 'TikTok Live Stream Views [ Max 50K ] | 240 Minutes', 'TikTok Live Stream Views [ Max 50K ] | 240 Minutes', 229320.00, 100, 50000, 'active', '2025-04-22 06:28:27', '2025-04-22 06:28:27'),
(72, 23, 1, '76', 'TikTok Live Stream Views [ Max 50K ] | 300 Minutes', 'TikTok Live Stream Views [ Max 50K ] | 300 Minutes', 286650.00, 100, 50000, 'active', '2025-04-22 06:28:27', '2025-04-22 06:28:27'),
(73, 23, 1, '77', 'TikTok Live Stream Views [ Max 50K ] | 360 Minutes', 'TikTok Live Stream Views [ Max 50K ] | 360 Minutes', 343980.00, 100, 50000, 'active', '2025-04-22 06:28:27', '2025-04-22 06:28:27'),
(74, 23, 1, '78', 'TikTok Live Stream Views [ Max 50K ] | 24 Hours', 'TikTok Live Stream Views [ Max 50K ] | 24 Hours', 1375920.00, 100, 50000, 'active', '2025-04-22 06:28:27', '2025-04-22 06:28:27'),
(75, 22, 1, '79', 'TikTok Live Stream Views [ Max 2K ] | 100% Concurrent | 15 Minutes [ Stable ] ✨', 'TikTok Live Stream Views [ Max 2K ] | 100% Concurrent | 15 Minutes [ Stable ] ✨', 13671.00, 50, 2000, 'active', '2025-04-22 06:28:27', '2025-04-22 06:28:27'),
(76, 22, 1, '80', 'TikTok Live Stream Views [ Max 2K ] | 100% Concurrent | 30 Minutes [ Stable ] ✨', 'TikTok Live Stream Views [ Max 2K ] | 100% Concurrent | 30 Minutes [ Stable ] ✨', 27342.00, 50, 2000, 'active', '2025-04-22 06:28:27', '2025-04-22 06:28:27'),
(77, 22, 1, '81', 'TikTok Live Stream Views [ Max 2K ] | 100% Concurrent | 60 Minutes [ Stable ] ✨', 'TikTok Live Stream Views [ Max 2K ] | 100% Concurrent | 60 Minutes [ Stable ] ✨', 54684.00, 50, 2000, 'active', '2025-04-22 06:28:27', '2025-04-22 06:28:27'),
(78, 22, 1, '82', 'TikTok Live Stream Views [ Max 2K ] | 100% Concurrent | 90 Minutes [ Stable ] ✨', 'TikTok Live Stream Views [ Max 2K ] | 100% Concurrent | 90 Minutes [ Stable ] ✨', 82026.00, 50, 2000, 'active', '2025-04-22 06:28:27', '2025-04-22 06:28:27'),
(79, 22, 1, '83', 'TikTok Live Stream Views [ Max 2K ] | 100% Concurrent | 120 Minutes [ Stable ] ✨', 'TikTok Live Stream Views [ Max 2K ] | 100% Concurrent | 120 Minutes [ Stable ] ✨', 109368.00, 50, 2000, 'active', '2025-04-22 06:28:27', '2025-04-22 06:28:27'),
(80, 22, 1, '84', 'TikTok Live Stream Views [ Max 2K ] | 100% Concurrent | 180 Minutes [ Stable ] ✨', 'TikTok Live Stream Views [ Max 2K ] | 100% Concurrent | 180 Minutes [ Stable ] ✨', 164052.00, 50, 2000, 'active', '2025-04-22 06:28:27', '2025-04-22 06:28:27'),
(81, 22, 1, '85', 'TikTok Live Stream Views [ Max 2K ] | 100% Concurrent | 240 Minutes [ Stable ] ✨', 'TikTok Live Stream Views [ Max 2K ] | 100% Concurrent | 240 Minutes [ Stable ] ✨', 218736.00, 50, 2000, 'active', '2025-04-22 06:28:27', '2025-04-22 06:28:27'),
(82, 22, 1, '86', 'TikTok Live Stream Views [ Max 2K ] | 100% Concurrent | 300 Minutes [ Stable ] ✨', 'TikTok Live Stream Views [ Max 2K ] | 100% Concurrent | 300 Minutes [ Stable ] ✨', 273420.00, 50, 2000, 'active', '2025-04-22 06:28:27', '2025-04-22 06:28:27'),
(83, 22, 1, '87', 'TikTok Live Stream Views [ Max 2K ] | 100% Concurrent | 360 Minutes [ Stable ] ✨', 'TikTok Live Stream Views [ Max 2K ] | 100% Concurrent | 360 Minutes [ Stable ] ✨', 328104.00, 50, 2000, 'active', '2025-04-22 06:28:27', '2025-04-22 06:28:27'),
(84, 22, 1, '88', 'TikTok Live Stream Views [ Max 2K ] | 100% Concurrent | 24 Hours [ Stable ] ✨', 'TikTok Live Stream Views [ Max 2K ] | 100% Concurrent | 24 Hours [ Stable ] ✨', 1312416.00, 50, 2000, 'active', '2025-04-22 06:28:27', '2025-04-22 06:28:27'),
(85, 19, 1, '89', 'TikTok Followers | Server Titan | Max 5M 🔥 | Profile Photo ✅ | Refill 7 Hari ⚠️ | Instant Start 🚀 |', 'Isi data target link profile atau username\r\nRefill 7 Hari', 23625.00, 10, 1000000, 'active', '2025-04-22 06:28:27', '2025-04-22 06:28:27'),
(86, 19, 1, '90', '🌐 TikTok Followers Worldwide | Server NovaElite 🌎 | Max 1M | 𝗛𝗤 + 100% Real Users 💯 | Cancel Enabled ❌ | Drop Rate: 1% ⚠️ | Refill 30 Days ♻️ | Instant Start 🚀 | Speed: 100K/Day ⚡️ | Global Quality & Reach 🌍', 'Link: Username TikTok\r\n\r\nLokasi: Worldwide 🌎\r\n\r\nKualitas: HQ + 100% Pengguna Nyata 💯\r\n\r\nMulai: 0&amp;ndash;10 Menit ⏱️\r\n\r\nKecepatan: 100K/Hari ⚡\r\n\r\nWaktu Refill: 30 Hari ♻️\r\n\r\nTombol Batal: Tidak Tersedia 🚫\r\n\r\nCatatan:\r\n\r\nDrop rate hanya 1% ⚠️\r\n\r\nJangan pesan ulang sebelum pesanan selesai.\r\n\r\nHubungi support jika terjadi kendala.', 31294.00, 10, 50000, 'active', '2025-04-22 06:28:27', '2025-04-22 06:28:27'),
(87, 19, 1, '91', '🚀 TikTok Followers | Server SpeedForce | Max 1M | 100% Real Accounts ✅ | Cancel Enabled ❌ | Refill 30 Days ♻️ | Ultra Fast Start 🚀 | 5K/Hour ⚡ | Lightning Completion 🔥', 'Link: Username TikTok\r\n\r\nLokasi: Worldwide 🌎\r\n\r\nKualitas: 100% Akun Nyata ✅\r\n\r\nMulai: Instan 🚀\r\n\r\nKecepatan: 5K/Jam ⚡\r\n\r\nWaktu Refill: 30 Hari ♻️\r\n\r\nTombol Batal: Tidak Tersedia 🚫\r\n\r\nCatatan:\r\n\r\nCocok untuk promosi cepat.\r\n\r\nJangan lakukan pemesanan ganda.\r\n\r\nDukungan tersedia jika layanan bermasalah.', 34839.00, 10, 1000000, 'active', '2025-04-22 06:28:27', '2025-04-22 06:28:27'),
(88, 19, 1, '92', '♻️ TikTok Followers | Server BoostFlow | Max 1M | Real & Active Users 👥 | Cancel Enabled ❌ | Refill 30 Days ♻️ | Instant Start 🚀 | Speed: 5K/Hour 💨 | High Speed Verified Finish ✅', 'Link: Username TikTok\r\n\r\nLokasi: Worldwide 🌎\r\n\r\nKualitas: Akun Nyata Terverifikasi 💠\r\n\r\nMulai: Instan 🚀\r\n\r\nKecepatan: 5K/Jam 💨\r\n\r\nWaktu Refill: 90 Hari ♻️\r\n\r\nTombol Batal: Tidak Tersedia 🚫\r\n\r\nCatatan:\r\n\r\nDurasi refill lebih panjang.\r\n\r\nJangan pesan ulang saat order berjalan.\r\n\r\nBantuan tersedia jika dibutuhkan.', 37027.00, 10, 50000, 'active', '2025-04-22 06:28:27', '2025-04-22 06:28:27'),
(89, 19, 1, '93', '♻️ TikTok Followers | Server BoostFlowX | Max 1M | Verified Real Accounts 💠 | Cancel Enabled ❌ | Refill 90 Days ♻️ | Instant Start 🚀 | Speed: 5K/Hour 💨 | Smooth & Quick Delivery 🚚', 'Link: Username TikTok\r\n\r\nLokasi: Worldwide 🌎\r\n\r\nKualitas: Akun Nyata Terverifikasi 💠\r\n\r\nMulai: Instan 🚀\r\n\r\nKecepatan: 5K/Jam 💨\r\n\r\nWaktu Refill: 90 Hari ♻️\r\n\r\nTombol Batal: Tidak Tersedia 🚫\r\n\r\nCatatan:\r\n\r\nDurasi refill lebih panjang.\r\n\r\nJangan pesan ulang saat order berjalan.\r\n\r\nBantuan tersedia jika dibutuhkan.', 38147.00, 10, 1000000, 'active', '2025-04-22 06:28:27', '2025-04-22 06:28:27'),
(90, 19, 1, '94', '♾️ TikTok Followers | Server EternityBoost | Max 1M | 100% Real Engagement ✅ | Cancel Enabled ❌ | Refill 365 Days ♻️ | Instant Start 🚀 | Speed: 5K/Hour 💨 | Trusted Long-Term Growth 📈', 'Link: Username TikTok\r\n\r\nLokasi: Worldwide 🌎\r\n\r\nKualitas: 100% Real Engagement ✅\r\n\r\nMulai: Instan 🚀\r\n\r\nKecepatan: 5K/Jam 💨\r\n\r\nWaktu Refill: 365 Hari ♻️\r\n\r\nTombol Batal: Tidak Tersedia 🚫\r\n\r\nCatatan:\r\n\r\nRefill hingga 1 tahun penuh.\r\n\r\nAman untuk pertumbuhan jangka panjang.\r\n\r\nJangan lakukan pemesanan ganda sebelum selesai.', 39249.00, 10, 1000000, 'active', '2025-04-22 06:28:27', '2025-04-22 06:28:27'),
(91, 9, 1, '95', '📸 Instagram Followers | Server LegacyGram 🔥 | Max 1M | Aged Accounts with Posts 🗂️ | Cancel Enabled ❌ | Refill Lifetime ♻️ | Speed: 80K/Day ⚡ | 🌍 All Flag Types Supported ⭐', 'Link: Username Instagram\r\n\r\nLokasi: Worldwide 🌎\r\n\r\nKualitas: Akun Tua dengan Postingan 🗂️\r\n\r\nMulai: 0&amp;ndash;10 Menit ⏱️\r\n\r\nKecepatan: 80K/Hari ⚡\r\n\r\nWaktu Refill: Seumur Hidup ♻️\r\n\r\nTombol Batal: Tersedia ❌', 26390.00, 10, 10000000, 'active', '2025-04-22 06:28:27', '2025-04-22 06:28:27'),
(92, 9, 1, '96', '📸 Instagram Followers | Server InstaSaver 💸 | Max 1M | Real Accounts ✅ | Lifetime Refill ♻️ | Speed: 50K/Day ⚡ | Cheapest Rate 🚀', 'Link: Username Instagram\r\n\r\nLokasi: Worldwide 🌎\r\n\r\nKualitas: Akun Nyata ✅\r\n\r\nDrop: Kemungkinan bisa drop tinggi\r\n\r\nMulai: 0&amp;ndash;10 Menit ⏱️\r\n\r\nKecepatan: 50K/Hari ⚡\r\n\r\nWaktu Refill: Seumur Hidup ♻️\r\n\r\nTombol Batal: Tersedia ❌', 23800.00, 10, 10000, 'active', '2025-04-22 06:28:27', '2025-04-22 06:28:27'),
(93, 9, 1, '97', '📸 Instagram Followers | Server ViralLegacy 🌟 | Max 1M | Real Human Followers 🙋‍♂️🙋‍♀️ | Lifetime Refill ♻️ | Cancel Enabled ❌ | Speed: 110K/Day 🚀 | Global Reach 🌎', 'Link: Username Instagram\r\n\r\nLokasi: Worldwide 🌎\r\n\r\nKualitas: Pengikut Manusia Nyata 🙋&amp;zwj;♂️🙋&amp;zwj;♀️\r\n\r\nMulai: 0&amp;ndash;10 Menit ⏱️\r\n\r\nKecepatan: 110K/Hari 🚀\r\n\r\nWaktu Refill: Seumur Hidup ♻️\r\n\r\nTombol Batal: Tersedia ❌\r\n\r\nCatatan:\r\n\r\nJangkauan global 🌎\r\n\r\nJangan melakukan pemesanan ganda.\r\n\r\nDukungan tersedia jika ada masalah.', 31238.00, 10, 10000000, 'active', '2025-04-22 06:28:27', '2025-04-22 06:28:27'),
(94, 5, 1, '98', '🚀 Facebook Video Views [Server Thunder] | 3 Seconds Retention | Monetizable 💰 | Max: 10M 🎥 | Speed: 50K-500K/Day ⚡ | Instant Start 🚀', 'Link: Username Facebook\r\n\r\nLokasi: Worldwide 🌎\r\n\r\nKualitas: 3 Detik Retensi | Monetizable 💰\r\n\r\nMax: 10M 🎥\r\n\r\nKecepatan: 50K-500K/Hari ⚡\r\n\r\nMulai: Instan 🚀\r\n\r\nWaktu Refill: Tidak Ada ♻️\r\n\r\nTombol Batal: Tidak Tersedia ❌', 198.00, 100, 10000000, 'active', '2025-04-22 06:28:27', '2025-04-22 06:28:27'),
(95, 5, 1, '99', '🚀 Facebook Video Views [Server Lightning] | 10 Seconds Retention | Monetizable 💰 | Max: 10M 🎥 | Speed: 50K-500K/Day ⚡ | Instant Start 🚀', 'Link: Username Facebook\r\n\r\nLokasi: Worldwide 🌎\r\n\r\nKualitas: 10 Detik Retensi | Monetizable 💰\r\n\r\nMax: 10M 🎥\r\n\r\nKecepatan: 50K-500K/Hari ⚡\r\n\r\nMulai: Instan 🚀\r\n\r\nWaktu Refill: Tidak Ada ♻️\r\n\r\nTombol Batal: Tidak Tersedia ❌\r\n\r\nCatatan:\r\n\r\nVideo dapat dimonetisasi 💰\r\n\r\nPengiriman cepat dan stabil.\r\n\r\nPastikan tidak ada pesanan ganda.', 329.00, 100, 10000000, 'active', '2025-04-22 06:28:27', '2025-04-22 06:28:27'),
(96, 5, 1, '100', '🚀 Facebook Video Views [Server Storm] | 15 Seconds Retention | Monetizable 💰 | Max: 10M 🎥 | Speed: 50K-500K/Day ⚡ | Instant Start 🚀', 'Link: Username Facebook\r\n\r\nLokasi: Worldwide 🌎\r\n\r\nKualitas: 15 Detik Retensi | Monetizable 💰\r\n\r\nMax: 10M 🎥\r\n\r\nKecepatan: 50K-500K/Hari ⚡\r\n\r\nMulai: Instan 🚀\r\n\r\nWaktu Refill: Tidak Ada ♻️\r\n\r\nTombol Batal: Tidak Tersedia ❌\r\n\r\nCatatan:\r\n\r\nVideo dapat dimonetisasi 💰\r\n\r\nProses pengiriman cepat dan handal.\r\n\r\nHubungi kami untuk dukungan lebih lanjut.', 438.00, 100, 10000000, 'active', '2025-04-22 06:28:27', '2025-04-22 06:28:27'),
(97, 5, 1, '101', '🚀 Facebook Views [Server Flash] | Speed: 1K-5K/Day 🌟 | Works for All Videos 🎥 | Steady and Reliable 🚀 | Instant Processing ⚡', 'Link: Username Facebook\r\n\r\nLokasi: Worldwide 🌎\r\n\r\nKualitas: Bekerja untuk Semua Video 🎥\r\n\r\nKecepatan: 1K-5K/Hari 🌟\r\n\r\nMulai: Instan 🚀\r\n\r\nWaktu Refill: Tidak Ada ♻️\r\n\r\nTombol Batal: Tidak Tersedia ❌\r\n\r\nCatatan:\r\n\r\nPengiriman stabil dan dapat diandalkan.\r\n\r\nProses instan dengan hasil nyata.\r\n\r\nHubungi support jika ada masalah.', 329.00, 500, 10000000, 'active', '2025-04-22 06:28:27', '2025-04-22 06:28:27'),
(98, 15, 1, '102', '🚀 Telegram Members [Server Titan] | Max 100K 🌟 | High Quality 💎 | Cancel Enable ✅ | Non Drop ⛔ | 30 Days ♻️ | Instant Start 🚀 | Day 100K ⚡️', 'Link: Link channel / Link Group\r\n\r\nLokasi: Worldwide 🌎\r\n\r\nKualitas: High Quality 💎\r\n\r\nMax: 100K 🌟\r\n\r\nKecepatan: 100K/Hari ⚡\r\n\r\nMulai: Instan 🚀\r\n\r\nWaktu Refill: 30 Hari ♻️\r\n\r\nTombol Batal: Tersedia ✅\r\n\r\nNon Drop: Tidak ada penurunan ⛔\r\n\r\nCatatan:\r\n\r\nAnggota yang didapatkan memiliki kualitas tinggi.\r\n\r\nProses instan dan cepat.\r\n\r\nPastikan tidak ada pesanan ganda pada tautan yang sama.', 1304576.00, 500, 100000, 'active', '2025-04-22 06:28:27', '2025-04-22 06:28:27'),
(99, 15, 1, '103', '🚀 Telegram Members [Server Nova] | Max 200K 🌟 | High Quality 💎 | Cancel Enable ✅ | Non Drop ⛔ | 60 Days ♻️ | Instant Start 🚀 | Day 100K ⚡️', 'Link: Link channel / Link Group\r\n\r\nLokasi: Worldwide 🌎\r\n\r\nKualitas: High Quality 💎\r\n\r\nMax: 200K 🌟\r\n\r\nKecepatan: 100K/Hari ⚡\r\n\r\nMulai: Instan 🚀\r\n\r\nWaktu Refill: 60 Hari ♻️\r\n\r\nTombol Batal: Tersedia ✅\r\n\r\nNon Drop: Tidak ada penurunan ⛔\r\n\r\nCatatan:\r\n\r\nAnggota dengan kualitas tinggi dan stabilitas terjamin.\r\n\r\nRefill tersedia selama 60 hari.\r\n\r\nHubungi support jika ada masalah.', 14112.00, 500, 200000, 'active', '2025-04-22 06:28:27', '2025-04-22 06:28:27'),
(100, 15, 1, '104', '🚀 Telegram Members [Server Eclipse] | Max 500K 🌟 | High Quality 💎 | Cancel Enable ✅ | Non Drop ⛔ | 90 Days ♻️ | Instant Start 🚀 | Day 100K ⚡️', 'Link: Link channel / Link Group\r\n\r\nLokasi: Worldwide 🌎\r\n\r\nKualitas: High Quality 💎\r\n\r\nMax: 500K 🌟\r\n\r\nKecepatan: 100K/Hari ⚡\r\n\r\nMulai: Instan 🚀\r\n\r\nWaktu Refill: 90 Hari ♻️\r\n\r\nTombol Batal: Tersedia ✅\r\n\r\nNon Drop: Tidak ada penurunan ⛔\r\n\r\nCatatan:\r\n\r\nMeningkatkan kualitas anggota grup dengan cepat.\r\n\r\nPengiriman cepat dan dapat diandalkan.\r\n\r\nJangan lakukan pemesanan ganda pada tautan yang sama.', 16317.00, 500, 500000, 'active', '2025-04-22 06:28:27', '2025-04-22 06:28:27'),
(101, 15, 1, '105', '🚀 Telegram Members [Server Pulse] | Max 50K 🌟 | High Quality 💎 | Cancel Enable ✅ | Non Drop ⛔ | 30 Days ♻️ | Instant Start 🚀 | Day 50K ⚡️', 'Link: Link channel / Link Group\r\n\r\nLokasi: Worldwide 🌎\r\n\r\nKualitas: High Quality 💎\r\n\r\nMax: 50K 🌟\r\n\r\nKecepatan: 50K/Hari ⚡\r\n\r\nMulai: Instan 🚀\r\n\r\nWaktu Refill: 30 Hari ♻️\r\n\r\nTombol Batal: Tersedia ✅\r\n\r\nNon Drop: Tidak ada penurunan ⛔\r\n\r\nCatatan:\r\n\r\nAnggota dengan kualitas tinggi dan cepat.\r\n\r\nRefill aktif selama 30 hari.\r\n\r\nJangan melakukan pemesanan ganda pada tautan yang sama', 8532.00, 500, 50000, 'active', '2025-04-22 06:28:27', '2025-04-22 06:28:27'),
(102, 15, 1, '107', '🚀 Telegram Members [Server Zenith] | Max 200K 🌟 | High Quality 💎 | Cancel Enable ✅ | Non Drop ⛔ | 60 Days ♻️ | Instant Start 🚀 | Day 100K ⚡️', 'Link: Link channel / Link Group\r\n\r\nLokasi: Worldwide 🌎\r\n\r\nKualitas: High Quality 💎\r\n\r\nMax: 200K 🌟\r\n\r\nKecepatan: 100K/Hari ⚡\r\n\r\nMulai: Instan 🚀\r\n\r\nWaktu Refill: 60 Hari ♻️\r\n\r\nTombol Batal: Tersedia ✅\r\n\r\nNon Drop: Tidak ada penurunan ⛔\r\n\r\nCatatan:\r\n\r\nAnggota dengan kualitas sangat baik dan kecepatan pengiriman tinggi.\r\n\r\nRefill selama 60 hari.\r\n\r\nHubungi support jika ada masalah.', 14000.00, 500, 200000, 'active', '2025-04-22 06:28:27', '2025-04-22 06:28:27'),
(103, 15, 1, '108', '🚀 Telegram Members [Server Titan] | Max 500K 🌟 | High Quality 💎 | Cancel Enable ✅ | Non Drop ⛔ | 90 Days ♻️ | Instant Start 🚀 | Day 100K ⚡️', 'Link: Link channel / Link Group\r\n\r\nLokasi: Worldwide 🌎\r\n\r\nKualitas: High Quality 💎\r\n\r\nMax: 500K 🌟\r\n\r\nKecepatan: 100K/Hari ⚡\r\n\r\nMulai: Instan 🚀\r\n\r\nWaktu Refill: 90 Hari ♻️\r\n\r\nTombol Batal: Tersedia ✅\r\n\r\nNon Drop: Tidak ada penurunan ⛔\r\n\r\nCatatan:\r\n\r\nDapatkan anggota berkualitas tinggi dengan kecepatan tinggi.\r\n\r\nRefill selama 90 hari.\r\n\r\nPastikan pesanan sudah diproses sebelum melakukan yang baru.', 16188.00, 500, 500000, 'active', '2025-04-22 06:28:27', '2025-04-22 06:28:27'),
(104, 15, 1, '109', '🚀 Telegram Members [Server Horizon] | Max 300K 🌟 | High Quality 💎 | Cancel Enable ✅ | Non Drop ⛔ | 120 Days ♻️ | Instant Start 🚀 | Day 100K ⚡️', 'Link: Link channel / Link Group\r\n\r\nLokasi: Worldwide 🌎\r\n\r\nKualitas: High Quality 💎\r\n\r\nMax: 300K 🌟\r\n\r\nKecepatan: 100K/Hari ⚡\r\n\r\nMulai: Instan 🚀\r\n\r\nWaktu Refill: 120 Hari ♻️\r\n\r\nTombol Batal: Tersedia ✅\r\n\r\nNon Drop: Tidak ada penurunan ⛔\r\n\r\nCatatan:\r\n\r\nMeningkatkan kualitas anggota dengan kecepatan pengiriman yang sangat baik.\r\n\r\nRefill selama 120 hari.\r\n\r\nProses instan dan dapat diandalkan.', 19469.00, 500, 300000, 'active', '2025-04-22 06:28:27', '2025-04-22 06:28:27'),
(105, 15, 1, '110', '🚀 Telegram Members [Server Eclipse] | Max 500K 🌟 | High Quality 💎 | Cancel Enable ✅ | Non Drop ⛔ | 180 Days ♻️ | Instant Start 🚀 | Day 100K ⚡️', 'Link: Link channel / Link Group\r\n\r\nLokasi: Worldwide 🌎\r\n\r\nKualitas: High Quality 💎\r\n\r\nMax: 500K 🌟\r\n\r\nKecepatan: 100K/Hari ⚡\r\n\r\nMulai: Instan 🚀\r\n\r\nWaktu Refill: 180 Hari ♻️\r\n\r\nTombol Batal: Tersedia ✅\r\n\r\nNon Drop: Tidak ada penurunan ⛔\r\n\r\nCatatan:\r\n\r\nAnggota dengan kualitas sangat baik dan pengiriman cepat.\r\n\r\nRefill selama 180 hari.\r\n\r\nJangan melakukan pemesanan ganda pada tautan yang sama.', 21657.00, 500, 500000, 'active', '2025-04-22 06:28:27', '2025-04-22 06:28:27'),
(106, 15, 1, '111', '🚀 Telegram Members [Server Cosmos] | Max 500K 🌟 | High Quality 💎 | Cancel Enable ✅ | Non Drop ⛔ | 365 Days ♻️ | Instant Start 🚀 | Day 100K ⚡️', 'Link: Link channel / Link Group\r\n\r\nLokasi: Worldwide 🌎\r\n\r\nKualitas: High Quality 💎\r\n\r\nMax: 500K 🌟\r\n\r\nKecepatan: 100K/Hari ⚡\r\n\r\nMulai: Instan 🚀\r\n\r\nWaktu Refill: 365 Hari ♻️\r\n\r\nTombol Batal: Tersedia ✅\r\n\r\nNon Drop: Tidak ada penurunan ⛔\r\n\r\nCatatan:\r\n\r\nAnggota dengan kualitas tinggi dan stabil.\r\n\r\nRefill selama 365 hari.\r\n\r\nPengiriman instan dengan kecepatan tinggi.', 30407.00, 500, 500000, 'active', '2025-04-22 06:28:27', '2025-04-22 06:28:27'),
(107, 17, 1, '112', '🚀 Telegram Post View [Server Vortex] | Last 1 Post 🔥 | Max 50M 🌟 | SuperFast ⚡️', 'Link: Link Channel Telegram\r\n\r\nPost Terakhir: 1 Post 🔥\r\n\r\nMax: 50M 🌟\r\n\r\nKualitas: SuperFast ⚡️\r\n\r\nWaktu Pengiriman: 0-5 Menit\r\n\r\nCatatan:\r\n\r\nTergantung pada kepadatan, mungkin ada keterlambatan pengiriman.\r\n\r\nJangan melakukan pemesanan kedua untuk pengguna yang sama sebelum pesanan pertama selesai.', 62.00, 10, 50000000, 'active', '2025-04-22 06:28:27', '2025-04-22 06:28:27'),
(108, 17, 1, '113', '🚀 Telegram Post View [Server Zenith] | Last 5 Post 🔥 | Max 50M 🌟 | SuperFast ⚡️', 'Link: Link Channel Telegram\r\n\r\nPost Terakhir: 5 Post 🔥\r\n\r\nMax: 50M 🌟\r\n\r\nKualitas: SuperFast ⚡️\r\n\r\nWaktu Pengiriman: 0-5 Menit\r\n\r\nCatatan:\r\n\r\nTergantung pada kepadatan, mungkin ada keterlambatan pengiriman.\r\n\r\nJangan melakukan pemesanan kedua untuk pengguna yang sama sebelum pesanan pertama selesai.', 706.00, 10, 50000000, 'active', '2025-04-22 06:28:27', '2025-04-22 06:28:27'),
(109, 17, 1, '114', '🚀 Telegram Post View [Server Nova] | Last 10 Post 🔥 | Max 50M 🌟 | SuperFast ⚡️', 'Link: Link Channel Telegram\r\n\r\nPost Terakhir: 10 Post 🔥\r\n\r\nMax: 50M 🌟\r\n\r\nKualitas: SuperFast ⚡️\r\n\r\nWaktu Pengiriman: 0-5 Menit\r\n\r\nCatatan:\r\n\r\nTergantung pada kepadatan, mungkin ada keterlambatan pengiriman.\r\n\r\nJangan melakukan pemesanan kedua untuk pengguna yang sama sebelum pesanan pertama selesai.', 1170.00, 10, 50000000, 'active', '2025-04-22 06:28:27', '2025-04-22 06:28:27'),
(110, 17, 1, '115', '🚀 Telegram Post View [Server Titan] | Last 15 Post 🔥 | Max 50M 🌟 | SuperFast ⚡️', 'Link: Link Channel Telegram\r\n\r\nPost Terakhir: 15 Post 🔥\r\n\r\nMax: 50M 🌟\r\n\r\nKualitas: SuperFast ⚡️\r\n\r\nWaktu Pengiriman: 0-5 Menit\r\n\r\nCatatan:\r\n\r\nTergantung pada kepadatan, mungkin ada keterlambatan pengiriman.\r\n\r\nJangan melakukan pemesanan kedua untuk pengguna yang sama sebelum pesanan pertama selesai.', 2052.00, 10, 50000000, 'active', '2025-04-22 06:28:27', '2025-04-22 06:28:27');
INSERT INTO `services` (`id`, `category_id`, `provider_id`, `provider_service_id`, `name`, `note`, `price_per_1000`, `min_order`, `max_order`, `status`, `created_at`, `updated_at`) VALUES
(111, 17, 1, '116', '🚀 Telegram Post View [Server Eclipse] | Last 20 Post 🔥 | Max 50M 🌟 | SuperFast ⚡️', 'Link: Link Channel Telegram\r\n\r\nPost Terakhir: 20 Post 🔥\r\n\r\nMax: 50M 🌟\r\n\r\nKualitas: SuperFast ⚡️\r\n\r\nWaktu Pengiriman: 0-5 Menit\r\n\r\nCatatan:\r\n\r\nTergantung pada kepadatan, mungkin ada keterlambatan pengiriman.\r\n\r\nJangan melakukan pemesanan kedua untuk pengguna yang sama sebelum pesanan pertama selesai.', 2161.00, 10, 50000000, 'active', '2025-04-22 06:28:27', '2025-04-22 06:28:27'),
(112, 17, 1, '117', '🚀 Telegram Post View [Server Cosmos] | Last 30 Post 🔥 | Max 50M 🌟 | SuperFast ⚡️', 'Link: Link Channel Telegram\r\n\r\nPost Terakhir: 30 Post 🔥\r\n\r\nMax: 50M 🌟\r\n\r\nKualitas: SuperFast ⚡️\r\n\r\nWaktu Pengiriman: 0-5 Menit\r\n\r\nCatatan:\r\n\r\nTergantung pada kepadatan, mungkin ada keterlambatan pengiriman.\r\n\r\nJangan melakukan pemesanan kedua untuk pengguna yang sama sebelum pesanan pertama selesai.', 5072.00, 10, 50000000, 'active', '2025-04-22 06:28:27', '2025-04-22 06:28:27'),
(113, 17, 1, '118', '🚀 Telegram Post View [Server Horizon] | Last 50 Post 🔥 | Max 50M 🌟 | SuperFast ⚡️', 'Link: Link Channel Telegram\r\n\r\nPost Terakhir: 50 Post 🔥\r\n\r\nMax: 50M 🌟\r\n\r\nKualitas: SuperFast ⚡️\r\n\r\nWaktu Pengiriman: 0-5 Menit\r\n\r\nCatatan:\r\n\r\nTergantung pada kepadatan, mungkin ada keterlambatan pengiriman.\r\n\r\nJangan melakukan pemesanan kedua untuk pengguna yang sama sebelum pesanan pertama selesai.', 6176.00, 10, 50000000, 'active', '2025-04-22 06:28:27', '2025-04-22 06:28:27'),
(114, 17, 1, '119', '🚀 Telegram Post View [Server Pulse] | Last 100 Post 🔥 | Max 50M 🌟 | SuperFast ⚡️', 'Link: Link Channel Telegram\r\n\r\nPost Terakhir: 100 Post 🔥\r\n\r\nMax: 50M 🌟\r\n\r\nKualitas: SuperFast ⚡️\r\n\r\nWaktu Pengiriman: 0-5 Menit\r\n\r\nCatatan:\r\n\r\nTergantung pada kepadatan, mungkin ada keterlambatan pengiriman.\r\n\r\nJangan melakukan pemesanan kedua untuk pengguna yang sama sebelum pesanan pertama selesai.', 11687.00, 10, 50000000, 'active', '2025-04-22 06:28:27', '2025-04-22 06:28:27'),
(115, 17, 1, '120', '🚀 Telegram Post View [Server Nova] | Last 500 Post 🔥 | Max 50M 🌟 | SuperFast ⚡️', 'Link: Link Channel Telegram\r\n\r\nPost Terakhir: 500 Post 🔥\r\n\r\nMax: 50M 🌟\r\n\r\nKualitas: SuperFast ⚡️\r\n\r\nWaktu Pengiriman: 0-5 Menit\r\n\r\nCatatan:\r\n\r\nTergantung pada kepadatan, mungkin ada keterlambatan pengiriman.\r\n\r\nJangan melakukan pemesanan kedua untuk pengguna yang sama sebelum pesanan pertama selesai.', 34178.00, 10, 50000000, 'active', '2025-04-22 06:28:27', '2025-04-22 06:28:27'),
(116, 16, 1, '121', 'Telegram Reactions + Free Views | Positive - 👍 ❤️ 🔥 🎉 😁| [ Max 1M ] | Day 100K', 'Telegram Reactions + Free Views | Positive - 👍 ❤️ 🔥 🎉 😁| [ Max 1M ] | Day 100K', 1502.00, 10, 200000, 'active', '2025-04-22 06:28:27', '2025-04-22 06:28:27'),
(117, 16, 1, '122', 'Telegram Reactions + Free Views | Negative -👎 😱 💩 😢 🤮| [ Max 1M ] | Day 100K', 'Telegram Reactions + Free Views | Negative -👎 😱 💩 😢 🤮| [ Max 1M ] | Day 100K', 1502.00, 10, 1000000, 'active', '2025-04-22 06:28:27', '2025-04-22 06:28:27'),
(118, 16, 1, '123', 'Telegram Reactions + Free Views | Celebration 🎉 | [ Max 100K ] | Day 100K', 'Telegram Reactions + Free Views | Celebration 🎉 | [ Max 100K ] | Day 100K', 1502.00, 10, 200000, 'active', '2025-04-22 06:28:27', '2025-04-22 06:28:27'),
(119, 16, 1, '124', 'Telegram Reactions + Free Views | Star Struck 🤩| [ Max 100K ] | Day 100K', 'Telegram Reactions + Free Views | Star Struck 🤩| [ Max 100K ] | Day 100K', 1502.00, 10, 200000, 'active', '2025-04-22 06:28:27', '2025-04-22 06:28:27'),
(120, 16, 1, '125', 'Telegram Reactions + Free Views | Fire🔥| [ Max 100K ] | Day 100K', 'Telegram Reactions + Free Views | Fire🔥| [ Max 100K ] | Day 100K', 1502.00, 10, 200000, 'active', '2025-04-22 06:28:27', '2025-04-22 06:28:27'),
(121, 16, 1, '126', 'Telegram Reactions + Free Views | Heart ❤️| [ Max 100K ] | Day 100K', 'Telegram Reactions + Free Views | Heart ❤️| [ Max 100K ] | Day 100K', 1502.00, 10, 200000, 'active', '2025-04-22 06:28:27', '2025-04-22 06:28:27'),
(122, 16, 1, '127', 'Telegram Reactions + Free Views | DisLike👎| [ Max 100K ] | Day 100K', 'Telegram Reactions + Free Views | DisLike👎| [ Max 100K ] | Day 100K', 1502.00, 10, 5000000, 'active', '2025-04-22 06:28:27', '2025-04-22 06:28:27'),
(123, 16, 1, '128', 'Telegram Reactions + Free Views | Like 👍| [ Max 100K ] | Day 100K', 'Telegram Reactions + Free Views | Like 👍| [ Max 100K ] | Day 100K', 1502.00, 10, 200000, 'active', '2025-04-22 06:28:27', '2025-04-22 06:28:27'),
(124, 16, 1, '129', 'Telegram Reactions + Free Views | Screaming Face 😱| [ Max 100K ] | Day 100K', 'Telegram Reactions + Free Views | Screaming Face 😱| [ Max 100K ] | Day 100K', 1502.00, 10, 200000, 'active', '2025-04-22 06:28:27', '2025-04-22 06:28:27'),
(125, 16, 1, '130', 'Telegram Reactions + Free Views | Beaming Face 😁 | [ Max 100K ] | Day 100K', 'Telegram Reactions + Free Views | Beaming Face 😁 | [ Max 100K ] | Day 100K', 1502.00, 10, 200000, 'active', '2025-04-22 06:28:27', '2025-04-22 06:28:27'),
(126, 16, 1, '131', 'Telegram Reactions + Free Views | Crying Face 😢| [ Max 100K ] | Day 100K', 'Telegram Reactions + Free Views | Crying Face 😢| [ Max 100K ] | Day 100K', 548.00, 10, 300000, 'active', '2025-04-22 06:28:27', '2025-04-22 06:28:27'),
(127, 16, 1, '132', 'Telegram Reactions + Free Views | Pile of Poo 💩 | [ Max 100K ] | Day 100K', 'Telegram Reactions + Free Views | Pile of Poo 💩 | [ Max 100K ] | Day 100K', 548.00, 10, 300000, 'active', '2025-04-22 06:28:27', '2025-04-22 06:28:27'),
(128, 16, 1, '133', 'Telegram Reactions + Free Views | Face Vomiting 🤮| [ Max 100K ] | Day 100K', 'Telegram Reactions + Free Views | Face Vomiting 🤮| [ Max 100K ] | Day 100K', 548.00, 10, 300000, 'active', '2025-04-22 06:28:27', '2025-04-22 06:28:27'),
(129, 2, 1, '134', '🚀 Facebook Profile Followers [Server Apex] | Max 500K 🌟 | Non Drop ⚠️ | NR | Day 50K ⚡️', 'Link: Link Profil Facebook\r\n\r\nMax: 500K 🌟\r\n\r\nKualitas: Non Drop ⚠️\r\n\r\nRefill: NR (No Refill)\r\n\r\nKecepatan Pengiriman: 50K/Hari ⚡️\r\n\r\nCatatan:\r\n\r\nPengiriman bisa bervariasi tergantung pada kondisi server.\r\n\r\nPastikan untuk tidak melakukan pemesanan kedua untuk pengguna yang sama sebelum pesanan pertama selesai.', 10584.00, 10, 500000, 'active', '2025-04-22 06:28:27', '2025-04-22 06:28:27'),
(130, 2, 1, '135', '🚀 Facebook Profile Followers [Server Titan] | Max 500K 🌟 | Non Drop ⚠️ | NR | Day 10K > Cheapest 💸', 'Link: Link Profil Facebook\r\n\r\nMax: 500K 🌟\r\n\r\nKualitas: Non Drop ⚠️\r\n\r\nRefill: NR (No Refill)\r\n\r\nKecepatan Pengiriman: 10K/Hari &amp;gt; Harga Termurah 💸\r\n\r\nCatatan:\r\n\r\nPengiriman bisa bervariasi tergantung pada kondisi server.\r\n\r\nPastikan untuk tidak melakukan pemesanan kedua untuk pengguna yang sama sebelum pesanan pertama selesai.', 12257.00, 100, 500000, 'active', '2025-04-22 06:28:27', '2025-04-22 06:28:27'),
(131, 2, 1, '136', '🚀 Facebook Profile Followers [Server Zenith] | Max 1M 🌟 | Non Drop ♻️ | 30 Days | Day 30K ⚡️', 'Link: Link Profil Facebook\r\n\r\nMax: 1M 🌟\r\n\r\nKualitas: Non Drop ♻️\r\n\r\nRefill: 30 Hari\r\n\r\nKecepatan Pengiriman: 30K/Hari ⚡️', 20110.00, 100, 1000000, 'active', '2025-04-22 06:28:27', '2025-04-22 06:28:27'),
(132, 2, 1, '137', '🚀 Facebook Profile Followers [Server Vortex] | Max 5M 🌟 | Non Drop ♻️ | 60 Days | Day 50K > FAST ⚡️', 'Link: Link Profil Facebook\r\n\r\nMax: 5M 🌟\r\n\r\nKualitas: Non Drop ♻️\r\n\r\nRefill: 60 Hari\r\n\r\nKecepatan Pengiriman: 50K/Hari &amp;gt; Cepat ⚡️\r\n\r\nCatatan:\r\n\r\nPengiriman bisa bervariasi tergantung pada kondisi server.\r\n\r\nPastikan untuk tidak melakukan pemesanan kedua untuk pengguna yang sama sebelum pesanan pertama selesai.', 20727.00, 100, 5000000, 'active', '2025-04-22 06:28:27', '2025-04-22 06:28:27'),
(133, 2, 1, '138', '🚀 Facebook Profile Followers [Server Pulse] | Max 20K 🌟 | Non Drop ♻️ | 30 Days | Day 20K > FAST ⚡️', 'Link: Link Profil Facebook\r\n\r\nMax: 20K 🌟\r\n\r\nKualitas: Non Drop ♻️\r\n\r\nRefill: 30 Hari\r\n\r\nKecepatan Pengiriman: 20K/Hari &amp;gt; Cepat ⚡️\r\n\r\nCatatan:\r\n\r\nPengiriman bisa bervariasi tergantung pada kondisi server.\r\n\r\nPastikan untuk tidak melakukan pemesanan kedua untuk pengguna yang sama sebelum pesanan pertama selesai.', 22415.00, 100, 20000, 'active', '2025-04-22 06:28:27', '2025-04-22 06:28:27'),
(134, 6, 1, '139', '🚀 Instagram Followers Indonesia [Server Titan] | ♻️ Lifetime Refill | ⚡ Instant Processing | ⭐ Premium Quality', 'Link: Link Profil Instagram\r\n\r\nMax Followers: Sesuai dengan permintaan\r\n\r\nKualitas: Premium ⭐\r\n\r\nRefill: Lifetime Refill ♻️\r\n\r\nProses Pengiriman: Instant ⚡\r\n\r\nKecepatan Pengiriman: Sesuai dengan jumlah pesanan\r\n\r\nCatatan:\r\n\r\nPengiriman dapat bervariasi tergantung pada kondisi server.\r\n\r\nPastikan untuk tidak melakukan pemesanan kedua untuk pengguna yang sama sebelum pesanan pertama selesai.', 57800.00, 100, 100000, 'active', '2025-04-22 06:28:28', '2025-04-22 06:28:28'),
(135, 25, 1, '140', '🚀 TikTok Video Save [Max 1M] | Start: 0-10 Minutes | 30 Days ♻️ | Day 50K 🔥 Non-Drop & Real Engagement', 'Link: Link Video TikTok\r\n\r\nMax: 1M Video Save\r\n\r\nMulai: 0-10 Menit\r\n\r\nRefill: 30 Hari ♻️\r\n\r\nKecepatan Pengiriman: 50K/Hari 🔥\r\n\r\nKualitas: Non-Drop &amp;amp; Real Engagement ⭐', 219.00, 10, 1000000, 'active', '2025-04-22 06:28:28', '2025-04-22 06:28:28'),
(136, 25, 1, '141', '🚀 TikTok Video Save [Max 50K] | Start: 0-10 Minutes | 30 Days ♻️ | Day 50K 🔥 Real Active Users | High-Quality Delivery', 'Link: Link Video TikTok\r\n\r\nMax: 50K Video Save\r\n\r\nMulai: 0-10 Menit\r\n\r\nRefill: 30 Hari ♻️\r\n\r\nKecepatan Pengiriman: 50K/Hari 🔥\r\n\r\nKualitas: Real Active Users &amp;amp; Pengiriman Berkualitas Tinggi ✅', 898.00, 100, 10000000, 'active', '2025-04-22 06:28:28', '2025-04-22 06:28:28'),
(137, 25, 1, '142', '~Rekomendasi✨ 🚀 TikTok Video Saves [Max Unlimited] | Cancel Enable | 30 Days ♻️ | Instant Start | Day 100K 🚀 Non-Drop & Premium Quality', 'Link: Link Video TikTok\r\n\r\nCancel: Enable ✅\r\n\r\nRefill: 30 Hari ♻️\r\n\r\nMulai: Instan 🚀\r\n\r\nKecepatan Pengiriman: 100K/Hari 🔥\r\n\r\nKualitas: Non-Drop &amp;amp; Premium Quality ⭐', 1313.00, 10, 2147483647, 'active', '2025-04-22 06:28:28', '2025-04-22 06:28:28'),
(138, 21, 1, '143', '🚀 TikTok Likes [Server Titan] | Max 10M 🌟 | HQ & Real Profiles ✅ | Lifetime ♻️ | Instant Start ⚡️ | Day 100K 🚀', 'Link: Link Video TikTok\r\n\r\nMax: 10M Likes\r\n\r\nKualitas: HQ &amp;amp; Real Profiles ✅\r\n\r\nRefill: Lifetime ♻️\r\n\r\nMulai: Instan ⚡️\r\n\r\nKecepatan Pengiriman: 100K/Hari 🚀', 971.00, 10, 10000000, 'active', '2025-04-22 06:28:28', '2025-04-22 06:28:28'),
(139, 21, 1, '144', '🔥 TikTok Likes [Server Blaze] | Max 5M 💎 | HQ Profiles 🌍 | Non Drop ⚠️ | 365 Days ♻️ | Instant Start 🚀 | Day 50K ⚡️', 'Link: Link Video TikTok\r\n\r\nMax: 5M Likes\r\n\r\nKualitas: HQ Profiles 🌍\r\n\r\nRefill: 365 Hari ♻️\r\n\r\nNon-Drop: Ya ⚠️\r\n\r\nMulai: Instan 🚀\r\n\r\nKecepatan Pengiriman: 50K/Hari ⚡️', 993.00, 10, 5000000, 'active', '2025-04-22 06:28:28', '2025-04-22 06:28:28'),
(140, 28, 1, '145', 'YouTube Subscribers Max 50K | Titan Server | HQ ✨ | 30-100 Subscribers/Day – Optimal Speed ⚡ | Lifetime Guaranteed ♻️', 'Link: Link Channel YouTube\r\n\r\nLocation: Global\r\n\r\nQuality: High Quality Profiles\r\n\r\nStart: 0-10 Menit\r\n\r\nSpeed: Day 30-100\r\n\r\nRefill Time: Lifetime ♻️\r\n\r\nNotes:\r\n\r\nKetika layanan sedang sibuk, kecepatan proses awal dapat berubah.\r\n\r\nJangan melakukan pemesanan kedua pada link yang sama sebelum pesanan pertama selesai di sistem.\r\n\r\nJika ada masalah dengan layanan, harap hubungi dukungan.', 17640.00, 50, 50000, 'active', '2025-04-22 06:28:28', '2025-04-22 06:28:28'),
(141, 28, 1, '146', 'YouTube Subscribers Max 30K | Phoenix Server | HQ 🌟 | 50-150 Subscribers/Day – Rapid Growth 🚀 | Lifetime Guaranteed ♻️', 'Link: Link Channel YouTube\r\n\r\nLocation: Global\r\n\r\nQuality: High Quality Profiles\r\n\r\nStart: 0-10 Menit\r\n\r\nSpeed: Day 50-150\r\n\r\nRefill Time: Lifetime ♻️\r\n\r\nNotes:\r\n\r\nKetika layanan sedang sibuk, kecepatan proses awal dapat berubah.\r\n\r\nJangan melakukan pemesanan kedua pada link yang sama sebelum pesanan pertama selesai di sistem.\r\n\r\nJika ada masalah dengan layanan, harap hubungi dukungan.', 22050.00, 50, 30000, 'active', '2025-04-22 06:28:28', '2025-04-22 06:28:28'),
(142, 28, 1, '147', 'YouTube Subscribers Max 50K | Eclipse Server | HQ 💎 | 100-200 Subscribers/Day – Maximum Growth ⚡ | Lifetime Guaranteed ♻️', 'Link: Link Channel YouTube\r\n\r\nLocation: Global\r\n\r\nQuality: High Quality Profiles\r\n\r\nStart: 0-10 Menit\r\n\r\nSpeed: Day 100-200\r\n\r\nRefill Time: Lifetime ♻️\r\n\r\nNotes:\r\n\r\nKetika layanan sedang sibuk, kecepatan proses awal dapat berubah.\r\n\r\nJangan melakukan pemesanan kedua pada link yang sama sebelum pesanan pertama selesai di sistem.\r\n\r\nJika ada masalah dengan layanan, harap hubungi dukungan.', 22050.00, 100, 50000, 'active', '2025-04-22 06:28:28', '2025-04-22 06:28:28'),
(143, 28, 1, '148', 'YouTube Subscribers Max 100K | Vortex Server | HQ 🔥 | Fast Growth 🚀 | Lifetime Guaranteed ♻️', 'Link: Link Channel YouTube\r\n\r\nLocation: Global\r\n\r\nQuality: High Quality Profiles\r\n\r\nStart: 0-10 Menit\r\n\r\nSpeed: Day 400-800\r\n\r\nRefill Time: Lifetime ♻️\r\n\r\nNotes:\r\n\r\nKetika layanan sedang sibuk, kecepatan proses awal dapat berubah.\r\n\r\nJangan melakukan pemesanan kedua pada link yang sama sebelum pesanan pertama selesai di sistem.\r\n\r\nJika ada masalah dengan layanan, harap hubungi dukungan.', 39690.00, 100, 100000, 'active', '2025-04-22 06:28:28', '2025-04-22 06:28:28'),
(144, 28, 1, '149', '~Rekomendasi✨ YouTube Subscribers Max 200K | Nova Server | HQ 🌟 | Exceptional Speed ⚡ | Lifetime Guaranteed ♻️', 'Link: Link Channel YouTube\r\n\r\nLocation: Global\r\n\r\nQuality: High Quality Profiles\r\n\r\nStart: 0-10 Menit\r\n\r\nRefill Time: Lifetime ♻️\r\n\r\nNotes:\r\n\r\nKetika layanan sedang sibuk, kecepatan proses awal dapat berubah.\r\n\r\nJangan melakukan pemesanan kedua pada link yang sama sebelum pesanan pertama selesai di sistem.\r\n\r\nJika ada masalah dengan layanan, harap hubungi dukungan.', 44100.00, 100, 200000, 'active', '2025-04-22 06:28:28', '2025-04-22 06:28:28'),
(145, 28, 1, '150', 'YouTube Subscribers Max 200K | Apex Server | HQ 💎 | 2K Subscribers/Day – Unmatched Quality ⚡ | Lifetime Guaranteed ♻️', 'Link: Link Channel YouTube\r\n\r\nLocation: Global\r\n\r\nQuality: High Quality Profiles\r\n\r\nStart: 0-10 Menit\r\n\r\nSpeed: Day 2K\r\n\r\nRefill Time: Lifetime ♻️\r\n\r\nNotes:\r\n\r\nKetika layanan sedang sibuk, kecepatan proses awal dapat berubah.\r\n\r\nJangan melakukan pemesanan kedua pada link yang sama sebelum pesanan pertama selesai di sistem.\r\n\r\nJika ada masalah dengan layanan, harap hubungi dukungan.', 55125.00, 100, 200000, 'active', '2025-04-22 06:28:28', '2025-04-22 06:28:28'),
(146, 28, 1, '151', 'YouTube Subscribers Max 200K | Hyperion Server | HQ 🔥 | Instant Growth 🚀 | Lifetime Guaranteed ♻️ | Non Drop | Best Seller✨', 'Link: Link Channel YouTube\r\n\r\nLocation: Global\r\n\r\nQuality: High Quality Profiles\r\n\r\nStart: 0-10 Menit\r\n\r\nSpeed: Day 3K\r\n\r\nRefill Time: Lifetime ♻️\r\n\r\nNotes:\r\n\r\nKetika layanan sedang sibuk, kecepatan proses awal dapat berubah.\r\n\r\nJangan melakukan pemesanan kedua pada link yang sama sebelum pesanan pertama selesai di sistem.\r\n\r\nJika ada masalah dengan layanan, harap hubungi dukungan.', 61740.00, 100, 200000, 'active', '2025-04-22 06:28:28', '2025-04-22 06:28:28'),
(147, 28, 1, '152', 'YouTube Subscribers Max 200K | Stratos Server | HQ ✨ | 5K Subscribers/Day – Premium Speed ⚡ | Lifetime Guaranteed ♻️', 'Link: Link Channel YouTube\r\n\r\nLocation: Global\r\n\r\nQuality: High Quality Profiles\r\n\r\nStart: 0-10 Menit\r\n\r\nSpeed: Day 5K\r\n\r\nRefill Time: Lifetime ♻️\r\n\r\nNotes:\r\n\r\nKetika layanan sedang sibuk, kecepatan proses awal dapat berubah.\r\n\r\nJangan melakukan pemesanan kedua pada link yang sama sebelum pesanan pertama selesai di sistem.\r\n\r\nJika ada masalah dengan layanan, harap hubungi dukungan.', 78750.00, 100, 200000, 'active', '2025-04-22 06:28:28', '2025-04-22 06:28:28'),
(148, 28, 1, '153', 'YouTube Subscribers | Max 200K | HQ | Speed 10K/Day | Lifetime Guaranteed ♻️', 'YouTube Subscribers | Max 200K | HQ | Speed 10K/Day | Lifetime Guaranteed ♻️', 72765.00, 100, 200000, 'active', '2025-04-22 06:28:28', '2025-04-22 06:28:28'),
(149, 1, 1, '154', '🚀 Facebook Followers [Page & Profile] Max 1M | Titan Server 🌟 | HQ Profiles 🔥 | Cancel Enable ⚡ | No Refill ⚠️ | Instant Start ⏱ |', 'Link: Link Halaman Facebook\r\n\r\nLocation: Global\r\n\r\nQuality: HQ Profiles\r\n\r\nStart: Instan ⏱\r\n\r\nSpeed: 100K/Day\r\n\r\nRefill Time: No Refill ⚠️\r\n\r\nCancel Enable: Ya ⚡\r\n\r\nNotes:\r\n\r\nKetika layanan sedang sibuk, kecepatan proses awal dapat berubah.\r\n\r\nJangan melakukan pemesanan kedua pada link yang sama sebelum pesanan pertama selesai di sistem.\r\n\r\nJika ada masalah dengan layanan, harap hubungi dukungan.', 10815.00, 10, 1000000, 'active', '2025-04-22 06:28:28', '2025-04-22 06:28:28'),
(150, 1, 1, '155', '🌟 Facebook Followers [Page & Profile] Max 1M | Phoenix Server 🔥 | HQ Profiles 💎 | Cancel Enable ⚡ | 30 Days Refill ♻️ | Instant Start ⏱ |', 'Link: Link Halaman Facebook\r\n\r\nLocation: Global\r\n\r\nQuality: HQ Profiles\r\n\r\nStart: Instan ⏱\r\n\r\nSpeed: 100K/Day\r\n\r\nRefill Time: 30 Hari Refill ♻️\r\n\r\nCancel Enable: Ya ⚡\r\n\r\nNotes:\r\n\r\nKetika layanan sedang sibuk, kecepatan proses awal dapat berubah.\r\n\r\nJangan melakukan pemesanan kedua pada link yang sama sebelum pesanan pertama selesai di sistem.\r\n\r\nJika ada masalah dengan layanan, harap hubungi dukungan.', 12450.00, 10, 1000000, 'active', '2025-04-22 06:28:28', '2025-04-22 06:28:28'),
(151, 1, 1, '156', '🚀 Facebook Page Followers | Titan Server 🌟 | Non-Drop | 500K/Day 🔥 | Lifetime Guaranteed ⚡ | Instant Growth ⏱ | No Refill ⚠️', 'Link: Link Halaman Facebook\r\n\r\nLocation: Global\r\n\r\nQuality: Non-Drop\r\n\r\nStart: Instan ⏱\r\n\r\nSpeed: 500K/Day\r\n\r\nRefill Time: No Refill ⚠️\r\n\r\nLifetime Guarantee: Ya ⚡\r\n\r\nNotes:\r\n\r\nKetika layanan sedang sibuk, kecepatan proses awal dapat berubah.\r\n\r\nJangan melakukan pemesanan kedua pada link yang sama sebelum pesanan pertama selesai di sistem.\r\n\r\nJika ada masalah dengan layanan, harap hubungi dukungan.', 28482.00, 100, 1000000, 'active', '2025-04-22 06:28:28', '2025-04-22 06:28:28'),
(152, 1, 1, '157', '💎 Facebook Page Followers [Max: 1M] | Phoenix Server 🌟 | MQ Profile | 5K/Day ⚡ | 60 Days Refill ♻️ | No Drop 🔥 | Instant Start ⏱', 'Link: Link Halaman Facebook\r\n\r\nLocation: Global\r\n\r\nQuality: MQ Profiles\r\n\r\nStart: Instan ⏱\r\n\r\nSpeed: 5K/Day\r\n\r\nRefill Time: 60 Hari Refill ♻️\r\n\r\nNo Drop: Ya 🔥\r\n\r\nNotes:\r\n\r\nKetika layanan sedang sibuk, kecepatan proses awal dapat berubah.\r\n\r\nJangan melakukan pemesanan kedua pada link yang sama sebelum pesanan pertama selesai di sistem.\r\n\r\nJika ada masalah dengan layanan, harap hubungi dukungan.', 26250.00, 100, 1000000, 'active', '2025-04-22 06:28:28', '2025-04-22 06:28:28'),
(153, 1, 1, '158', '🔥 Facebook Page Likes + Followers [Max: 1M] | Vortex Server 🌟 | LQ Profile | 2-3K/Day ⚡ | 15 Days Refill ♻️ | No Drop 🔥', 'Link: Link Halaman Facebook\r\n\r\nLocation: Global\r\n\r\nQuality: LQ Profiles\r\n\r\nStart: Instan ⏱\r\n\r\nSpeed: 2-3K/Day\r\n\r\nRefill Time: 15 Hari Refill ♻️\r\n\r\nNo Drop: Ya 🔥\r\n\r\nNotes:\r\n\r\nKetika layanan sedang sibuk, kecepatan proses awal dapat berubah.\r\n\r\nJangan melakukan pemesanan kedua pada link yang sama sebelum pesanan pertama selesai di sistem.\r\n\r\nJika ada masalah dengan layanan, harap hubungi dukungan.', 50400.00, 10, 1000000, 'active', '2025-04-22 06:28:28', '2025-04-22 06:28:28'),
(154, 1, 1, '159', '🚀 Facebook Page Likes + Followers | Nova Server 🌟 | Any Type Page | Non-Drop | 50K-100K/Day ⚡ | Lifetime Guaranteed 🔥 | Instant Growth ⏱', 'Link: Link Halaman Facebook\r\n\r\nLocation: Global\r\n\r\nQuality: Semua Jenis Halaman\r\n\r\nStart: Instan ⏱\r\n\r\nSpeed: 50K-100K/Day\r\n\r\nLifetime Guarantee: Ya 🔥\r\n\r\nNo Drop: Ya\r\n\r\nNotes:\r\n\r\nKetika layanan sedang sibuk, kecepatan proses awal dapat berubah.\r\n\r\nJangan melakukan pemesanan kedua pada link yang sama sebelum pesanan pertama selesai di sistem.\r\n\r\nJika ada masalah dengan layanan, harap hubungi dukungan.', 56700.00, 10, 1000000, 'active', '2025-04-22 06:28:28', '2025-04-22 06:28:28'),
(155, 8, 1, '160', '🚀 Instagram Followers [Max 1M] | Old Accounts With Posts | Titan Server 🌟 | Cancel Enable ⚡ | Refill 30 Hari | Instant Start ⏱ | 100K/Day 🚩', 'Link: Link Akun Instagram\r\n\r\nLocation: Global\r\n\r\nQuality: Old Accounts with Posts\r\n\r\nStart: Instan ⏱\r\n\r\nSpeed: 100K/Day\r\n\r\nRefill Time: Refill 30 Hari\r\n\r\nCancel Enable: Ya ⚡\r\n\r\nNotes:\r\n\r\nKetika layanan sedang sibuk, kecepatan proses awal dapat berubah.\r\n\r\nJangan melakukan pemesanan kedua pada link yang sama sebelum pesanan pertama selesai di sistem.\r\n\r\nJika ada masalah dengan layanan, harap hubungi dukungan.', 17850.00, 10, 10000000, 'active', '2025-04-22 06:28:28', '2025-04-22 06:28:28'),
(156, 13, 1, '161', '⚡ Instagram Share [Max 10M] | Titan Server 🌟 | Instant | Super Fast Completed 🚀', 'Link: Link Post 🔗\r\n\r\nLocation: Global 🌍\r\n\r\nStart: 0-5 Menit ⏱️\r\n\r\nNotes:\r\n\r\n🔄 Ketika layanan sibuk, kecepatan mulai proses dapat berubah.\r\n\r\n🚫 Jangan melakukan pemesanan kedua pada link yang sama sebelum pesanan pertama selesai di sistem.\r\n\r\n📞 Jika ada masalah dengan layanan, harap hubungi dukungan.', 221.00, 10, 10000000, 'active', '2025-04-22 06:28:28', '2025-04-22 06:28:28'),
(157, 13, 1, '162', '♻️ Instagram Share [Max 10M] | Phoenix Server 🌟 | Instant | Lifetime Refill ♻️ | Super Fast Completed 🚀', 'Link: Link Post 🔗\r\n\r\nLocation: Global 🌍\r\n\r\nStart: 0-5 Menit ⏱️\r\n\r\nNotes:\r\n\r\n🔄 Ketika layanan sibuk, kecepatan mulai proses dapat berubah.\r\n\r\n🚫 Jangan melakukan pemesanan kedua pada link yang sama sebelum pesanan pertama selesai di sistem.\r\n\r\n📞 Jika ada masalah dengan layanan, harap hubungi dukungan.', 244.00, 10, 10000000, 'active', '2025-04-22 06:28:28', '2025-04-22 06:28:28'),
(158, 30, 1, '163', '🇮🇩 Shopee Followers Indonesia [Max 50K] | Garuda Server 🦅 | Auto Process ⚙️ | EXCLUSIVE 🔒 | Non-Drop ✅ | Bonus++ 🎁', 'isi data link toko / profile shopee\r\nNon drop\r\nNo Refill\r\nInstan', 12020.00, 100, 300000, 'active', '2025-04-22 06:28:28', '2025-04-22 06:28:28'),
(159, 30, 1, '164', '🇮🇩 Shopee Followers Indonesia [Max 100K] | Nusantara Server 🛡 | Auto Process ⚙️ | EXCLUSIVE 🔒 | Non-Drop ✅ | Super Cheap 💸 | BONUS+ 🎁', 'Isi data link profile / Toko\r\nAkun Ber Profil Real Indonesia\r\nBonus+\r\nNon Drop', 8020.00, 100, 100000, 'active', '2025-04-22 06:28:28', '2025-04-22 06:28:28'),
(160, 30, 1, '165', '🇮🇩 Shopee Followers Indonesia [Max 50K] | Merdeka Server 🔥 | Auto Process ⚙️ | Non-Drop ✅ | Best Deal 🏷️', 'Isi data target link profile / toko\r\nno refill\r\nHigh QUality', 2400.00, 100, 50000, 'active', '2025-04-22 06:28:28', '2025-04-22 06:28:28'),
(161, 30, 1, '166', '🇮🇩 Shopee Followers Indonesia [Max 30K] | Cakrawala Server 🌈 | Non-Drop ✅ | SUPER CHEAP 🔥 | Grab It Now ⚡', 'Isi data Link profile / toko\r\ntermurah\r\nfast proses\r\nakun ber profil', 2400.00, 100, 30000, 'active', '2025-04-22 06:28:28', '2025-04-22 06:28:28'),
(162, 30, 1, '167', 'Shopee Followers Indonesia - Active Accounts [Max 20K] | Rajawali Server 🦅 | Auto Process ⚙️ | Non-Drop ✅', 'Isi data link profile / toko\r\nfast proses\r\nHigh quality indonesia account', 5000.00, 100, 20000, 'active', '2025-04-22 06:28:28', '2025-04-22 06:28:28'),
(163, 21, 1, '168', 'TikTok Likes | Falcon Server 🚀 | Viral Pulse Boost 🔥 | HQ & Real Profiles 👥 | Cancel Enable ⚡ | Non-Drop ✅ | No Refill ⚠️ | Instant Start ⏱', 'Link: Link Video TikTok 🔗\r\n\r\nKualitas: Profil Asli &amp;amp; Berkualitas 👥\r\n\r\nStart: 0-5 Menit ⏱️\r\n\r\nFitur: Cancel Enable ⚡ | Non-Drop ✅ | Tanpa Refill ⚠️\r\n\r\nCatatan:\r\n\r\n🔄 Kecepatan mulai dapat berubah jika layanan sedang padat.\r\n\r\n🚫 Jangan melakukan pemesanan kedua pada link yang sama sebelum pesanan pertama selesai.\r\n\r\n📞 Jika terjadi kendala, silakan hubungi dukungan.', 1078.00, 10, 250000000, 'active', '2025-04-22 06:28:28', '2025-04-22 06:28:28'),
(164, 21, 1, '169', 'TikTok Likes | Orion Server 🌠 | Turbo Surge Performance ⚡ | HQ & Real Profiles 👥 | Cancel Enable ⚡ | Non-Drop ✅ | 30 Days Refill ♻️ | Instant Start ⏱', 'Link: Link Video TikTok 🔗\r\n\r\nKualitas: Profil Asli &amp;amp; Berkualitas 👥\r\n\r\nStart: 0-5 Menit ⏱️\r\n\r\nFitur: Cancel Enable ⚡ | Non-Drop ✅ | Refill 30 Hari ♻️\r\n\r\nCatatan:\r\n\r\n🔄 Kecepatan mulai dapat berubah jika layanan sedang padat.\r\n\r\n🚫 Jangan melakukan pemesanan kedua pada link yang sama sebelum pesanan pertama selesai.\r\n\r\n📞 Jika terjadi kendala, silakan hubungi dukungan.', 1182.00, 10, 5000000, 'active', '2025-04-22 06:28:28', '2025-04-22 06:28:28'),
(165, 21, 1, '170', 'TikTok Likes | Eclipse Server 🌑 | Elite Power Reach 🚀 | HQ & Real Profiles 👥 | Cancel Enable ⚡ | Non-Drop ✅ | 60 Days Refill ♻️ | Instant Start ⏱', 'Link: Link Video TikTok 🔗\r\n\r\nKualitas: Profil Asli &amp;amp; Berkualitas 👥\r\n\r\nStart: 0-5 Menit ⏱️\r\n\r\nFitur: Cancel Enable ⚡ | Non-Drop ✅ | Refill 60 Hari ♻️\r\n\r\nCatatan:\r\n\r\n🔄 Kecepatan mulai dapat berubah jika layanan sedang padat.\r\n\r\n🚫 Jangan melakukan pemesanan kedua pada link yang sama sebelum pesanan pertama selesai.\r\n\r\n📞 Jika terjadi kendala, silakan hubungi dukungan.', 1222.00, 10, 5000000, 'active', '2025-04-22 06:28:28', '2025-04-22 06:28:28'),
(166, 21, 1, '171', 'TikTok Likes | Nebula Server 🌌 | Ultra Storm Boost 🔥 | HQ & Real Profiles 👥 | Cancel Enable ⚡ | Non-Drop ✅ | 90 Days Refill ♻️ | Instant Start ⏱', 'Link: Link Video TikTok 🔗\r\n\r\nKualitas: Profil Asli &amp;amp; Berkualitas 👥\r\n\r\nStart: 0-5 Menit ⏱️\r\n\r\nFitur: Cancel Enable ⚡ | Non-Drop ✅ | Refill 90 Hari ♻️\r\n\r\nCatatan:\r\n\r\n🔄 Kecepatan mulai dapat berubah jika layanan sedang padat.\r\n\r\n🚫 Jangan melakukan pemesanan kedua pada link yang sama sebelum pesanan pertama selesai.\r\n\r\n📞 Jika terjadi kendala, silakan hubungi dukungan.', 1279.00, 10, 50000000, 'active', '2025-04-22 06:28:28', '2025-04-22 06:28:28'),
(167, 21, 1, '172', 'TikTok Likes | Quantum Server ⚛️ | Supreme Reach Engine 💥 | HQ & Real Profiles 👥 | Cancel Enable ⚡ | Non-Drop ✅ | 365 Days Refill ♻️ | Instant Start ⏱', 'Link: Link Video TikTok 🔗\r\n\r\nKualitas: Profil Asli &amp;amp; Berkualitas 👥\r\n\r\nStart: 0-5 Menit ⏱️\r\n\r\nFitur: Cancel Enable ⚡ | Non-Drop ✅ | Refill 365 Hari ♻️\r\n\r\nCatatan:\r\n\r\n🔄 Kecepatan mulai dapat berubah jika layanan sedang padat.\r\n\r\n🚫 Jangan melakukan pemesanan kedua pada link yang sama sebelum pesanan pertama selesai.\r\n\r\n📞 Jika terjadi kendala, silakan hubungi dukungan.', 1323.00, 10, 50000000, 'active', '2025-04-22 06:28:28', '2025-04-22 06:28:28'),
(168, 21, 1, '173', 'TikTok Likes | Infinity Server ♾️ | Ultimate Boost Pro 🚀 | HQ & Real Profiles 👥 | Cancel Enable ⚡ | Non-Drop ✅ | Lifetime Refill ♻️ | Instant Start ⏱', 'Link: Link Video TikTok 🔗\r\n\r\nKualitas: Profil Asli &amp;amp; Berkualitas 👥\r\n\r\nStart: 0-5 Menit ⏱️\r\n\r\nFitur: Cancel Enable ⚡ | Non-Drop ✅ | Refill Seumur Hidup ♻️\r\n\r\nCatatan:\r\n\r\n🔄 Kecepatan mulai dapat berubah jika layanan sedang padat.\r\n\r\n🚫 Jangan melakukan pemesanan kedua pada link yang sama sebelum pesanan pertama selesai.\r\n\r\n📞 Jika terjadi kendala, silakan hubungi dukungan.', 1576.00, 10, 5000000, 'active', '2025-04-22 06:28:28', '2025-04-22 06:28:28'),
(169, 18, 1, '174', 'TikTok Followers | Nova Server 🌟 | Real Reach Surge 🔥 | HQ & Real Profiles 👥 | Cancel Enable ⚡ | Non-Drop ✅ | No Refill ⚠️ | Instant Start ⏱', 'Link: Link Akun TikTok 🔗\r\n\r\nKualitas: Profil Asli &amp;amp; Berkualitas 👥\r\n\r\nStart: 0-5 Menit ⏱️\r\n\r\nFitur: Cancel Enable ⚡ | Non-Drop ✅ | Tanpa Refill ⚠️\r\n\r\nCatatan:\r\n\r\n🕒 Kecepatan mulai dapat berubah saat layanan sedang sibuk.\r\n\r\n🚫 Jangan lakukan pemesanan kedua di link yang sama sebelum pesanan sebelumnya selesai.\r\n\r\n📩 Hubungi dukungan jika ada kendala pada layanan', 23625.00, 10, 1000000, 'active', '2025-04-22 06:28:28', '2025-04-22 06:28:28'),
(170, 18, 1, '175', 'TikTok Followers | Phantom Server 🌀 | HQ & Real Profiles 👥 | Cancel Enable ⚡ | Non-Drop ✅ | No Refill ⚠️ | Instant Start ⏱', 'Link: Link Akun TikTok 🔗\r\n\r\nKualitas: Profil Asli &amp;amp; Berkualitas 👥\r\n\r\nStart: 0-5 Menit ⏱️\r\n\r\nFitur: Cancel Enable ⚡ | Non-Drop ✅ | Tanpa Refill ⚠️\r\n\r\nCatatan:\r\n\r\n🕒 Kecepatan mulai dapat berubah saat layanan sedang sibuk.\r\n\r\n🚫 Jangan lakukan pemesanan kedua di link yang sama sebelum pesanan sebelumnya selesai.\r\n\r\n📩 Hubungi dukungan jika ada kendala pada layanan.', 28130.00, 10, 1000000, 'active', '2025-04-22 06:28:28', '2025-04-22 06:28:28'),
(171, 3, 1, '176', 'Facebook Post Likes | Echo Server 🔊 | Basic Boost Power ⚡ | LQ Profiles 👥 | Cancel Enable ✅ | No Refill ⚠️ | Instant Start ⏱', 'Link: Link Postingan Facebook 🔗\r\n\r\nLokasi: Global 🌍\r\n\r\nKualitas: LQ Profiles 👥\r\n\r\nStart: 0-5 Menit ⏱️\r\n\r\nFitur: Cancel Enable ✅ | No Refill ⚠️\r\n\r\nCatatan:\r\n\r\n🕒 Kecepatan mulai dapat berubah saat layanan sedang sibuk.\r\n\r\n🚫 Jangan lakukan pemesanan kedua di link yang sama sebelum pesanan sebelumnya selesai.\r\n\r\n📩 Hubungi dukungan jika ada kendala pada layanan.', 8532.00, 50, 100000, 'active', '2025-04-22 06:28:28', '2025-04-22 06:28:28'),
(172, 3, 1, '177', 'Facebook Post Likes | Aurora Server 🌈 | Premium Pulse Flow 🔥 | 100% Real Profiles 👤 | Cancel Enable ✅ | 30 Days Refill ♻️ | Instant Start ⏱', 'Link: Link Postingan Facebook 🔗\r\n\r\nLokasi: Global 🌍\r\n\r\nKualitas: 100% Real Profiles 👤\r\n\r\nStart: 0-5 Menit ⏱️\r\n\r\nFitur: Cancel Enable ✅ | 30 Days Refill ♻️\r\n\r\nCatatan:\r\n\r\n🕒 Kecepatan mulai dapat berubah saat layanan sedang sibuk.\r\n\r\n🚫 Jangan lakukan pemesanan kedua di link yang sama sebelum pesanan sebelumnya selesai.\r\n\r\n📩 Hubungi dukungan jika ada kendala pada layanan.', 10938.00, 10, 10000, 'active', '2025-04-22 06:28:28', '2025-04-22 06:28:28'),
(173, 3, 1, '178', 'Facebook Post Likes | Blaze Server 🔥 | Turbo Hit Mode 🚀 | Mixed Quality 👍 | No Refill ⚠️ | Instant Start ⏱', 'Link: Link Postingan Facebook 🔗\r\n\r\nLokasi: Global 🌍\r\n\r\nKualitas: Mixed Quality 👍\r\n\r\nStart: 0-5 Menit ⏱️\r\n\r\nFitur: No Refill ⚠️\r\n\r\nCatatan:\r\n\r\n🕒 Kecepatan mulai dapat berubah saat layanan sedang sibuk.\r\n\r\n🚫 Jangan lakukan pemesanan kedua di link yang sama sebelum pesanan sebelumnya selesai.\r\n\r\n📩 Hubungi dukungan jika ada kendala pada layanan.', 9078.00, 50, 50000, 'active', '2025-04-22 06:28:28', '2025-04-22 06:28:28'),
(174, 3, 1, '179', 'Facebook Post Likes | Vortex Server 🌪️ | Compact Burst Mode 💢 | LQ Profiles 👥 | Cancel Enable ✅ | No Refill ⚠️ | Instant Start ⏱', 'Link: Link Postingan Facebook 🔗\r\n\r\nLokasi: Global 🌍\r\n\r\nKualitas: LQ Profiles 👥\r\n\r\nStart: 0-5 Menit ⏱️\r\n\r\nFitur: Cancel Enable ✅ | No Refill ⚠️\r\n\r\nCatatan:\r\n\r\n🕒 Kecepatan mulai dapat berubah saat layanan sedang sibuk.\r\n\r\n🚫 Jangan lakukan pemesanan kedua di link yang sama sebelum pesanan sebelumnya selesai.\r\n\r\n📩 Hubungi dukungan jika ada kendala pada layanan.', 13650.00, 50, 100000, 'active', '2025-04-22 06:28:28', '2025-04-22 06:28:28'),
(175, 3, 1, '180', 'Facebook Post Likes | Titan Server 🌐 | High Quality 👥 | Non-Drop ✅ | Instant Start ⏱', 'Link: Link Postingan Facebook 🔗\r\n\r\nLokasi: Global 🌍\r\n\r\nKualitas: High Quality 👥\r\n\r\nStart: 0-5 Menit ⏱️\r\n\r\nFitur: Non-Drop ✅\r\n\r\nCatatan:\r\n\r\n🕒 Kecepatan mulai dapat berubah saat layanan sedang sibuk.\r\n\r\n🚫 Jangan lakukan pemesanan kedua di link yang sama sebelum pesanan sebelumnya selesai.\r\n\r\n📩 Hubungi dukungan jika ada kendala pada layanan.', 33250.00, 50, 200000, 'active', '2025-04-22 06:28:28', '2025-04-22 06:28:28'),
(176, 3, 1, '181', 'Facebook Post Likes | Nova Server 🌟 | Active Support Mode ⚡ | High Quality 👤 | Non-Drop ✅ | Instant Start ⏱', 'Link: Link Postingan Facebook 🔗\r\n\r\nLokasi: Global 🌍\r\n\r\nKualitas: High Quality 👤\r\n\r\nStart: 0-5 Menit ⏱️\r\n\r\nFitur: Non-Drop ✅\r\n\r\nCatatan:\r\n\r\n🕒 Kecepatan mulai dapat berubah saat layanan sedang sibuk.\r\n\r\n🚫 Jangan lakukan pemesanan kedua di link yang sama sebelum pesanan sebelumnya selesai.\r\n\r\n📩 Hubungi dukungan jika ada kendala pada layanan.', 27344.00, 30, 20000, 'active', '2025-04-22 06:28:28', '2025-04-22 06:28:28'),
(177, 3, 1, '182', 'Facebook Post Likes | Orion Server 🚀 | Viral Starter Kit ⚡ | Mixed Quality 👍 | 30 Days Refill ♻️ | Instant Start ⏱', 'Link: Link Postingan Facebook 🔗\r\n\r\nLokasi: Global 🌍\r\n\r\nKualitas: Mixed Quality 👍\r\n\r\nStart: 0-5 Menit ⏱️\r\n\r\nFitur: 30 Days Refill ♻️\r\n\r\nCatatan:\r\n\r\n🕒 Kecepatan mulai dapat berubah saat layanan sedang sibuk.\r\n\r\n🚫 Jangan lakukan pemesanan kedua di link yang sama sebelum pesanan sebelumnya selesai.\r\n\r\n📩 Hubungi dukungan jika ada kendala pada layanan.', 13125.00, 10, 50000, 'active', '2025-04-22 06:28:28', '2025-04-22 06:28:28'),
(178, 1, 1, '183', '🔥 Facebook Followers | Quantum Server ⚛️ | Profile & Page Ready 📘 | Cancel Enable ✅ | No Refill ⚠️ | Instant Start ⏱ | 50K/Day 🚀', 'Link: Link Halaman Facebook 🔗\r\n\r\nLokasi: Global 🌍\r\n\r\nKualitas: Profile &amp;amp; Page Ready 📘\r\n\r\nStart: 0-5 Menit ⏱️\r\n\r\nFitur: Cancel Enable ✅ | No Refill ⚠️\r\n\r\nKecepatan: 50K/Day 🚀\r\n\r\nCatatan:\r\n\r\n🕒 Kecepatan mulai dapat berubah saat layanan sedang sibuk.\r\n\r\n🚫 Jangan lakukan pemesanan kedua di link yang sama sebelum pesanan sebelumnya selesai.\r\n\r\n📩 Hubungi dukungan jika ada kendala pada layanan.', 11157.00, 10, 1000000, 'active', '2025-04-22 06:28:28', '2025-04-22 06:28:28'),
(179, 4, 1, '184', '🔁 Facebook Shares | Nova Engine ⚙️ | Supports Post & Photo 🖼️ | Instant Start ⏱ | 30 Days Refill ♻️ | 100K/Day Boost ⚡', 'Link: Tautan Postingan / Foto\r\n\r\nLokasi: Global 🌍\r\n\r\nKualitas: Akun Aktif &amp;amp; Stabil 💎\r\n\r\nRefill: 30 Hari ♻️\r\n\r\n📌 Catatan:\r\n\r\n⏳ Kecepatan proses bisa berubah saat server sedang sibuk.\r\n\r\n⚠️ Jangan melakukan pesanan ganda pada tautan yang sama sebelum pesanan sebelumnya selesai.\r\n\r\n📩 Hubungi tim support jika mengalami kendala.', 405.00, 1000, 2147483647, 'active', '2025-04-22 06:28:28', '2025-04-22 06:28:28'),
(180, 4, 1, '185', '🚀 Facebook Shares | UltraBlast Server 💥 | Power Post/Photo Support 📣 | Instant Start ⏱ | Refill 30 Days ♻️ | 500K/Day Speed 🔥', 'Link: Tautan Postingan / Foto\r\n\r\nLokasi: Global 🌍\r\n\r\nKualitas: Kualitas Tinggi 🔥\r\n\r\nRefill: 30 Hari ♻️\r\n\r\n📌 Catatan:\r\n\r\n🕒 Proses bisa sedikit lambat saat trafik tinggi.\r\n\r\n⚠️ Hindari order berulang pada link yang sama.\r\n\r\n📞 Support siap membantu bila ada masalah.', 635.00, 100, 2147483647, 'active', '2025-04-22 06:28:28', '2025-04-22 06:28:28'),
(181, 4, 1, '186', '📡 Facebook Shares | OmniReach System 🌐 | Share All Links ✅ | Fast Processing ⚡ | 30 Days Refill ♻️ | 50K/Day UltraFlow 🔄', 'Link: Semua Jenis Link Facebook ✅\r\n\r\nLokasi: Global 🌍\r\n\r\nKualitas: Campuran Asli &amp;amp; Bot 👍\r\n\r\nRefill: 30 Hari ♻️\r\n\r\n📌 Catatan:\r\n\r\n⏳ Layanan dapat melambat saat banyak antrean.\r\n\r\n❗ Pesanan ganda bisa mengganggu proses sistem.\r\n\r\n📬 Bantuan tersedia melalui support.', 7078.00, 1000, 100000000, 'active', '2025-04-22 06:28:28', '2025-04-22 06:28:28'),
(182, 4, 1, '187', '🎯 Facebook Shares | HyperLink Core 🚀 | For All Links 🌍 | Turbo Delivery ⏱ | Refill Active 30 Days ♻️ | 100K/Day MAX ⚡', 'Link: Semua Jenis Link Facebook 🌍\r\n\r\nLokasi: Global 🌐\r\n\r\nKualitas: Akun Aktif &amp;amp; Konsisten 💥\r\n\r\nRefill: 30 Hari ♻️\r\n\r\n📌 Catatan:\r\n\r\n📉 Saat ramai, waktu eksekusi bisa bergeser.\r\n\r\n🚫 Jangan lakukan order lain sebelum selesai.\r\n\r\n📲 Dukungan teknis tersedia kapan saja.', 7469.00, 500, 100000000, 'active', '2025-04-22 06:28:28', '2025-04-22 06:28:28'),
(183, 4, 1, '188', '💫 Facebook Shares | MegaBlast X 🌟 | Compatible with All Links 🔗 | Instant Start ⏱ | 30 Days Refill ♻️ | 200K/Day ⚔️ ULTRA FAST', 'Link: Semua Jenis Link Facebook 🔗\r\n\r\nLokasi: Global 🌍\r\n\r\nKualitas: Kualitas Premium ⚔️\r\n\r\nRefill: 30 Hari ♻️\r\n\r\n📌 Catatan:\r\n\r\n🕔 Kecepatan proses menyesuaikan kondisi sistem.\r\n\r\n⚠️ Mohon hindari order ganda.\r\n\r\n📥 Hubungi CS untuk bantuan cepat.', 7867.00, 100, 100000000, 'active', '2025-04-22 06:28:28', '2025-04-22 06:28:28'),
(184, 15, 1, '189', '👥 Telegram Members | BoostNet Server 🚀 | Global Audience 🌍 | Cancel + Refill Enabled ✅ | 30 Days Guarantee ♻️ | Fast Join Flow ⏱', 'Link: Tautan Grup / Channel\r\n\r\nLokasi: Global 🌍\r\n\r\nKualitas: Campuran Akun Aktif 🌟\r\n\r\nRefill: 30 Hari ♻️\r\n\r\nCancel: Tersedia ✅\r\n\r\n📌 Catatan:\r\n\r\n⏳ Kecepatan penambahan bisa berubah sesuai kondisi sistem.\r\n\r\n⚠️ Jangan buat pesanan kedua pada link yang sama sebelum selesai.\r\n\r\n🛠️ Hubungi tim support untuk bantuan lebih lanjut.', 6782.00, 10, 100000, 'active', '2025-04-22 06:28:28', '2025-04-22 06:28:28'),
(185, 15, 1, '190', '🔰 Telegram Members | FlexiGrow Engine ⚡ | Worldwide Reach 🌐 | Cancel + Refill Enabled ✅ | 60 Days Support ♻️ | Lightning Speed 🚀', 'Link: Tautan Grup / Channel\r\n\r\nLokasi: Seluruh Dunia 🌐\r\n\r\nKualitas: Akun Campuran Real &amp;amp; Bot 💬\r\n\r\nRefill: 60 Hari ♻️\r\n\r\nCancel: Tersedia ✅\r\n\r\n📌 Catatan:\r\n\r\n📉 Proses dapat sedikit tertunda saat server sibuk.\r\n\r\n🚫 Hindari order berulang sebelum pesanan sebelumnya selesai.\r\n\r\n📲 Tim support siap membantu jika ada kendala.', 8532.00, 10, 100000, 'active', '2025-04-22 06:28:28', '2025-04-22 06:28:28'),
(186, 15, 1, '191', '🔥 Telegram Members | TitanJoin System 🛡️ | HQ User Influx 👥 | Cancel & Refill Ready ✅ | 90 Days Refill ♻️ | High-Speed Addition ⚡', 'Link: Tautan Grup / Channel\r\n\r\nLokasi: Global 🌍\r\n\r\nKualitas: Akun Berkualitas Tinggi 👥\r\n\r\nRefill: 90 Hari ♻️\r\n\r\nCancel: Tersedia ✅\r\n\r\n📌 Catatan:\r\n\r\n🔄 Kecepatan proses bisa berubah saat traffic tinggi.\r\n\r\n❗ Mohon jangan membuat pesanan ganda pada tautan yang sama.\r\n\r\n📩 Hubungi support jika membutuhkan bantuan.', 9844.00, 10, 100000, 'active', '2025-04-22 06:28:28', '2025-04-22 06:28:28'),
(187, 15, 1, '192', '🇮🇳 Telegram Members India | BharatWave Server 🇮🇳 | 100% Indian Users 🔥 | Cancel Enable ✅ | 90 Days Refill ♻️ | Rapid Growth ⏱', 'Link: Tautan Grup / Channel\r\n\r\nLokasi: India 🇮🇳\r\n\r\nKualitas: 100% Pengguna Asli dari India 🔥\r\n\r\nRefill: 90 Hari ♻️\r\n\r\nCancel: Tersedia ✅\r\n\r\n📌 Catatan:\r\n\r\n🕐 Proses dapat berjalan lambat saat layanan sibuk.\r\n\r\n⚠️ Jangan melakukan pemesanan ulang sebelum selesai.\r\n\r\n📞 Hubungi tim support jika terjadi kendala.', 17063.00, 10, 200000, 'active', '2025-04-22 06:28:28', '2025-04-22 06:28:28'),
(188, 7, 1, '193', '📸 Instagram Followers | MixBoost Server 🚀 | Real Mixed Profiles 👥 | Cancel Enable ⚡ | No Refill ⚠️ | Review Flag Disabled ❌', 'Link: Tautan Akun\r\n\r\nLokasi: Global\r\n\r\nKualitas: Akun Campuran Real 👥\r\n\r\nRefill: Tidak tersedia ⚠️\r\n\r\nCancel: Tersedia ⚡\r\n\r\nCatatan Review: matikan spamflag', 14705.00, 50, 10000, 'active', '2025-04-22 06:28:28', '2025-04-22 06:28:28'),
(189, 7, 1, '194', '📸 Instagram Followers | LegacyGram Server 🌐 | Old Accounts w/ Posts 🗂️ | Cancel Enable ⚡ | No Refill ⚠️ | Review Flag Disabled ❌', 'Link: Tautan Akun\r\n\r\nLokasi: Global\r\n\r\nKualitas: Akun Lama dengan Postingan 🗂️\r\n\r\nRefill: Tidak tersedia ⚠️\r\n\r\nCancel: Tersedia ⚡\r\n\r\nCatatan Review: Aman dari review ❌', 14875.00, 10, 10000000, 'active', '2025-04-22 06:28:28', '2025-04-22 06:28:28'),
(190, 7, 1, '195', '📸 Instagram Followers | InstaWave Engine 💫 | 10K Real Mix 🔄 | Cancel Enable ⚡ | No Refill ⚠️ | Review Flag Disabled ❌', 'Link: Tautan Akun\r\n\r\nLokasi: Global\r\n\r\nKualitas: Akun Real Campuran 🔄\r\n\r\nRefill: Tidak tersedia ⚠️\r\n\r\nCancel: Tersedia ⚡\r\n\r\nCatatan Review: Aman dari review ❌', 14875.00, 10, 10000, 'active', '2025-04-22 06:28:28', '2025-04-22 06:28:28'),
(191, 7, 1, '196', '📸 Instagram Followers | FusionCore Server 🔥 | 300K Real Mixed 👥 | Cancel Enable ⚡ | No Refill ⚠️ | Review Flag Disabled ❌', 'Link: Tautan Akun\r\n\r\nLokasi: Global\r\n\r\nKualitas: 300K Akun Real Campuran 👥\r\n\r\nRefill: Tidak tersedia ⚠️\r\n\r\nCancel: Tersedia ⚡\r\n\r\nCatatan Review: Aman dari review ❌', 15202.00, 10, 500000, 'active', '2025-04-22 06:28:28', '2025-04-22 06:28:28'),
(192, 7, 1, '197', '🇮🇳 Instagram Followers India | BharatReach Server 🇮🇳 | Authentic Indian Users 👥 | Cancel Enable ⚡ | No Refill ⚠️ | Ultra Fast 🚀', 'Link: Tautan Akun\r\n\r\nLokasi: India 🇮🇳\r\n\r\nKualitas: 100% Pengguna Asli India 👥\r\n\r\nRefill: Tidak tersedia ⚠️\r\n\r\nCancel: Tersedia ⚡\r\n\r\nCatatan Review: Proses cepat 🚀', 16363.00, 10, 10000, 'active', '2025-04-22 06:28:28', '2025-04-22 06:28:28'),
(193, 7, 1, '198', '📸 Instagram Followers | ContentPost Engine 🧩 | +15 Post Accounts 📸 | Cancel Enable ⚡ | No Refill ⚠️ | ⭐ All Flags Working ⭐', 'Link: Tautan Akun\r\n\r\nLokasi: Global\r\n\r\nKualitas: Akun dengan 15+ Postingan 📸\r\n\r\nRefill: Tidak tersedia ⚠️\r\n\r\nCancel: Tersedia ⚡\r\n\r\nCatatan Review: Semua review aktif ⭐', 14219.00, 10, 200000, 'active', '2025-04-22 06:28:28', '2025-04-22 06:28:28');

-- --------------------------------------------------------

--
-- Table structure for table `settings`
--

CREATE TABLE `settings` (
  `id` int(10) UNSIGNED NOT NULL COMMENT 'Primary key tabel settings',
  `setting_key` varchar(100) NOT NULL COMMENT 'Kunci unik untuk setiap pengaturan (misal: app_name, app_logo)',
  `setting_value` text DEFAULT NULL COMMENT 'Nilai dari pengaturan, bisa berupa teks panjang',
  `updated_at` timestamp NULL DEFAULT current_timestamp() ON UPDATE current_timestamp() COMMENT 'Timestamp kapan pengaturan terakhir diupdate'
) ENGINE=InnoDB DEFAULT CHARSET=utf8mb4 COLLATE=utf8mb4_unicode_ci COMMENT='Tabel untuk menyimpan pengaturan website';

--
-- Dumping data for table `settings`
--

INSERT INTO `settings` (`id`, `setting_key`, `setting_value`, `updated_at`) VALUES
(1, 'app_name', 'ALLUNEED', '2025-05-27 00:49:53'),
(2, 'meta_description', '', '2025-05-27 00:49:53'),
(3, 'app_logo', NULL, '2025-05-27 00:50:38'),
(4, 'meta_keywords', '', '2025-05-27 00:49:53'),
(5, 'contact_email', NULL, '2025-05-27 00:49:53'),
(6, 'contact_phone', '', '2025-05-27 00:49:53');

-- --------------------------------------------------------

--
-- Table structure for table `sitemap_pages`
--

CREATE TABLE `sitemap_pages` (
  `id` int(11) NOT NULL,
  `title` varchar(150) NOT NULL COMMENT 'Judul halaman sitemap yang akan tampil di menu',
  `slug` varchar(100) NOT NULL COMMENT 'Bagian URL unik untuk halaman ini (e.g., ''cara-order'')',
  `content` longtext DEFAULT NULL COMMENT 'Konten halaman dalam format HTML atau Markdown',
  `meta_title` varchar(200) DEFAULT NULL,
  `meta_description` varchar(300) DEFAULT NULL,
  `meta_keywords` varchar(255) DEFAULT NULL,
  `status` enum('active','inactive') NOT NULL DEFAULT 'active',
  `sort_order` int(11) NOT NULL DEFAULT 0 COMMENT 'Untuk urutan tampilan di menu',
  `created_at` timestamp NOT NULL DEFAULT current_timestamp(),
  `updated_at` timestamp NOT NULL DEFAULT current_timestamp() ON UPDATE current_timestamp()
) ENGINE=InnoDB DEFAULT CHARSET=utf8mb4 COLLATE=utf8mb4_general_ci COMMENT='Menyimpan halaman sitemap dinamis';

--
-- Dumping data for table `sitemap_pages`
--

INSERT INTO `sitemap_pages` (`id`, `title`, `slug`, `content`, `meta_title`, `meta_description`, `meta_keywords`, `status`, `sort_order`, `created_at`, `updated_at`) VALUES
(1, 'Kontak Kami', 'kontak', '<p>Jika Anda mengalami kendala, kami siap melayani Anda untuk menyelesaikan masalah Anda pada website kami. Tim kami akan dengan senang hati membantu Anda.</p>\r\n<p>Silahkan hubungi kontak di bawah ini jika Anda butuh bantuan kami:</p>\r\n<ul>\r\n<li><a href=\"https://wa.me/6285775178940\" target=\"_blank\" rel=\"noopener\">📱 WhatsApp: Klik Disini</a></li>\r\n<li><a href=\"https://www.instagram.com/all.uneed16/\" target=\"_blank\" rel=\"noopener\">📷 Instagram: Klik Disini</a></li>\r\n<li><a href=\"https://t.me/AlluneedSMM16\" target=\"_blank\" rel=\"noopener\">💬 Telegram: Klik Disini</a></li>\r\n</ul>\r\n<p><strong>Catatan:</strong>&nbsp;Untuk fast respon, Anda bisa menghubungi kami melalui WhatsApp.</p>\r\n<p>Jam Kerja:</p>\r\n<ul>\r\n<li>🕗&nbsp;<strong>Senin - Jumat:</strong>&nbsp;08.00-21.00</li>\r\n<li>⛔&nbsp;<strong>Sabtu / Minggu / Hari Libur:</strong> Slow Respon / Off Respon</li>\r\n</ul>', NULL, NULL, NULL, 'active', 10, '2025-05-24 17:50:31', '2025-05-24 18:35:53'),
(2, 'Ketentuan Layanan', 'ketentuan-layanan', '<h2><strong>Syarat &amp; Ketentuan Layanan all-uneed.com</strong></h2>\r\n<h3>1. Ketentuan Umum</h3>\r\n<p>Dengan mendaftar dan menggunakan layanan di&nbsp;<strong>all-uneed.com</strong>, Anda menyetujui seluruh ketentuan layanan yang berlaku. Kami berhak untuk mengubah atau memperbarui syarat dan ketentuan ini tanpa pemberitahuan terlebih dahulu. Anda diharapkan untuk memeriksa secara berkala dan membaca ketentuan ini sebelum melakukan pemesanan.</p>\r\n<p><strong>Catatan Hukum:</strong>&nbsp;Ketentuan ini disusun sesuai dengan hukum yang berlaku dan tidak memerlukan tanda tangan fisik atau digital, mengingat sifatnya sebagai catatan elektronik yang sah.</p>\r\n<p><strong>Penolakan Tanggung Jawab:</strong>&nbsp;<strong>all-uneed.com</strong>&nbsp;tidak bertanggung jawab atas kerugian yang Anda alami dalam menjalankan bisnis atau dalam penggunaan layanan media sosial.</p>\r\n<p><strong>Tanggung Jawab Pengguna:</strong>&nbsp;<strong>all-uneed.com</strong>&nbsp;tidak bertanggung jawab atas suspensi, penghapusan akun, atau pemblokiran yang dilakukan oleh platform media sosial seperti Instagram, Twitter, Facebook, YouTube, dan lainnya.</p>\r\n<h3>2. Layanan</h3>\r\n<p><strong>Deskripsi Layanan:</strong>&nbsp;Layanan kami dirancang untuk mendukung kegiatan promosi di media sosial serta meningkatkan penampilan dan popularitas akun Anda. Kami tidak menjamin pengikut atau interaksi yang dihasilkan akan berkelanjutan atau berkualitas tinggi.</p>\r\n<p><strong>Jaminan Pengikut:</strong>&nbsp;Kami hanya menjamin jumlah pengikut yang sesuai dengan pesanan Anda. Tidak semua akun yang kami tawarkan memiliki profil lengkap seperti gambar profil, bio, atau postingan.</p>\r\n<p><strong>Estimasi Waktu Penyelesaian:</strong>&nbsp;Kami berupaya menyelesaikan pesanan dalam 1-3 hari kerja untuk layanan Instagram dan 1-4 minggu untuk layanan YouTube subscribers, namun ini hanya estimasi dan dapat berubah sewaktu-waktu.</p>\r\n<p><strong>Kebijakan Pengembalian Dana:</strong>&nbsp;Kesalahan pemesanan yang disebabkan oleh input yang salah dari pihak pengguna tidak dapat di-refund. Pastikan semua data yang Anda masukkan sudah benar sebelum melakukan pemesanan.</p>\r\n<p><strong>Kepatuhan Hukum:</strong>&nbsp;Penggunaan layanan untuk kegiatan ilegal atau yang melanggar ketentuan platform media sosial tidak diizinkan.</p>\r\n<h3>3. Batasan Tanggung Jawab</h3>\r\n<p><strong>Kerugian Bisnis:</strong>&nbsp;<strong>all-uneed.com</strong>&nbsp;tidak bertanggung jawab atas segala kerugian langsung maupun tidak langsung yang terjadi akibat penggunaan layanan kami dalam konteks bisnis.</p>\r\n<p><strong>Keamanan Akun:</strong>&nbsp;Kami tidak bertanggung jawab atas suspensi, penghapusan konten, atau tindakan platform media sosial terhadap akun Anda yang disebabkan oleh penggunaan layanan kami.</p>\r\n<p><strong>Kecurangan:</strong>&nbsp;Jika ditemukan adanya penyalahgunaan atau kecurangan dalam pemesanan,&nbsp;<strong>all-uneed.com</strong>&nbsp;berhak untuk menonaktifkan atau menghapus akun Anda secara permanen.</p>\r\n<h3>4. Harga &amp; Pembayaran</h3>\r\n<p>Harga layanan dapat berubah sewaktu-waktu tanpa pemberitahuan sebelumnya. Anda bertanggung jawab untuk memeriksa harga terbaru sebelum melakukan pemesanan.</p>\r\n<h3>5. Pemesanan &amp; Proses</h3>\r\n<p><strong>Pembatalan Pesanan:</strong>&nbsp;Pesanan yang telah diproses tidak dapat dibatalkan.</p>\r\n<p><strong>Waktu Pengerjaan:</strong>&nbsp;Waktu pengerjaan adalah perkiraan dan dapat berubah tergantung dari kondisi layanan serta volume pesanan.</p>\r\n<p><strong>Pesanan Bertumpuk:</strong>&nbsp;Anda tidak dapat melakukan pesanan untuk target yang sama secara bersamaan. Tunggu hingga pesanan sebelumnya selesai sebelum melakukan pesanan baru.</p>\r\n<p><strong>Refund &amp; Kesalahan:</strong>&nbsp;Kami tidak bertanggung jawab untuk refund jika Anda melakukan pesanan untuk akun yang salah, akun private, atau pesanan yang melebihi batas maksimal. Pastikan untuk memeriksa kembali semua data pesanan sebelum mengirimkan.</p>\r\n<h3>6. Saldo</h3>\r\n<p><strong>Pengembalian Dana:</strong>&nbsp;Tidak ada pengembalian dana untuk saldo yang sudah didepositkan. Setelah deposit berhasil, saldo tidak dapat dikembalikan ke metode pembayaran asli.</p>\r\n<p><strong>Penggunaan Saldo:</strong>&nbsp;Saldo yang Anda depositkan hanya dapat digunakan untuk memesan layanan di&nbsp;<strong>all-uneed.com</strong>. Anda tidak dapat mengajukan sengketa atau tagihan balik setelah pembayaran dilakukan.</p>\r\n<h3>7. Refund</h3>\r\n<p><strong>Kebijakan Refund:</strong>&nbsp;Kami tidak menyediakan refund untuk saldo yang sudah didepositkan kecuali pesanan Anda tidak dapat diselesaikan. Jika pesanan Anda tidak dapat diproses, kami akan mengembalikan saldo sesuai jumlah yang dibayarkan.</p>\r\n<p><strong>Double Order:</strong>&nbsp;Jika Anda memesan dua layanan secara bersamaan untuk target yang sama, kami tidak bertanggung jawab atas kesalahan yang mungkin terjadi dan tidak ada refund yang akan diberikan.</p>\r\n<p><strong>Layanan No Refill:</strong>&nbsp;Untuk layanan yang berlabel&nbsp;No Refill, tidak ada refund bahkan jika pesanan mengalami penurunan jumlah setelah selesai.</p>\r\n<h3>8. Kebijakan Refill</h3>\r\n<p><strong>Refill:</strong>&nbsp;Layanan dengan label ♻️ pada deskripsi memiliki opsi refill otomatis. Jika pesanan mengalami penurunan jumlah, Anda dapat menggunakan tombol refill untuk meminta penambahan pengikut.</p>\r\n<p><strong>Laporan Manual:</strong>&nbsp;Jika tombol refill tidak berfungsi dalam waktu 3 hari, Anda dapat mengajukan laporan secara manual melalui tiket atau WA support.</p>\r\n<p><strong>Kondisi Refill:</strong>&nbsp;Pesanan akan di-refill jika jumlah pengikut turun di bawah jumlah awal selama masa garansi refill masih berlaku. Jika masa garansi habis, pesanan tidak dapat di-refill.</p>\r\n<p><strong>Ketentuan Penting:</strong>&nbsp;Refill tidak dapat diklaim apabila layanan sudah tidak tersedia lagi atau database layanan tersebut sudah tidak tersedia.</p>\r\n<h3>9. Kebijakan Privasi</h3>\r\n<p>Kami berkomitmen untuk menjaga privasi dan keamanan informasi pribadi Anda. Semua informasi yang dikumpulkan selama proses pemesanan hanya akan digunakan untuk keperluan transaksi dan tidak akan dibagikan kepada pihak ketiga.</p>\r\n<p>Informasi pribadi Anda disimpan dengan aman di server kami dan hanya akan digunakan sesuai dengan ketentuan privasi yang berlaku di&nbsp;<strong>all-uneed.com</strong>.</p>', NULL, NULL, NULL, 'active', 20, '2025-05-24 17:50:31', '2025-05-27 00:51:58'),
(3, 'Cara Membuat Pesanan', 'cara-order', '<h3>Langkah-langkah Membuat Pesanan:</h3><ol><li>Pilih kategori.</li><li>Pilih layanan.</li><li>Masukkan target.</li><li>Masukkan jumlah.</li><li>Klik tombol \"Buat Pesanan\".</li></ol>', NULL, NULL, NULL, 'active', 30, '2025-05-24 17:50:31', '2025-05-24 17:50:31');

-- --------------------------------------------------------

--
-- Table structure for table `tickets`
--

CREATE TABLE `tickets` (
  `id` int(11) UNSIGNED NOT NULL COMMENT 'Primary Key',
  `ticket_id` varchar(20) NOT NULL COMMENT 'ID Tiket Unik (e.g., TKT-ABC123XYZ)',
  `user_id` int(10) UNSIGNED NOT NULL COMMENT 'ID Pengguna yang membuat tiket',
  `subject` varchar(255) NOT NULL COMMENT 'Subjek atau Judul Tiket',
  `message` text NOT NULL COMMENT 'Pesan awal dari pengguna',
  `status` enum('open','answered','user_reply','closed') NOT NULL DEFAULT 'open' COMMENT 'Status Tiket',
  `priority` enum('low','medium','high') NOT NULL DEFAULT 'medium' COMMENT 'Prioritas Tiket',
  `last_reply_by` enum('user','admin') DEFAULT NULL COMMENT 'Siapa yang terakhir membalas',
  `is_read_user` tinyint(1) NOT NULL DEFAULT 1 COMMENT '0=Belum dibaca user, 1=Sudah dibaca user',
  `is_read_admin` tinyint(1) NOT NULL DEFAULT 0 COMMENT '0=Belum dibaca admin, 1=Sudah dibaca admin',
  `created_at` timestamp NOT NULL DEFAULT current_timestamp(),
  `updated_at` timestamp NOT NULL DEFAULT current_timestamp() ON UPDATE current_timestamp()
) ENGINE=InnoDB DEFAULT CHARSET=utf8mb4 COLLATE=utf8mb4_general_ci COMMENT='Tabel utama untuk tiket dukungan';

--
-- Dumping data for table `tickets`
--

INSERT INTO `tickets` (`id`, `ticket_id`, `user_id`, `subject`, `message`, `status`, `priority`, `last_reply_by`, `is_read_user`, `is_read_admin`, `created_at`, `updated_at`) VALUES
(1, 'TKT-AB55111666', 1, 'tes', 'tes', 'closed', 'medium', 'user', 1, 0, '2025-04-23 06:25:42', '2025-04-23 06:37:07'),
(2, 'TKT-F2C349363D', 1, 'agum', 'ya agum', 'closed', 'medium', 'user', 1, 0, '2025-04-23 07:34:00', '2025-04-23 09:02:48'),
(3, 'TKT-1A03450458', 1, 'agum', 'REREE', 'closed', 'medium', 'user', 1, 0, '2025-04-23 09:03:13', '2025-04-23 09:03:19'),
(4, 'TKT-2489076B0A', 1, 'qqq', 'www', 'closed', 'medium', 'user', 1, 1, '2025-04-23 09:07:05', '2025-05-03 12:04:15'),
(5, 'TKT-F3D9E6E4FE', 1, 'eq', 'eq', 'closed', 'medium', 'user', 1, 1, '2025-04-23 09:09:52', '2025-05-03 12:01:41'),
(6, 'TKT-B1B3DC0ED6', 1, 'q', 'q', 'closed', 'medium', 'user', 1, 1, '2025-04-23 09:11:03', '2025-05-03 12:01:38'),
(10, 'TKT-2BBEDC47DF', 16, 'agum', 'tess', 'answered', 'medium', 'admin', 0, 1, '2025-05-05 05:11:55', '2025-05-05 05:14:52'),
(11, 'TKT-C93D68B624', 16, 'Request Pembatalan Pesanan #1234', 'User meminta pembatalan untuk pesanan ID: 1234', 'open', 'medium', 'user', 1, 0, '2025-05-06 16:51:52', '2025-05-06 16:51:52'),
(12, 'TKT-25E5DEFE98', 16, 'Request Pembatalan Pesanan #23', 'User meminta pembatalan untuk pesanan ID: 23', 'open', 'medium', 'user', 1, 0, '2025-05-06 17:01:34', '2025-05-06 17:01:34'),
(13, 'TKT-91F19510B1', 16, 'Chat via Widget: Pertanyaan Umum', '123', 'open', 'medium', 'user', 1, 0, '2025-05-06 17:09:22', '2025-05-06 17:09:22'),
(14, 'TKT-FDC0929211', 16, 'Request Pembatalan Pesanan #23 (via AI Chat)', 'User meminta pembatalan untuk pesanan ID: 23 melalui chat AI.\r\nPesan asli pengguna: &quot;cancel ID Pesanan: 23&quot;\r\nRespons AI: &quot;Baik, saya akan membantu meneruskan permintaan pembatalan untuk pesanan ID 23 kepada tim admin. Mohon tunggu konfirmasi selanjutnya melalui tiket.  `[ACTION:CANCEL_ORDER,ORDER_ID:23]`\r\n&quot;', 'open', 'medium', 'user', 1, 0, '2025-05-06 18:18:00', '2025-05-06 18:18:00'),
(15, 'TKT-1473017B59', 16, 'Request Pembatalan Pesanan #23 (via AI Chat)', 'User meminta pembatalan untuk pesanan ID: 23 melalui chat AI.\r\nPesan asli pengguna: &quot;cancel pesanan id 23&quot;\r\nRespons AI: &quot;Baik, saya akan membantu meneruskan permintaan pembatalan untuk pesanan ID 23 kepada tim admin. Mohon tunggu konfirmasi selanjutnya melalui tiket.  `[ACTION:CANCEL_ORDER,ORDER_ID:23]`\r\n&quot;', 'open', 'medium', 'user', 1, 0, '2025-05-06 18:23:10', '2025-05-06 18:23:10'),
(16, 'TKT-164255BD3A', 16, 'Request Pembatalan Pesanan #23 (via AI Chat)', 'User meminta pembatalan untuk pesanan ID: 23 melalui chat AI.\r\nPesan asli pengguna: &quot;cancel pesanan id 23&quot;\r\nRespons AI (sudah dibersihkan): &quot;Baik, saya akan membantu meneruskan permintaan pembatalan untuk pesanan ID 23 kepada tim admin. Mohon tunggu konfirmasi selanjutnya melalui tiket.  ``&quot;', 'open', 'medium', 'user', 1, 0, '2025-05-06 18:28:50', '2025-05-06 18:28:50'),
(17, 'TKT-948E2C1C21', 16, 'Request Pembatalan Pesanan #23 (via AI Chat)', 'User meminta pembatalan untuk pesanan ID: 23 melalui chat AI.\r\nPesan asli pengguna: batalkan id pesanan 23\r\nRespons AI: Baik, saya akan membantu meneruskan permintaan pembatalan untuk pesanan ID 23 kepada tim admin. Mohon tunggu konfirmasi selanjutnya melalui tiket.', 'open', 'medium', 'user', 1, 0, '2025-05-06 18:32:56', '2025-05-06 18:32:56'),
(18, 'TKT-37989148C9', 16, 'Request Pembatalan Pesanan #23 (via AI Chat)', 'User meminta pembatalan untuk pesanan ID: 23 melalui chat AI.\r\nPesan asli pengguna: batalkan pesanan\r\nRespons AI: Baik, saya akan membantu meneruskan permintaan pembatalan untuk pesanan ID 23 kepada tim admin. Mohon tunggu konfirmasi selanjutnya melalui tiket.', 'open', 'medium', 'user', 1, 0, '2025-05-06 18:33:44', '2025-05-06 18:33:44'),
(19, 'TKT-BA73B615A5', 16, 'Request Pembatalan Pesanan #23 (via AI Chat)', 'User meminta pembatalan untuk pesanan ID: 23 melalui chat AI.\r\nPesan asli pengguna: Halo AI saya ingin membatalkan pesanan\r\nRespons AI: Halo! Saya Asisten Virtual ALLUNEED.  Baik, saya akan membantu meneruskan permintaan pembatalan untuk pesanan ID 23 kepada tim admin. Mohon tunggu konfirmasi selanjutnya melalui tiket.', 'open', 'medium', 'user', 1, 0, '2025-05-06 19:01:35', '2025-05-06 19:01:35'),
(20, 'TKT-02131740BF', 16, 'Request Pembatalan Pesanan #23', 'User meminta pembatalan untuk pesanan ID: 23', 'open', 'medium', 'user', 1, 0, '2025-05-06 19:02:32', '2025-05-06 19:02:32'),
(21, 'TKT-B1EDD8B95F', 16, 'Request Pembatalan Pesanan #23 (via AI Chat)', 'User meminta pembatalan untuk pesanan ID: 23 melalui chat AI.\r\nPesan asli pengguna: mau batalkan pesanan dong\r\nRespons AI: Baik, saya akan membantu meneruskan permintaan pembatalan untuk pesanan ID 23 kepada tim admin. Mohon tunggu konfirmasi selanjutnya melalui tiket.', 'open', 'medium', 'user', 1, 0, '2025-05-06 19:44:49', '2025-05-06 19:44:49'),
(22, 'TKT-5963124428', 16, 'Request Pembatalan Pesanan #123 (via AI Chat)', 'User meminta pembatalan untuk pesanan ID: 123 melalui chat AI.\r\nPesan asli pengguna: batalkan pesanan\r\nRespons AI: Baik, saya akan membantu meneruskan permintaan pembatalan untuk pesanan ID 123 kepada tim admin. Mohon tunggu konfirmasi selanjutnya melalui tiket.', 'open', 'medium', 'user', 1, 0, '2025-05-06 19:49:47', '2025-05-06 19:49:47'),
(23, 'TKT-46E6C2875B', 16, 'Request Pembatalan Pesanan #23 (via AI Chat)', 'User meminta pembatalan untuk pesanan ID: 23 melalui chat AI.\r\nPesan asli pengguna: ingin membatalkan pesanan\r\nRespons AI: Baik, saya akan membantu meneruskan permintaan pembatalan untuk pesanan ID 23 kepada tim admin. Mohon tunggu konfirmasi selanjutnya melalui tiket.', 'open', 'medium', 'user', 1, 0, '2025-05-07 02:25:27', '2025-05-07 02:25:27'),
(24, 'TKT-7744257565', 16, 'Request Pembatalan Pesanan #23 (via AI Chat)', 'User meminta pembatalan untuk pesanan ID: 23 melalui chat AI.\r\nPesan asli pengguna: batalkan pesanan\r\nRespons AI: Baik, saya akan membantu meneruskan permintaan pembatalan untuk pesanan ID 23 kepada tim admin. Mohon tunggu konfirmasi selanjutnya melalui tiket.', 'open', 'medium', 'user', 1, 0, '2025-05-07 02:41:12', '2025-05-07 02:41:12'),
(25, 'TKT-F216DD7756', 16, 'Permintaan Pembatalan Pesanan #23 (via AI Chat)', 'Pengguna ALLUNEED (User ID: 16) meminta pembatalan untuk pesanan ID: 23.\nDetail Pesanan:\nLayanan: Instagram Likes [Max 1M] | Server Alpha 🚀 | ⚡ Instant Boost | 🔄 Flexible Cancel | 🛡️ High-Quality Engagement | 📈 Rapid Results | 🎯 Proven Trust (No Refill)\nTarget: tess100\nJumlah: 10\nStatus Saat Ini: processing\n\nPesan Asli Pengguna (jika ada):\nPertanyaan awal saya adalah tentang \"Ingin membatalkan pesanan\". Sekarang, ID Pesanan yang saya berikan adalah id 23. Tolong proses permintaan CANCEL.', 'open', 'medium', 'user', 1, 0, '2025-05-07 02:59:33', '2025-05-07 02:59:33'),
(26, 'TKT-623DDC1995', 16, 'Permintaan Pembatalan Pesanan #23 (via AI Chat) - Pengguna: Agum Darmawan', 'Pengguna ALLUNEED (Agum Darmawan - User ID: 16) meminta pembatalan untuk pesanan ID: 23.\nDetail Pesanan:\nLayanan: Instagram Likes [Max 1M] | Server Alpha 🚀 | ⚡ Instant Boost | 🔄 Flexible Cancel | 🛡️ High-Quality Engagement | 📈 Rapid Results | 🎯 Proven Trust (No Refill)\nTarget: tess100\nJumlah: 10\nStatus Saat Ini: processing\n\nPesan Asli Pengguna (jika ada):\nPertanyaan awal saya adalah tentang \"batalkan pesanan\". Sekarang, ID Pesanan yang saya berikan adalah id pesanan 23. Tolong proses permintaan CANCEL.', 'open', 'medium', 'user', 1, 0, '2025-05-07 03:15:21', '2025-05-07 03:15:21'),
(27, 'TKT-FE8FA9AD8F', 16, 'Permintaan Pembatalan Pesanan #23 (via AI Chat) - Pengguna: Agum Darmawan', 'Pengguna ALLUNEED (Agum Darmawan - User ID: 16) meminta pembatalan untuk pesanan ID: 23.\nDetail Pesanan:\nLayanan: Instagram Likes [Max 1M] | Server Alpha 🚀 | ⚡ Instant Boost | 🔄 Flexible Cancel | 🛡️ High-Quality Engagement | 📈 Rapid Results | 🎯 Proven Trust (No Refill)\nTarget: tess100\nJumlah: 10\nStatus Saat Ini: processing\n\nPesan Asli Pengguna (jika ada):\nPertanyaan awal saya adalah tentang \"ingin membatalkan pesanan\". Sekarang, ID Pesanan yang saya berikan adalah id pesanan 23. Tolong proses permintaan CANCEL.', 'open', 'medium', 'user', 1, 0, '2025-05-07 03:32:29', '2025-05-07 03:32:29'),
(28, 'TKT-89C1505D7C', 16, 'Request Pembatalan Pesanan #23', 'User meminta pembatalan untuk pesanan ID: 23', 'open', 'medium', 'user', 1, 0, '2025-05-07 03:59:50', '2025-05-07 03:59:50'),
(29, 'TKT-C582D8E1A4', 16, 'Permintaan Pembatalan Pesanan #23 (via AI Chat) - Pengguna: Agum Darmawan', 'Pengguna ALLUNEED (Agum Darmawan - User ID: 16) meminta pembatalan untuk pesanan ID: 23.\nDetail Pesanan:\nLayanan: Instagram Likes [Max 1M] | Server Alpha 🚀 | ⚡ Instant Boost | 🔄 Flexible Cancel | 🛡️ High-Quality Engagement | 📈 Rapid Results | 🎯 Proven Trust (No Refill)\nTarget: tess100\nJumlah: 10\nStatus Saat Ini: processing\n\nPesan Asli Pengguna:\n23', 'open', 'medium', 'user', 1, 0, '2025-05-07 04:37:19', '2025-05-07 04:37:19'),
(30, 'TKT-68D09CEF44', 16, 'Permintaan Pembatalan Pesanan #23 (via AI Chat) - Pengguna: Agum Darmawan', 'Pengguna ALLUNEED (Agum Darmawan - User ID: 16) meminta pembatalan untuk pesanan ID: 23.\nDetail: Instagram Likes [Max 1M] | Server Alpha 🚀 | ⚡ Instant Boost | 🔄 Flexible Cancel | 🛡️ High-Quality Engagement | 📈 Rapid Results | 🎯 Proven Trust (No Refill), Target: tess100.\nStatus Saat Ini: processing.', 'open', 'medium', 'user', 1, 0, '2025-05-07 06:33:19', '2025-05-07 06:33:19'),
(31, 'TKT-EC49D519D8', 16, 'Chat Lanjutan: ingin membatalkan pesanan...', 'Pesan asli pengguna setelah AI tidak dapat menjawab: ingin membatalkan pesanan', 'open', 'medium', 'user', 1, 0, '2025-05-07 10:05:30', '2025-05-07 10:05:30'),
(32, 'TKT-88950F1A35', 16, 'Permintaan Pembatalan Pesanan #23 (via AI Chat) - Pengguna: Agum Darmawan', 'Pengguna ALLUNEED (Agum Darmawan - User ID: 16) meminta pembatalan untuk pesanan ID: 23.\nDetail Pesanan:\nLayanan: Instagram Likes [Max 1M] | Server Alpha 🚀 | ⚡ Instant Boost | 🔄 Flexible Cancel | 🛡️ High-Quality Engagement | 📈 Rapid Results | 🎯 Proven Trust (No Refill)\nTarget: tess100\nJumlah: 10\nStatus Saat Ini: processing\n\nPesan Asli Pengguna:\n23', 'open', 'medium', 'user', 1, 0, '2025-05-07 12:06:08', '2025-05-07 12:06:08'),
(33, 'TKT-146E17C0B0', 16, 'Request Pembatalan Pesanan #23', 'User meminta pembatalan untuk pesanan ID: 23', 'answered', 'medium', 'admin', 0, 1, '2025-05-07 13:13:32', '2025-05-24 17:37:37'),
(34, 'TKT-F5690A6823', 16, 'Permintaan Pembatalan Pesanan #23 (via AI Chat) - Pengguna: Agum Darmawan', 'Pengguna ALLUNEED (Agum Darmawan - User ID: 16) meminta pembatalan untuk pesanan ID: 23.\nDetail Pesanan:\nLayanan: Instagram Likes [Max 1M] | Server Alpha 🚀 | ⚡ Instant Boost | 🔄 Flexible Cancel | 🛡️ High-Quality Engagement | 📈 Rapid Results | 🎯 Proven Trust (No Refill)\nTarget: tess100\nJumlah: 10\nStatus Saat Ini: processing\n\nPesan Asli Pengguna:\nid pesanan 23', 'open', 'medium', 'user', 1, 0, '2025-05-07 13:14:03', '2025-05-07 13:14:03'),
(35, 'TKT-9816F05ACD', 16, 'Request Pembatalan Pesanan #12', 'User meminta pembatalan untuk pesanan ID: 12', 'closed', 'medium', 'user', 1, 1, '2025-05-07 16:26:53', '2025-05-24 17:37:27'),
(36, 'TKT-7934241A59', 28, 'Chat Lanjutan: kok ga masuk deposit nya...', 'Pesan asli pengguna setelah AI tidak dapat menjawab: kok ga masuk deposit nya', 'open', 'medium', 'user', 1, 0, '2025-07-25 14:04:01', '2025-07-25 14:04:01'),
(37, 'TKT-53C2B9B9E2', 28, 'Chat Lanjutan: kok belum masuk depositnya...', 'Pesan asli pengguna setelah AI tidak dapat menjawab: kok belum masuk depositnya', 'open', 'medium', 'user', 1, 0, '2025-07-25 14:04:56', '2025-07-25 14:04:56'),
(38, 'TKT-49A17F3F75', 28, 'Chat Lanjutan: gimana ini...', 'Pesan asli pengguna setelah AI tidak dapat menjawab: gimana ini', 'open', 'medium', 'user', 1, 0, '2025-07-25 14:05:43', '2025-07-25 14:05:43'),
(39, 'TKT-48614463C4', 28, 'Chat Lanjutan: depositnya kok belum masuk...', 'Pesan asli pengguna setelah AI tidak dapat menjawab: depositnya kok belum masuk', 'open', 'medium', 'user', 1, 0, '2025-07-25 14:10:17', '2025-07-25 14:10:17'),
(40, 'TKT-93FE6487BE', 28, 'Chat Lanjutan: itu milik ku...', 'Pesan asli pengguna setelah AI tidak dapat menjawab: itu milik ku', 'open', 'medium', 'user', 1, 0, '2025-07-25 14:15:23', '2025-07-25 14:15:23'),
(41, 'TKT-416F9B83AB', 28, 'Masalah deposit qris', 'deposit kok belum masuk itu, di pending terus', 'user_reply', 'medium', 'user', 1, 0, '2025-07-25 14:22:47', '2025-07-25 14:23:16'),
(42, 'TKT-BD8D8092C6', 28, 'Request Pembatalan Pesanan #175345204862', 'User meminta pembatalan untuk pesanan ID: 175345204862', 'open', 'medium', 'user', 1, 0, '2025-07-25 14:27:16', '2025-07-25 14:27:16'),
(43, 'TKT-537C6D194C', 28, 'Request Pembatalan Pesanan #1753452048624', 'User meminta pembatalan untuk pesanan ID: 1753452048624', 'open', 'medium', 'user', 1, 0, '2025-07-25 14:27:37', '2025-07-25 14:27:37'),
(44, 'TKT-2B8C1BFD36', 28, 'Request Pembatalan Pesanan #1753452048624', 'User meminta pembatalan untuk pesanan ID: 1753452048624', 'user_reply', 'medium', 'user', 1, 0, '2025-07-25 14:33:22', '2025-07-29 03:52:23'),
(45, 'TKT-F1C5A434D7', 28, 'Request Pembatalan Pesanan #175345204862', 'User meminta pembatalan untuk pesanan ID: 175345204862', 'open', 'medium', 'user', 1, 0, '2025-07-28 13:39:51', '2025-07-28 13:39:51'),
(46, 'TKT-FB2012CFE6', 33, 'Masalah deposit qris', 'Pembayaran sudah sukses tetapi disini Masi pending', 'user_reply', 'medium', 'user', 1, 0, '2025-08-12 17:35:20', '2025-08-12 17:36:01'),
(47, 'TKT-AA02C856CB', 33, 'Request Pembatalan Pesanan #175501936487', 'User meminta pembatalan untuk pesanan ID: 175501936487', 'open', 'medium', 'user', 1, 0, '2025-08-13 00:23:55', '2025-08-13 00:23:55'),
(48, 'TKT-F2CFE40559', 33, 'Masalah deposit qris', 'Sy udh deposit udh suces TPI disini dibatalin saldo sy ilang', 'user_reply', 'medium', 'user', 1, 0, '2025-08-13 00:26:08', '2025-08-13 00:32:14');

-- --------------------------------------------------------

--
-- Table structure for table `ticket_replies`
--

CREATE TABLE `ticket_replies` (
  `id` int(11) UNSIGNED NOT NULL COMMENT 'Primary Key',
  `ticket_id` int(11) UNSIGNED NOT NULL COMMENT 'ID Tiket terkait',
  `user_id` int(10) UNSIGNED NOT NULL COMMENT 'ID Pengirim balasan (bisa user atau admin)',
  `message` text NOT NULL COMMENT 'Isi balasan',
  `attachment_filename` varchar(255) DEFAULT NULL,
  `created_at` timestamp NOT NULL DEFAULT current_timestamp()
) ENGINE=InnoDB DEFAULT CHARSET=utf8mb4 COLLATE=utf8mb4_general_ci COMMENT='Menyimpan balasan untuk setiap tiket';

--
-- Dumping data for table `ticket_replies`
--

INSERT INTO `ticket_replies` (`id`, `ticket_id`, `user_id`, `message`, `attachment_filename`, `created_at`) VALUES
(1, 1, 1, 'tes', NULL, '2025-04-23 06:25:42'),
(2, 1, 1, 'TES', NULL, '2025-04-23 06:30:04'),
(3, 1, 1, 'ce', NULL, '2025-04-23 06:30:13'),
(4, 2, 1, 'ya agum', NULL, '2025-04-23 07:34:00'),
(5, 2, 1, 'oke', NULL, '2025-04-23 07:34:08'),
(6, 2, 1, 'nice', NULL, '2025-04-23 07:34:13'),
(7, 2, 1, 't', NULL, '2025-04-23 07:34:19'),
(8, 2, 1, 't', NULL, '2025-04-23 07:34:21'),
(9, 2, 1, '13', NULL, '2025-04-23 07:34:33'),
(10, 2, 1, '321', NULL, '2025-04-23 07:34:38'),
(11, 2, 1, '312', NULL, '2025-04-23 07:34:49'),
(12, 3, 1, 'REREE', NULL, '2025-04-23 09:03:13'),
(13, 4, 1, 'www', NULL, '2025-04-23 09:07:05'),
(14, 5, 1, 'eq', NULL, '2025-04-23 09:09:52'),
(15, 6, 1, 'q', NULL, '2025-04-23 09:11:03'),
(32, 10, 16, 'tess', '0c36bb36497287117ee43affb93c9248.png', '2025-05-05 05:11:55'),
(33, 10, 16, 'oke', NULL, '2025-05-05 05:12:02'),
(34, 10, 1, 'ok', NULL, '2025-05-05 05:14:45'),
(35, 10, 1, 'ok', '9addbbdd1193bee093ae258885d26848.png', '2025-05-05 05:14:52'),
(36, 11, 16, 'User meminta pembatalan untuk pesanan ID: 1234', NULL, '2025-05-06 16:51:52'),
(37, 12, 16, 'User meminta pembatalan untuk pesanan ID: 23', NULL, '2025-05-06 17:01:34'),
(38, 13, 16, '123', NULL, '2025-05-06 17:09:22'),
(39, 14, 16, 'User meminta pembatalan untuk pesanan ID: 23 melalui chat AI.\r\nPesan asli pengguna: &quot;cancel ID Pesanan: 23&quot;\r\nRespons AI: &quot;Baik, saya akan membantu meneruskan permintaan pembatalan untuk pesanan ID 23 kepada tim admin. Mohon tunggu konfirmasi selanjutnya melalui tiket.  `[ACTION:CANCEL_ORDER,ORDER_ID:23]`\r\n&quot;', NULL, '2025-05-06 18:18:00'),
(40, 15, 16, 'User meminta pembatalan untuk pesanan ID: 23 melalui chat AI.\r\nPesan asli pengguna: &quot;cancel pesanan id 23&quot;\r\nRespons AI: &quot;Baik, saya akan membantu meneruskan permintaan pembatalan untuk pesanan ID 23 kepada tim admin. Mohon tunggu konfirmasi selanjutnya melalui tiket.  `[ACTION:CANCEL_ORDER,ORDER_ID:23]`\r\n&quot;', NULL, '2025-05-06 18:23:10'),
(41, 16, 16, 'User meminta pembatalan untuk pesanan ID: 23 melalui chat AI.\r\nPesan asli pengguna: &quot;cancel pesanan id 23&quot;\r\nRespons AI (sudah dibersihkan): &quot;Baik, saya akan membantu meneruskan permintaan pembatalan untuk pesanan ID 23 kepada tim admin. Mohon tunggu konfirmasi selanjutnya melalui tiket.  ``&quot;', NULL, '2025-05-06 18:28:50'),
(42, 17, 16, 'User meminta pembatalan untuk pesanan ID: 23 melalui chat AI.\r\nPesan asli pengguna: batalkan id pesanan 23\r\nRespons AI: Baik, saya akan membantu meneruskan permintaan pembatalan untuk pesanan ID 23 kepada tim admin. Mohon tunggu konfirmasi selanjutnya melalui tiket.', NULL, '2025-05-06 18:32:56'),
(43, 18, 16, 'User meminta pembatalan untuk pesanan ID: 23 melalui chat AI.\r\nPesan asli pengguna: batalkan pesanan\r\nRespons AI: Baik, saya akan membantu meneruskan permintaan pembatalan untuk pesanan ID 23 kepada tim admin. Mohon tunggu konfirmasi selanjutnya melalui tiket.', NULL, '2025-05-06 18:33:44'),
(44, 19, 16, 'User meminta pembatalan untuk pesanan ID: 23 melalui chat AI.\r\nPesan asli pengguna: Halo AI saya ingin membatalkan pesanan\r\nRespons AI: Halo! Saya Asisten Virtual ALLUNEED.  Baik, saya akan membantu meneruskan permintaan pembatalan untuk pesanan ID 23 kepada tim admin. Mohon tunggu konfirmasi selanjutnya melalui tiket.', NULL, '2025-05-06 19:01:35'),
(45, 20, 16, 'User meminta pembatalan untuk pesanan ID: 23', NULL, '2025-05-06 19:02:32'),
(46, 21, 16, 'User meminta pembatalan untuk pesanan ID: 23 melalui chat AI.\r\nPesan asli pengguna: mau batalkan pesanan dong\r\nRespons AI: Baik, saya akan membantu meneruskan permintaan pembatalan untuk pesanan ID 23 kepada tim admin. Mohon tunggu konfirmasi selanjutnya melalui tiket.', NULL, '2025-05-06 19:44:49'),
(47, 22, 16, 'User meminta pembatalan untuk pesanan ID: 123 melalui chat AI.\r\nPesan asli pengguna: batalkan pesanan\r\nRespons AI: Baik, saya akan membantu meneruskan permintaan pembatalan untuk pesanan ID 123 kepada tim admin. Mohon tunggu konfirmasi selanjutnya melalui tiket.', NULL, '2025-05-06 19:49:47'),
(48, 23, 16, 'User meminta pembatalan untuk pesanan ID: 23 melalui chat AI.\r\nPesan asli pengguna: ingin membatalkan pesanan\r\nRespons AI: Baik, saya akan membantu meneruskan permintaan pembatalan untuk pesanan ID 23 kepada tim admin. Mohon tunggu konfirmasi selanjutnya melalui tiket.', NULL, '2025-05-07 02:25:27'),
(49, 24, 16, 'User meminta pembatalan untuk pesanan ID: 23 melalui chat AI.\r\nPesan asli pengguna: batalkan pesanan\r\nRespons AI: Baik, saya akan membantu meneruskan permintaan pembatalan untuk pesanan ID 23 kepada tim admin. Mohon tunggu konfirmasi selanjutnya melalui tiket.', NULL, '2025-05-07 02:41:12'),
(50, 25, 16, 'Pengguna ALLUNEED (User ID: 16) meminta pembatalan untuk pesanan ID: 23.\nDetail Pesanan:\nLayanan: Instagram Likes [Max 1M] | Server Alpha 🚀 | ⚡ Instant Boost | 🔄 Flexible Cancel | 🛡️ High-Quality Engagement | 📈 Rapid Results | 🎯 Proven Trust (No Refill)\nTarget: tess100\nJumlah: 10\nStatus Saat Ini: processing\n\nPesan Asli Pengguna (jika ada):\nPertanyaan awal saya adalah tentang \"Ingin membatalkan pesanan\". Sekarang, ID Pesanan yang saya berikan adalah id 23. Tolong proses permintaan CANCEL.', NULL, '2025-05-07 02:59:33'),
(51, 26, 16, 'Pengguna ALLUNEED (Agum Darmawan - User ID: 16) meminta pembatalan untuk pesanan ID: 23.\nDetail Pesanan:\nLayanan: Instagram Likes [Max 1M] | Server Alpha 🚀 | ⚡ Instant Boost | 🔄 Flexible Cancel | 🛡️ High-Quality Engagement | 📈 Rapid Results | 🎯 Proven Trust (No Refill)\nTarget: tess100\nJumlah: 10\nStatus Saat Ini: processing\n\nPesan Asli Pengguna (jika ada):\nPertanyaan awal saya adalah tentang \"batalkan pesanan\". Sekarang, ID Pesanan yang saya berikan adalah id pesanan 23. Tolong proses permintaan CANCEL.', NULL, '2025-05-07 03:15:21'),
(52, 27, 16, 'Pengguna ALLUNEED (Agum Darmawan - User ID: 16) meminta pembatalan untuk pesanan ID: 23.\nDetail Pesanan:\nLayanan: Instagram Likes [Max 1M] | Server Alpha 🚀 | ⚡ Instant Boost | 🔄 Flexible Cancel | 🛡️ High-Quality Engagement | 📈 Rapid Results | 🎯 Proven Trust (No Refill)\nTarget: tess100\nJumlah: 10\nStatus Saat Ini: processing\n\nPesan Asli Pengguna (jika ada):\nPertanyaan awal saya adalah tentang \"ingin membatalkan pesanan\". Sekarang, ID Pesanan yang saya berikan adalah id pesanan 23. Tolong proses permintaan CANCEL.', NULL, '2025-05-07 03:32:29'),
(53, 28, 16, 'User meminta pembatalan untuk pesanan ID: 23', NULL, '2025-05-07 03:59:50'),
(54, 29, 16, 'Pengguna ALLUNEED (Agum Darmawan - User ID: 16) meminta pembatalan untuk pesanan ID: 23.\nDetail Pesanan:\nLayanan: Instagram Likes [Max 1M] | Server Alpha 🚀 | ⚡ Instant Boost | 🔄 Flexible Cancel | 🛡️ High-Quality Engagement | 📈 Rapid Results | 🎯 Proven Trust (No Refill)\nTarget: tess100\nJumlah: 10\nStatus Saat Ini: processing\n\nPesan Asli Pengguna:\n23', NULL, '2025-05-07 04:37:19'),
(55, 30, 16, 'Pengguna ALLUNEED (Agum Darmawan - User ID: 16) meminta pembatalan untuk pesanan ID: 23.\nDetail: Instagram Likes [Max 1M] | Server Alpha 🚀 | ⚡ Instant Boost | 🔄 Flexible Cancel | 🛡️ High-Quality Engagement | 📈 Rapid Results | 🎯 Proven Trust (No Refill), Target: tess100.\nStatus Saat Ini: processing.', NULL, '2025-05-07 06:33:19'),
(56, 31, 16, 'Pesan asli pengguna setelah AI tidak dapat menjawab: ingin membatalkan pesanan', NULL, '2025-05-07 10:05:30'),
(57, 32, 16, 'Pengguna ALLUNEED (Agum Darmawan - User ID: 16) meminta pembatalan untuk pesanan ID: 23.\nDetail Pesanan:\nLayanan: Instagram Likes [Max 1M] | Server Alpha 🚀 | ⚡ Instant Boost | 🔄 Flexible Cancel | 🛡️ High-Quality Engagement | 📈 Rapid Results | 🎯 Proven Trust (No Refill)\nTarget: tess100\nJumlah: 10\nStatus Saat Ini: processing\n\nPesan Asli Pengguna:\n23', NULL, '2025-05-07 12:06:08'),
(58, 33, 16, 'User meminta pembatalan untuk pesanan ID: 23', NULL, '2025-05-07 13:13:32'),
(59, 34, 16, 'Pengguna ALLUNEED (Agum Darmawan - User ID: 16) meminta pembatalan untuk pesanan ID: 23.\nDetail Pesanan:\nLayanan: Instagram Likes [Max 1M] | Server Alpha 🚀 | ⚡ Instant Boost | 🔄 Flexible Cancel | 🛡️ High-Quality Engagement | 📈 Rapid Results | 🎯 Proven Trust (No Refill)\nTarget: tess100\nJumlah: 10\nStatus Saat Ini: processing\n\nPesan Asli Pengguna:\nid pesanan 23', NULL, '2025-05-07 13:14:03'),
(60, 35, 16, 'User meminta pembatalan untuk pesanan ID: 12', NULL, '2025-05-07 16:26:53'),
(61, 33, 1, 'oke', NULL, '2025-05-24 17:37:37'),
(62, 36, 28, 'Pesan asli pengguna setelah AI tidak dapat menjawab: kok ga masuk deposit nya', NULL, '2025-07-25 14:04:01'),
(63, 37, 28, 'Pesan asli pengguna setelah AI tidak dapat menjawab: kok belum masuk depositnya', NULL, '2025-07-25 14:04:56'),
(64, 38, 28, 'Pesan asli pengguna setelah AI tidak dapat menjawab: gimana ini', NULL, '2025-07-25 14:05:43'),
(65, 39, 28, 'Pesan asli pengguna setelah AI tidak dapat menjawab: depositnya kok belum masuk', NULL, '2025-07-25 14:10:17'),
(66, 40, 28, 'Pesan asli pengguna setelah AI tidak dapat menjawab: itu milik ku', NULL, '2025-07-25 14:15:23'),
(67, 41, 28, 'deposit kok belum masuk itu, di pending terus', '7583f12d10a273a19bcdb252716ac664.jpg', '2025-07-25 14:22:47'),
(68, 41, 28, 'depositnya ga masuk&quot;', NULL, '2025-07-25 14:23:16'),
(69, 42, 28, 'User meminta pembatalan untuk pesanan ID: 175345204862', NULL, '2025-07-25 14:27:16'),
(70, 43, 28, 'User meminta pembatalan untuk pesanan ID: 1753452048624', NULL, '2025-07-25 14:27:37'),
(71, 44, 28, 'User meminta pembatalan untuk pesanan ID: 1753452048624', NULL, '2025-07-25 14:33:22'),
(72, 44, 28, 'Halo min, saya sudah melakukan pembayaran via QRIS (Dana) untuk pesanan ID: 1753452048624\r\n\r\nNamun status masih pending dan belum masuk ke saldo.\r\n\r\nMohon bantuannya untuk:\r\n✅ Melanjutkan prosesnya jika memungkinkan\r\nATAU\r\n✅ Melakukan refund ke saldo panel\r\n\r\nBerikut saya lampirkan bukti transaksi dari aplikasi Dana.\r\nTerima kasih 🙏', '87f2f209aba8e03a960492952459a481.jpg', '2025-07-25 14:37:14'),
(73, 44, 28, 'Min, saya sudah request pembatalan, mohon segera diproses. Ini tiket utama saya, tiket lainnya bisa diabaikan biar ga bingung. Terima kasih 🙏', NULL, '2025-07-25 14:56:58'),
(74, 45, 28, 'User meminta pembatalan untuk pesanan ID: 175345204862', NULL, '2025-07-28 13:39:51'),
(75, 44, 28, 'haloo kok ga ada balasan, scam kah ini', NULL, '2025-07-28 13:40:35'),
(76, 44, 28, 'udah berapa hari ya ini', NULL, '2025-07-28 13:40:47'),
(77, 44, 28, 'su cok picek', NULL, '2025-07-29 03:52:15'),
(78, 44, 28, 'bales cok', NULL, '2025-07-29 03:52:23'),
(79, 46, 33, 'Pembayaran sudah sukses tetapi disini Masi pending', '31d6c1a11d20197362f8e80dbf179a0d.png', '2025-08-12 17:35:20'),
(80, 46, 33, 'Trus gmna masa ilang saldo awal', 'fcd54144e65bedbb79752c625e754715.png', '2025-08-12 17:36:01'),
(81, 47, 33, 'User meminta pembatalan untuk pesanan ID: 175501936487', NULL, '2025-08-13 00:23:55'),
(82, 48, 33, 'Sy udh deposit udh suces TPI disini dibatalin saldo sy ilang', '9ad58bddd036bdaf3af6580bfc05ca5e.png', '2025-08-13 00:26:08'),
(83, 48, 33, 'Ini bukti bawah sy telah membayar', '384470f2baf4c3a48e0f880510d48065.png', '2025-08-13 00:32:14');

--
-- Indexes for dumped tables
--

--
-- Indexes for table `balance_logs`
--
ALTER TABLE `balance_logs`
  ADD PRIMARY KEY (`id`),
  ADD KEY `idx_balance_log_user_id` (`user_id`),
  ADD KEY `idx_balance_log_type` (`type`),
  ADD KEY `idx_balance_log_category` (`category`),
  ADD KEY `idx_balance_log_created_at` (`created_at`);

--
-- Indexes for table `categories`
--
ALTER TABLE `categories`
  ADD PRIMARY KEY (`id`),
  ADD KEY `idx_category_status` (`status`);

--
-- Indexes for table `deposits`
--
ALTER TABLE `deposits`
  ADD PRIMARY KEY (`id`),
  ADD UNIQUE KEY `idx_deposit_id` (`deposit_id`),
  ADD KEY `idx_deposit_user_id` (`user_id`),
  ADD KEY `idx_deposit_method_id` (`deposit_method_id`),
  ADD KEY `idx_deposit_status` (`status`),
  ADD KEY `idx_deposit_paydisini_id` (`paydisini_pay_id`),
  ADD KEY `idx_deposit_paydisini_unique` (`paydisini_unique_code`);

--
-- Indexes for table `deposit_methods`
--
ALTER TABLE `deposit_methods`
  ADD PRIMARY KEY (`id`),
  ADD UNIQUE KEY `idx_deposit_method_code` (`code`);

--
-- Indexes for table `informations`
--
ALTER TABLE `informations`
  ADD PRIMARY KEY (`id`),
  ADD KEY `status` (`status`);

--
-- Indexes for table `login_logs`
--
ALTER TABLE `login_logs`
  ADD PRIMARY KEY (`id`),
  ADD KEY `idx_login_log_user_id` (`user_id`),
  ADD KEY `idx_login_log_ip_address` (`ip_address`),
  ADD KEY `idx_login_log_status` (`status`),
  ADD KEY `idx_login_log_login_at` (`login_at`);

--
-- Indexes for table `orders`
--
ALTER TABLE `orders`
  ADD PRIMARY KEY (`id`),
  ADD KEY `idx_order_user` (`user_id`),
  ADD KEY `idx_order_service` (`service_id`),
  ADD KEY `idx_order_status` (`status`),
  ADD KEY `idx_order_api_id` (`api_order_id`);

--
-- Indexes for table `services`
--
ALTER TABLE `services`
  ADD PRIMARY KEY (`id`),
  ADD KEY `idx_service_category` (`category_id`),
  ADD KEY `idx_service_status` (`status`),
  ADD KEY `idx_service_provider_id` (`provider_id`);

--
-- Indexes for table `settings`
--
ALTER TABLE `settings`
  ADD PRIMARY KEY (`id`),
  ADD UNIQUE KEY `idx_setting_key` (`setting_key`) COMMENT 'Memastikan setiap kunci pengaturan unik';

--
-- Indexes for table `sitemap_pages`
--
ALTER TABLE `sitemap_pages`
  ADD PRIMARY KEY (`id`),
  ADD UNIQUE KEY `idx_sitemap_slug` (`slug`);

--
-- Indexes for table `tickets`
--
ALTER TABLE `tickets`
  ADD PRIMARY KEY (`id`),
  ADD UNIQUE KEY `idx_ticket_id_unique` (`ticket_id`),
  ADD KEY `idx_ticket_user_id` (`user_id`),
  ADD KEY `idx_ticket_status` (`status`),
  ADD KEY `idx_ticket_priority` (`priority`),
  ADD KEY `idx_ticket_read_admin` (`is_read_admin`);

--
-- Indexes for table `ticket_replies`
--
ALTER TABLE `ticket_replies`
  ADD PRIMARY KEY (`id`),
  ADD KEY `idx_reply_ticket_id` (`ticket_id`),
  ADD KEY `idx_reply_user_id` (`user_id`);

--
-- AUTO_INCREMENT for dumped tables
--

--
-- AUTO_INCREMENT for table `balance_logs`
--
ALTER TABLE `balance_logs`
  MODIFY `id` int(10) UNSIGNED NOT NULL AUTO_INCREMENT, AUTO_INCREMENT=2;

--
-- AUTO_INCREMENT for table `categories`
--
ALTER TABLE `categories`
  MODIFY `id` int(10) UNSIGNED NOT NULL AUTO_INCREMENT, AUTO_INCREMENT=34;

--
-- AUTO_INCREMENT for table `deposits`
--
ALTER TABLE `deposits`
  MODIFY `id` int(11) NOT NULL AUTO_INCREMENT, AUTO_INCREMENT=11;

--
-- AUTO_INCREMENT for table `deposit_methods`
--
ALTER TABLE `deposit_methods`
  MODIFY `id` int(11) NOT NULL AUTO_INCREMENT, AUTO_INCREMENT=28;

--
-- AUTO_INCREMENT for table `informations`
--
ALTER TABLE `informations`
  MODIFY `id` int(11) NOT NULL AUTO_INCREMENT, AUTO_INCREMENT=5;

--
-- AUTO_INCREMENT for table `login_logs`
--
ALTER TABLE `login_logs`
  MODIFY `id` int(10) UNSIGNED NOT NULL AUTO_INCREMENT, AUTO_INCREMENT=137;

--
-- AUTO_INCREMENT for table `orders`
--
ALTER TABLE `orders`
  MODIFY `id` int(10) UNSIGNED NOT NULL AUTO_INCREMENT, AUTO_INCREMENT=24;

--
-- AUTO_INCREMENT for table `services`
--
ALTER TABLE `services`
  MODIFY `id` int(10) UNSIGNED NOT NULL AUTO_INCREMENT, AUTO_INCREMENT=195;

--
-- AUTO_INCREMENT for table `settings`
--
ALTER TABLE `settings`
  MODIFY `id` int(10) UNSIGNED NOT NULL AUTO_INCREMENT COMMENT 'Primary key tabel settings', AUTO_INCREMENT=28;

--
-- AUTO_INCREMENT for table `sitemap_pages`
--
ALTER TABLE `sitemap_pages`
  MODIFY `id` int(11) NOT NULL AUTO_INCREMENT, AUTO_INCREMENT=4;

--
-- AUTO_INCREMENT for table `tickets`
--
ALTER TABLE `tickets`
  MODIFY `id` int(11) UNSIGNED NOT NULL AUTO_INCREMENT COMMENT 'Primary Key', AUTO_INCREMENT=49;

--
-- AUTO_INCREMENT for table `ticket_replies`
--
ALTER TABLE `ticket_replies`
  MODIFY `id` int(11) UNSIGNED NOT NULL AUTO_INCREMENT COMMENT 'Primary Key', AUTO_INCREMENT=84;

--
-- Constraints for dumped tables
--

--
-- Constraints for table `balance_logs`
--
ALTER TABLE `balance_logs`
  ADD CONSTRAINT `fk_balance_log_user` FOREIGN KEY (`user_id`) REFERENCES `users` (`id`) ON DELETE CASCADE ON UPDATE CASCADE;

--
-- Constraints for table `deposits`
--
ALTER TABLE `deposits`
  ADD CONSTRAINT `fk_deposit_method` FOREIGN KEY (`deposit_method_id`) REFERENCES `deposit_methods` (`id`) ON UPDATE CASCADE,
  ADD CONSTRAINT `fk_deposit_user` FOREIGN KEY (`user_id`) REFERENCES `users` (`id`) ON DELETE CASCADE ON UPDATE CASCADE;

--
-- Constraints for table `login_logs`
--
ALTER TABLE `login_logs`
  ADD CONSTRAINT `fk_login_log_user` FOREIGN KEY (`user_id`) REFERENCES `users` (`id`) ON DELETE SET NULL ON UPDATE CASCADE;

--
-- Constraints for table `orders`
--
ALTER TABLE `orders`
  ADD CONSTRAINT `orders_ibfk_1` FOREIGN KEY (`user_id`) REFERENCES `users` (`id`) ON DELETE CASCADE ON UPDATE CASCADE,
  ADD CONSTRAINT `orders_ibfk_2` FOREIGN KEY (`service_id`) REFERENCES `services` (`id`) ON UPDATE CASCADE;

--
-- Constraints for table `services`
--
ALTER TABLE `services`
  ADD CONSTRAINT `fk_service_provider` FOREIGN KEY (`provider_id`) REFERENCES `providers` (`id`) ON DELETE SET NULL ON UPDATE CASCADE,
  ADD CONSTRAINT `services_ibfk_1` FOREIGN KEY (`category_id`) REFERENCES `categories` (`id`) ON DELETE CASCADE ON UPDATE CASCADE;

--
-- Constraints for table `tickets`
--
ALTER TABLE `tickets`
  ADD CONSTRAINT `fk_ticket_user` FOREIGN KEY (`user_id`) REFERENCES `users` (`id`) ON DELETE CASCADE ON UPDATE CASCADE;

--
-- Constraints for table `ticket_replies`
--
ALTER TABLE `ticket_replies`
  ADD CONSTRAINT `fk_reply_ticket` FOREIGN KEY (`ticket_id`) REFERENCES `tickets` (`id`) ON DELETE CASCADE ON UPDATE CASCADE,
  ADD CONSTRAINT `fk_reply_user` FOREIGN KEY (`user_id`) REFERENCES `users` (`id`) ON DELETE CASCADE ON UPDATE CASCADE;
COMMIT;

